000
CXUS55 KGJT 010910
CF6VEL
PRELIMINARY LOCAL CLIMATOLOGICAL DATA (WS FORM: F-6)
STATION: VERNAL UT
MONTH: AUGUST
YEAR: 2021
LATITUDE: 40 27 N
LONGITUDE: 109 31 W
TEMPERATURE IN F: :PCPN: SNOW: WIND :SUNSHINE: SKY :PK WND
================================================================================
1 2 3 4 5 6A 6B 7 8 9 10 11 12 13 14 15 16 17 18
12Z AVG MX 2MIN
DY MAX MIN AVG DEP HDD CDD WTR SNW DPTH SPD SPD DIR MIN PSBL S-S WX SPD DR
================================================================================
1 85 63 74 -1 0 9 0.03 M M 4.5 18 10 M M 3 3 30 10
2 84 66 75 1 0 10 0.00 M M 5.1 17 10 M M 5 3 25 20
3 90 64 77 3 0 12 0.00 M M 6.7 20 330 M M 1 29 360
4 88 59 74 0 0 9 0.00 M M 4.2 10 300 M M 0 15 50
5 94 59 77 3 0 12 0.00 M M 4.3 26 330 M M 0 37 320
6 94 59 77 3 0 12 T M M 10.8 36 290 M M 2 8 50 270
7 83 53 68 -6 0 3 0.00 M M 3.8 10 240 M M 2 8 16 200
8 91 53 72 -2 0 7 0.00 M M 4.7 13 230 M M 0 8 17 250
9 93 54 74 0 0 9 0.00 M M 5.8 24 270 M M 0 8 33 280
10 91 55 73 0 0 8 0.00 M M 3.3 9 270 M M 0 8 12 260
11 91 52 72 -1 0 7 0.00 M M 3.3 8 300 M M 0 13 140
12 95 53 74 1 0 9 0.00 M M 4.3 9 250 M M 0 8 13 260
13 96 55 76 3 0 11 0.00 M M 3.5 10 340 M M 0 13 290
14 96 61 79 7 0 14 0.00 M M 5.7 22 270 M M 0 30 260
15 92 57 75 3 0 10 0.00 M M 4.3 33 350 M M 0 8 43 360
16 92 58 75 3 0 10 0.00 M M 3.9 9 280 M M 0 14 220
17 93 57 75 3 0 10 T M M 6.6 36 230 M M 1 38 54 230
18 83 62 73 1 0 8 0.29 M M 5.2 23 200 M M 4 3 36 210
19 63 49 56 -15 9 0 0.54 M M 4.3 24 260 M M 5 138 31 280
20 72 49 61 -10 4 0 0.00 M M 2.8 9 110 M M 3 13 80
21 79 51 65 -6 0 0 0.05 M M 6.6 33 210 M M 3 3 46 190
22 83 53 68 -2 0 3 0.03 M M 5.3 18 30 M M 2 25 40
23 86 54 70 0 0 5 T M M 5.1 15 310 M M 1 20 230
24 87 52 70 0 0 5 0.00 M M 5.8 17 200 M M 0 22 220
25 89 51 70 0 0 5 0.00 M M 4.6 15 240 M M 0 21 230
26 85 56 71 2 0 6 T M M 5.1 28 300 M M 1 3 36 300
27 89 52 71 2 0 6 0.00 M M 4.5 16 210 M M 0 24 210
28 89 51 70 1 0 5 0.00 M M 5.0 12 40 M M 0 16 30
29 89 50 70 2 0 5 0.00 M M 4.3 12 310 M M 0 14 300
30 91 51 71 3 0 6 0.00 M M 4.5 13 220 M M 0 17 190
31 89 54 72 4 0 7 T M M 5.1 21 240 M M 2 31 220
================================================================================
SM 2722 1713 13 223 0.94 M 153.0 M 35
================================================================================
AV 87.8 55.3 4.9 FASTST M M 1 MAX(MPH)
MISC ----> # 36 290 54 230
================================================================================
NOTES:
# LAST OF SEVERAL OCCURRENCES
COLUMN 17 PEAK WIND IN M.P.H.
PRELIMINARY LOCAL CLIMATOLOGICAL DATA (WS FORM: F-6) , PAGE 2
STATION: VERNAL UT
MONTH: AUGUST
YEAR: 2021
LATITUDE: 40 27 N
LONGITUDE: 109 31 W
[TEMPERATURE DATA] [PRECIPITATION DATA] SYMBOLS USED IN COLUMN 16
AVERAGE MONTHLY: 71.5 TOTAL FOR MONTH: 0.94 1 = FOG OR MIST
DPTR FM NORMAL: -0.3 DPTR FM NORMAL: 0.18 2 = FOG REDUCING VISIBILITY
HIGHEST: 96 ON 14,13 GRTST 24HR 0.82 ON 18-19 TO 1/4 MILE OR LESS
LOWEST: 49 ON 20,19 3 = THUNDER
SNOW, ICE PELLETS, HAIL 4 = ICE PELLETS
TOTAL MONTH: M 5 = HAIL
GRTST 24HR M ON M 6 = FREEZING RAIN OR DRIZZLE
GRTST DEPTH: M ON M 7 = DUSTSTORM OR SANDSTORM:
VSBY 1/2 MILE OR LESS
8 = SMOKE OR HAZE
[NO. OF DAYS WITH] [WEATHER - DAYS WITH] 9 = BLOWING SNOW
X = TORNADO
MAX 32 OR BELOW: 0 0.01 INCH OR MORE: 5
MAX 90 OR ABOVE: 14 0.10 INCH OR MORE: 2
MIN 32 OR BELOW: 0 0.50 INCH OR MORE: 1
MIN 0 OR BELOW: 0 1.00 INCH OR MORE: 0
[HDD (BASE 65) ]
TOTAL THIS MO. 13 CLEAR (SCALE 0-3) 27
DPTR FM NORMAL 6 PTCLDY (SCALE 4-7) 4
TOTAL FM JUL 1 13 CLOUDY (SCALE 8-10) 0
DPTR FM NORMAL 8
[CDD (BASE 65) ]
TOTAL THIS MO. 223
DPTR FM NORMAL 7 [PRESSURE DATA]
TOTAL FM JAN 1 908 HIGHEST SLP M ON M
DPTR FM NORMAL 277 LOWEST SLP 29.58 ON 17
[REMARKS]
#FINAL-08-21#