000
CXUS53 KSGF 010810
CF6VIH
PRELIMINARY LOCAL CLIMATOLOGICAL DATA (WS FORM: F-6)
STATION: VICHY-ROLLA MO
MONTH: DECEMBER
YEAR: 2021
LATITUDE: 38 7 N
LONGITUDE: 91 46 W
TEMPERATURE IN F: :PCPN: SNOW: WIND :SUNSHINE: SKY :PK WND
================================================================================
1 2 3 4 5 6A 6B 7 8 9 10 11 12 13 14 15 16 17 18
12Z AVG MX 2MIN
DY MAX MIN AVG DEP HDD CDD WTR SNW DPTH SPD SPD DIR MIN PSBL S-S WX SPD DR
================================================================================
1 65 46 56 17 9 0 T M M 9.2 15 260 M M 1 22 160
2 74 48 61 22 4 0 0.00 M M 9.4 15 260 M M 0 21 230
3 76 45 61 22 4 0 0.00 M M 9.2 16 10 M M 0 23 360
4 55 40 48 10 17 0 T M M 9.7 17 60 M M 1 22 50
5 70 43 57 19 8 0 T M M 13.1 25 220 M M 7 37 230
6 50 30 40 2 25 0 T M M 11.1 24 310 M M 1 35 320
7 35 28 32 -6 33 0 0.00 M M 7.9 13 140 M M 6 18 130
8 50 25 38 1 27 0 0.00 M M 7.8 17 160 M M 0 24 160
9 67 41 54 17 11 0 0.00 M M 13.8 28 220 M M 0 38 160
10 69 43 56 19 9 0 0.73 M M 11.5 35 240 M M 6 123 58 270
11 61 30 46 10 19 0 0.00 M M 14.9 29 300 M M 4 42 300
12 53 29 41 5 24 0 0.00 M M 12.7 23 210 M M 0 29 210
13 63 36 50 14 15 0 0.00 M M 10.8 16 180 M M 0 22 180
14 67 47 57 21 8 0 0.00 M M 13.7 24 180 M M 6 36 150
15 73 62 68 32 0 3 0.01 M M 20.9 36 180 M M 8 51 220
16 61 31 46 11 19 0 0.05 M M 7.4 20 290 M M 4 18 27 280
17 38 32 35 0 30 0 0.37 M M 9.4 21 100 M M 9 12 29 90
18 41 26 34 -1 31 0 0.05 M M 10.0 17 320 M M 5 12 23 320
19 38 19 29 -6 36 0 0.00 M M 4.1 10 180 M M 0 18 13 180
20 50 23 37 3 28 0 0.00 M M 8.1 17 200 M M 0 22 210
21 54 23 39 5 26 0 0.00 M M 7.3 18 280 M M 0 25 280
22 51 20 36 2 29 0 0.00 M M 9.1 18 200 M M 0 27 200
23 62 37 50 16 15 0 0.00 M M 14.7 23 210 M M 0 32 230
24 72 50 61 27 4 0 0.00 M M 17.2 29 200 M M 0 39 210
25 65 40 53 20 12 0 0.00 M M 7.1 21 200 M M 1 1 28 210
26 64 34 49 16 16 0 0.00 M M 11.5 28 170 M M 6 12 42 180
27 64 43 54 21 11 0 0.00 M M 10.5 20 210 M M 0 31 200
28 55 36 46 13 19 0 0.44 M M 8.2 22 300 M M 6 12 31 290
29 44 36 40 7 25 0 0.04 M M 7.8 16 110 M M 10 12 24 110
30 51 38 45 13 20 0 0.00 M M 4.7 14 260 M M 6 12 19 270
31 67 41 54 22 11 0 0.03 M M 10.1 22 220 M M 1 1 30 230
================================================================================
SM 1805 1122 545 3 1.72 M 322.9 M 88
================================================================================
AV 58.2 36.2 10.4 FASTST M M 3 MAX(MPH)
MISC ----> 36 180 58 270
================================================================================
NOTES:
# LAST OF SEVERAL OCCURRENCES
COLUMN 17 PEAK WIND IN M.P.H.
PRELIMINARY LOCAL CLIMATOLOGICAL DATA (WS FORM: F-6) , PAGE 2
STATION: VICHY-ROLLA MO
MONTH: DECEMBER
YEAR: 2021
LATITUDE: 38 7 N
LONGITUDE: 91 46 W
[TEMPERATURE DATA] [PRECIPITATION DATA] SYMBOLS USED IN COLUMN 16
AVERAGE MONTHLY: 47.2 TOTAL FOR MONTH: 1.72 1 = FOG OR MIST
DPTR FM NORMAL: 11.8 DPTR FM NORMAL: -0.59 2 = FOG REDUCING VISIBILITY
HIGHEST: 76 ON 3 GRTST 24HR 0.73 ON 10-10 TO 1/4 MILE OR LESS
LOWEST: 19 ON 19 3 = THUNDER
SNOW, ICE PELLETS, HAIL 4 = ICE PELLETS
TOTAL MONTH: M 5 = HAIL
GRTST 24HR M ON M 6 = FREEZING RAIN OR DRIZZLE
GRTST DEPTH: M ON M 7 = DUSTSTORM OR SANDSTORM:
VSBY 1/2 MILE OR LESS
8 = SMOKE OR HAZE
[NO. OF DAYS WITH] [WEATHER - DAYS WITH] 9 = BLOWING SNOW
X = TORNADO
MAX 32 OR BELOW: 0 0.01 INCH OR MORE: 8
MAX 90 OR ABOVE: 0 0.10 INCH OR MORE: 3
MIN 32 OR BELOW: 12 0.50 INCH OR MORE: 1
MIN 0 OR BELOW: 0 1.00 INCH OR MORE: 0
[HDD (BASE 65) ]
TOTAL THIS MO. 545 CLEAR (SCALE 0-3) 18
DPTR FM NORMAL -371 PTCLDY (SCALE 4-7) 10
TOTAL FM JUL 1 1289 CLOUDY (SCALE 8-10) 3
DPTR FM NORMAL -563
[CDD (BASE 65) ]
TOTAL THIS MO. 3
DPTR FM NORMAL 3 [PRESSURE DATA]
TOTAL FM JAN 1 1412 HIGHEST SLP M ON M
DPTR FM NORMAL 105 LOWEST SLP 29.42 ON 10
[REMARKS]
#FINAL-12-21#