000
CXUS52 KTAE 010800
CF6VLD
PRELIMINARY LOCAL CLIMATOLOGICAL DATA (WS FORM: F-6)
STATION: VALDOSTA
MONTH: MAY
YEAR: 2022
LATITUDE: 30 46 N
LONGITUDE: 83 17 W
TEMPERATURE IN F: :PCPN: SNOW: WIND :SUNSHINE: SKY :PK WND
================================================================================
1 2 3 4 5 6A 6B 7 8 9 10 11 12 13 14 15 16 17 18
12Z AVG MX 2MIN
DY MAX MIN AVG DEP HDD CDD WTR SNW DPTH SPD SPD DIR MIN PSBL S-S WX SPD DR
================================================================================
1 88 61 75 5 0 10 0.04 M M 3.7 17 180 M M 2 13 23 30
2 90 60 75 5 0 10 T 0.0 0 2.0 10 170 M M 2 13 14 170
3 90 66 78 8 0 13 0.60 0.0 M 3.9 35 180 M M 2 138 47 170
4 91 63 77 6 0 12 0.00 0.0 0 1.2 6 220 M M 1 1 9 210
5 93 64 79 8 0 14 0.00 0.0 0 2.1 10 190 M M 1 1 18 180
6 86 65 76 5 0 11 0.61 0.0 0 3.8 22 160 M M 4 13 29 170
7 85 61 73 2 0 8 0.00 0.0 0 2.1 9 280 M M 3 12 19 290
8 84 55 70 -2 0 5 0.00 0.0 0 3.5 10 110 M M 0 17 100
9 78 58 68 -4 0 3 0.00 0.0 0 6.7 15 20 M M 0 21 30
10 83 51 67 -5 0 2 0.00 0.0 M 5.3 17 20 M M 0 1 23 10
11 85 51 68 -4 0 3 0.00 0.0 M 6.3 21 20 M M 0 30 30
12 85 54 70 -2 0 5 T M M 5.7 18 20 M M 3 24 10
13 82 65 74 1 0 9 2.17 0.0 M 2.8 20 170 M M 7 13 29 150
14 86 61 74 1 0 9 0.05 0.0 M 1.2 9 50 M M 4 12 12 210
15 90 64 77 4 0 12 0.00 0.0 0 1.5 13 110 M M 4 123 19 110
16 89 62 76 3 0 11 0.00 0.0 0 2.4 10 180 M M 2 13 16 200
17 93 66 80 6 0 15 0.00 0.0 0 1.4 10 10 M M 0 1 14 10
18 94 62 78 4 0 13 0.00 0.0 0 1.3 8 200 M M 1 1 13 200
19 94 65 80 6 0 15 0.00 0.0 0 2.8 14 180 M M 1 12 17 180
20 93 67 80 6 0 15 0.01 0.0 0 5.8 22 140 M M 4 1238 29 140
21 84 70 77 3 0 12 1.27 0.0 0 5.6 24 160 M M 3 13 36 120
22 88 69 79 4 0 14 T 0.0 0 4.6 16 170 M M 3 3 22 170
23 91 69 80 5 0 15 0.03 0.0 0 4.9 16 180 M M 3 3 20 180
24 91 67 79 4 0 14 0.06 0.0 M 3.2 15 160 M M 2 13 18 160
25 90 71 81 6 0 16 0.00 0.0 M 6.9 16 140 M M 2 22 180
26 86 69 78 2 0 13 0.19 0.0 M 5.4 18 150 M M 5 13 26 220
27 90 67 79 3 0 14 0.01 0.0 0 2.4 7 200 M M 4 14 300
28 89 64 77 1 0 12 0.00 0.0 0 1.6 8 320 M M 2 14 300
29 91 65 78 2 0 13 0.00 0.0 0 2.5 10 140 M M 1 1 14 150
30 93 68 81 5 0 16 0.14 0.0 0 4.3 20 180 M M 2 13 26 190
31 91 66 79 2 0 14 0.14 0.0 0 2.5 20 110 M M 4 1238 29 130
================================================================================
SM 2743 1966 0 348 5.32 0.0 109.4 M 72
================================================================================
AV 88.5 63.4 3.5 FASTST M M 2 MAX(MPH)
MISC ----> 35 180 47 170
================================================================================
NOTES:
# LAST OF SEVERAL OCCURRENCES
COLUMN 17 PEAK WIND IN M.P.H.
PRELIMINARY LOCAL CLIMATOLOGICAL DATA (WS FORM: F-6) , PAGE 2
STATION: VALDOSTA
MONTH: MAY
YEAR: 2022
LATITUDE: 30 46 N
LONGITUDE: 83 17 W
[TEMPERATURE DATA] [PRECIPITATION DATA] SYMBOLS USED IN COLUMN 16
AVERAGE MONTHLY: 76.0 TOTAL FOR MONTH: 5.32 1 = FOG OR MIST
DPTR FM NORMAL: 2.6 DPTR FM NORMAL: 2.48 2 = FOG REDUCING VISIBILITY
HIGHEST: 94 ON 19,18 GRTST 24HR 2.21 ON 13-14 TO 1/4 MILE OR LESS
LOWEST: 51 ON 11,10 3 = THUNDER
SNOW, ICE PELLETS, HAIL 4 = ICE PELLETS
TOTAL MONTH: 0.0 INCH 5 = HAIL
GRTST 24HR 0.0 6 = FREEZING RAIN OR DRIZZLE
GRTST DEPTH: 0 7 = DUSTSTORM OR SANDSTORM:
VSBY 1/2 MILE OR LESS
8 = SMOKE OR HAZE
[NO. OF DAYS WITH] [WEATHER - DAYS WITH] 9 = BLOWING SNOW
X = TORNADO
MAX 32 OR BELOW: 0 0.01 INCH OR MORE: 13
MAX 90 OR ABOVE: 16 0.10 INCH OR MORE: 7
MIN 32 OR BELOW: 0 0.50 INCH OR MORE: 4
MIN 0 OR BELOW: 0 1.00 INCH OR MORE: 2
[HDD (BASE 65) ]
TOTAL THIS MO. 0 CLEAR (SCALE 0-3) 21
DPTR FM NORMAL -7 PTCLDY (SCALE 4-7) 10
TOTAL FM JUL 1 1199 CLOUDY (SCALE 8-10) 0
DPTR FM NORMAL -445
[CDD (BASE 65) ]
TOTAL THIS MO. 348
DPTR FM NORMAL 82 [PRESSURE DATA]
TOTAL FM JAN 1 613 HIGHEST SLP 30.26 ON 21
DPTR FM NORMAL 194 LOWEST SLP 29.72 ON 7
[REMARKS]
#FINAL-05-22#