000
CXUS52 KFFC 011010
CF6VPC
PRELIMINARY LOCAL CLIMATOLOGICAL DATA (WS FORM: F-6)
STATION: CARTERSVILLE
MONTH: JULY
YEAR: 2022
LATITUDE: 34 7 N
LONGITUDE: 84 51 W
TEMPERATURE IN F: :PCPN: SNOW: WIND :SUNSHINE: SKY :PK WND
================================================================================
1 2 3 4 5 6A 6B 7 8 9 10 11 12 13 14 15 16 17 18
12Z AVG MX 2MIN
DY MAX MIN AVG DEP HDD CDD WTR SNW DPTH SPD SPD DIR MIN PSBL S-S WX SPD DR
================================================================================
1 84 70 77 -1 0 12 2.23 M M 1.6 7 220 M M 4 123 14 60
2 91 70 81 3 0 16 0.01 M M 1.2 6 270 M M 3 1 M M
3 88 72 80 2 0 15 0.01 M M 1.9 10 250 M M 2 1 12 0
4 93 73 83 5 0 18 1.38 M M 1.7 13 110 M M 5 13 29 300
5 95 73 84 6 0 19 0.00 M M 2.7 9 150 M M 2 8 M M
6 95 75 85 7 0 20 0.00 M M 2.5 9 210 M M 1 M M
7 93 75 84 6 0 19 0.85 M M 2.0 9 340 M M 2 2 15 340
8 95 73 84 6 0 19 0.36 M M 1.6 8 200 M M 4 1238 20 330
9 88 73 81 2 0 16 0.08 M M 2.9 13 240 M M 6 8 16 10
10 86 72 79 0 0 14 0.00 M M 3.3 7 240 M M 6 15 110
11 86 72 79 0 0 14 0.00 M M 5.3 12 90 M M 8 16 100
12 90 70 80 1 0 15 0.00 M M 1.3 6 200 M M 5 M M
13 90 72 81 2 0 16 0.00 M M 2.0 9 270 M M 3 1 16 270
14 90 72 81 2 0 16 0.00 M M 2.3 9 20 M M 2 13 99
15 93 66 80 1 0 15 0.00 M M 1.3 7 40 M M 1 M M
16 95 70 83 4 0 18 0.01 M M 2.1 12 150 M M 1 8 14 150
17 93 72 83 4 0 18 0.00 M M 3.1 9 160 M M 1 15 190
18 91 70 81 2 0 16 0.61 0.0 M 3.1 12 280 M M 3 3 20 280
19 86 70 78 -1 0 13 2.19 0.0 M 3.8 12 200 M M 7 13 17 200
20 91 73 82 3 0 17 0.00 0.0 M 3.2 9 260 M M 5 1 15 260
21 84 70 77 -2 0 12 0.12 M M 1.2 6 170 M M 5 25 0
22 91 70 81 2 0 16 0.72 M M 1.2 7 99 M M 4 38 18 99
23 91 68 80 1 0 15 0.00 M M 0.8 7 99 M M 2 15 99
24 91 72 82 3 0 17 0.00 M M 1.5 6 190 M M 1 12 99
25 90 72 81 2 0 16 0.00 M M 1.9 13 270 M M 1 M M
26 91 73 82 3 0 17 0.00 M M 2.6 9 250 M M 1 14 0
27 91 72 82 3 0 17 0.00 M M 2.6 9 270 M M 1 14 270
28 93 72 83 4 0 18 0.00 M M 3.4 10 190 M M 1 14 99
29 90 75 83 4 0 18 1.25 M M 2.8 10 280 M M 5 13 15 260
30 90 73 82 3 0 17 1.37 M M 1.6 9 190 M M 7 23 20 190
31 88 72 80 1 0 15 0.04 M M 2.4 8 260 M M 7 14 60
================================================================================
SM 2803 2222 0 504 11.23 0.0 71.0 M 106
================================================================================
AV 90.4 71.7 2.3 FASTST M M 3 MAX(MPH)
MISC ----> # 13 110 29 300
================================================================================
NOTES:
# LAST OF SEVERAL OCCURRENCES
COLUMN 17 PEAK WIND IN M.P.H.
PRELIMINARY LOCAL CLIMATOLOGICAL DATA (WS FORM: F-6) , PAGE 2
STATION: CARTERSVILLE
MONTH: JULY
YEAR: 2022
LATITUDE: 34 7 N
LONGITUDE: 84 51 W
[TEMPERATURE DATA] [PRECIPITATION DATA] SYMBOLS USED IN COLUMN 16
AVERAGE MONTHLY: 81.0 TOTAL FOR MONTH: 11.23 1 = FOG OR MIST
DPTR FM NORMAL: 2.2 DPTR FM NORMAL: 7.35 2 = FOG REDUCING VISIBILITY
HIGHEST: 95 ON 16, 8 GRTST 24HR 2.23 ON 1- 1 TO 1/4 MILE OR LESS
LOWEST: 66 ON 15 3 = THUNDER
SNOW, ICE PELLETS, HAIL 4 = ICE PELLETS
TOTAL MONTH: 0.0 INCH 5 = HAIL
GRTST 24HR 0.0 6 = FREEZING RAIN OR DRIZZLE
GRTST DEPTH: M ON M 7 = DUSTSTORM OR SANDSTORM:
VSBY 1/2 MILE OR LESS
8 = SMOKE OR HAZE
[NO. OF DAYS WITH] [WEATHER - DAYS WITH] 9 = BLOWING SNOW
X = TORNADO
MAX 32 OR BELOW: 0 0.01 INCH OR MORE: 15
MAX 90 OR ABOVE: 23 0.10 INCH OR MORE: 10
MIN 32 OR BELOW: 0 0.50 INCH OR MORE: 8
MIN 0 OR BELOW: 0 1.00 INCH OR MORE: 5
[HDD (BASE 65) ]
TOTAL THIS MO. 0 CLEAR (SCALE 0-3) 16
DPTR FM NORMAL 0 PTCLDY (SCALE 4-7) 15
TOTAL FM JUL 1 0 CLOUDY (SCALE 8-10) 0
DPTR FM NORMAL 0
[CDD (BASE 65) ]
TOTAL THIS MO. 504
DPTR FM NORMAL 76 [PRESSURE DATA]
TOTAL FM JAN 1 1209 HIGHEST SLP M ON M
DPTR FM NORMAL 280 LOWEST SLP M ON M
[REMARKS]
#FINAL-07-22#