000
CXUS51 KBTV 010700
CF6VSF
PRELIMINARY LOCAL CLIMATOLOGICAL DATA (WS FORM: F-6)
STATION: SPRINGFIELD VT
MONTH: MARCH
YEAR: 2022
LATITUDE: 43 19 N
LONGITUDE: 72 31 W
TEMPERATURE IN F: :PCPN: SNOW: WIND :SUNSHINE: SKY :PK WND
================================================================================
1 2 3 4 5 6A 6B 7 8 9 10 11 12 13 14 15 16 17 18
12Z AVG MX 2MIN
DY MAX MIN AVG DEP HDD CDD WTR SNW DPTH SPD SPD DIR MIN PSBL S-S WX SPD DR
================================================================================
1 32 5 19 -8 46 0 0.06 M M 2.9 20 170 M M 9 1 30 180
2 37 24 31 4 34 0 T M M 4.9 17 270 M M 6 18 27 280
3 30 13 22 -5 43 0 0.02 M M 7.9 22 280 M M 3 1 36 280
4 29 -1 14 -14 51 0 0.00 M M 3.7 14 310 M M 1 21 280
5 40 4 22 -6 43 0 0.00 M M 1.6 9 160 M M 3 8 13 190
6 68 28 48 20 17 0 0.07 M M 5.9 26 280 M M 5 1 41 270
7 54 37 46 18 19 0 0.65 M M 5.6 32 270 M M 6 12 48 240
8 41 24 33 4 32 0 0.01 M M 10.3 28 290 M M 5 42 290
9 35 23 29 0 36 0 0.21 M M 1.0 14 160 M M 5 12 18 160
10 47 19 33 3 32 0 T M M 2.4 13 300 M M 3 12 16 200
11 48 22 35 5 30 0 0.00 M M 1.8 12 130 M M 3 1 16 130
12 38 19 29 -1 36 0 0.40 M M 6.6 25 280 M M 9 12 36 300
13 30 17 24 -6 41 0 T M M 9.4 26 280 M M 4 8 37 260
14 45 19 32 1 33 0 0.00 M M 4.6 18 290 M M 6 27 290
15 49 29 39 8 26 0 0.23 M M 1.6 9 60 M M 8 1 14 340
16 57 31 44 13 21 0 T M M 1.6 9 170 M M 4 12 13 160
17 54 30 42 10 23 0 T M M 1.5 10 160 M M 8 12 13 160
18 69 36 53 21 12 0 0.00 M M 1.7 16 260 M M 6 2 22 250
19 46 37 42 10 23 0 0.50 M M 1.3 10 300 M M 8 13 17 330
20 55 37 46 13 19 0 T M M 6.4 17 310 M M 10 12 27 300
21 52 36 44 11 21 0 T M M 11.0 24 290 M M 2 39 300
22 46 30 38 4 27 0 0.00 M M 8.8 24 300 M M 1 42 300
23 48 20 34 0 31 0 0.01 M M 1.2 10 60 M M 4 15 50
24 41 33 37 3 28 0 0.52 M M 1.4 12 60 M M 10 1 16 40
25 56 36 46 11 19 0 0.29 M M 4.6 10 270 M M 9 1 M M
26 50 31 41 6 24 0 T M M 4.4 15 260 M M 7 19 240
27 45 25 35 0 30 0 T M M 9.3 20 270 M M 8 27 270
28 25 15 20 -16 45 0 T M M 10.8 20 280 M M 9 32 300
29 35 15 25 -11 40 0 T M M 9.6 22 290 M M 6 30 320
30 45 20 33 -3 32 0 T M M 3.5 14 290 M M 2 19 300
31 56 33 45 8 20 0 0.55 M M 4.6 15 260 M M 6 1 18 150
================================================================================
SM 1403 747 934 0 3.52 M 151.8 M 176
================================================================================
AV 45.3 24.1 4.9 FASTST M M 6 MAX(MPH)
MISC ----> 32 270 48 240
================================================================================
NOTES:
# LAST OF SEVERAL OCCURRENCES
COLUMN 17 PEAK WIND IN M.P.H.
PRELIMINARY LOCAL CLIMATOLOGICAL DATA (WS FORM: F-6) , PAGE 2
STATION: SPRINGFIELD VT
MONTH: MARCH
YEAR: 2022
LATITUDE: 43 19 N
LONGITUDE: 72 31 W
[TEMPERATURE DATA] [PRECIPITATION DATA] SYMBOLS USED IN COLUMN 16
AVERAGE MONTHLY: 34.7 TOTAL FOR MONTH: 3.52 1 = FOG OR MIST
DPTR FM NORMAL: 3.1 DPTR FM NORMAL: 0.54 2 = FOG REDUCING VISIBILITY
HIGHEST: 69 ON 18 GRTST 24HR 0.78 ON 24-25 TO 1/4 MILE OR LESS
LOWEST: -1 ON 4 3 = THUNDER
SNOW, ICE PELLETS, HAIL 4 = ICE PELLETS
TOTAL MONTH: M 5 = HAIL
GRTST 24HR M ON M 6 = FREEZING RAIN OR DRIZZLE
GRTST DEPTH: M ON M 7 = DUSTSTORM OR SANDSTORM:
VSBY 1/2 MILE OR LESS
8 = SMOKE OR HAZE
[NO. OF DAYS WITH] [WEATHER - DAYS WITH] 9 = BLOWING SNOW
X = TORNADO
MAX 32 OR BELOW: 5 0.01 INCH OR MORE: 13
MAX 90 OR ABOVE: 0 0.10 INCH OR MORE: 8
MIN 32 OR BELOW: 23 0.50 INCH OR MORE: 4
MIN 0 OR BELOW: 1 1.00 INCH OR MORE: 0
[HDD (BASE 65) ]
TOTAL THIS MO. 934 CLEAR (SCALE 0-3) 7
DPTR FM NORMAL -103 PTCLDY (SCALE 4-7) 15
TOTAL FM JUL 1 5835 CLOUDY (SCALE 8-10) 9
DPTR FM NORMAL -561
[CDD (BASE 65) ]
TOTAL THIS MO. 0
DPTR FM NORMAL 0 [PRESSURE DATA]
TOTAL FM JAN 1 0 HIGHEST SLP M ON M
DPTR FM NORMAL 0 LOWEST SLP 29.21 ON 12
[REMARKS]
#FINAL-03-22#