000
CXUS55 KLBF 011410
CF6VTN
PRELIMINARY LOCAL CLIMATOLOGICAL DATA (WS FORM: F-6)
STATION: VALENTINE
MONTH: APRIL
YEAR: 2022
LATITUDE: 42 52 N
LONGITUDE: 100 33 W
TEMPERATURE IN F: :PCPN: SNOW: WIND :SUNSHINE: SKY :PK WND
================================================================================
1 2 3 4 5 6A 6B 7 8 9 10 11 12 13 14 15 16 17 18
12Z AVG MX 2MIN
DY MAX MIN AVG DEP HDD CDD WTR SNW DPTH SPD SPD DIR MIN PSBL S-S WX SPD DR
================================================================================
1 47 29 38 -5 27 0 0.03 0.0 0 6.6 20 360 M M 6 18 26 10
2 63 27 45 2 20 0 0.00 0.0 0 7.3 18 120 M M 0 26 120
3 60 29 45 1 20 0 0.00 0.0 0 16.0 32 330 M M 2 47 310
4 73 24 49 5 16 0 0.00 0.0 0 17.1 36 190 M M 5 128 53 200
5 65 40 53 9 12 0 T 0.0 0 20.1 37 280 M M 7 57 270
6 48 35 42 -2 23 0 0.03 0.2 0 26.4 41 310 M M 9 18 63 310
7 48 35 42 -3 23 0 0.08 0.2 T 26.5 44 340 M M 8 13 65 330
8 56 27 42 -3 23 0 0.00 0.0 0 10.8 24 330 M M 0 33 340
9 76 31 54 9 11 0 0.00 0.0 0 11.8 29 330 M M 0 39 300
10 58 34 46 1 19 0 0.08 0.0 0 14.3 30 340 M M 8 42 320
11 67 28 48 2 17 0 0.00 0.0 0 13.7 30 180 M M 3 8 44 160
12 71 22 47 1 18 0 0.00 0.0 0 22.5 38 290 M M 5 53 310
13 41 19 30 -16 35 0 0.00 0.0 0 19.9 32 280 M M 1 50 280
14 46 19 33 -14 32 0 0.00 0.0 0 16.9 32 290 M M 1 43 300
15 42 17 30 -17 35 0 T T 0 11.0 17 350 M M 8 8 24 350
16 48 13 31 -16 34 0 0.00 0.0 0 9.1 18 120 M M 3 29 130
17 62 31 47 0 18 0 0.01 T 0 17.7 29 340 M M 5 43 340
18 57 18 38 -10 27 0 0.00 0.0 0 8.1 18 120 M M 1 27 350
19 74 34 54 6 11 0 0.02 0.0 0 23.4 38 170 M M 1 8 50 170
20 70 42 56 8 9 0 0.00 0.0 0 11.2 22 330 M M 2 30 340
21 74 33 54 5 11 0 0.00 0.0 0 16.2 32 140 M M 1 45 150
22 97 58 78 29 0 13 0.00 0.0 0 19.9 46 160 M M 7 8 64 160
23 77 36 57 8 8 0 0.18 T 0 24.3 39 200 M M 10 138 56 180
24 42 36 39 -11 26 0 T T 0 21.7 37 290 M M 9 57 290
25 56 27 42 -8 23 0 0.00 0.0 0 9.6 21 350 M M 0 36 310
26 77 32 55 5 10 0 0.00 0.0 0 11.3 26 220 M M 0 8 35 200
27 65 35 50 -1 15 0 0.00 0.0 0 8.8 18 40 M M 0 23 60
28 69 38 54 3 11 0 0.00 0.0 0 8.8 16 60 M M 0 26 10
29 58 46 52 0 13 0 1.23 0.0 0 13.6 30 60 M M 9 138 42 330
30 56 37 47 -5 18 0 0.33 0.0 0 23.3 38 320 M M 7 1 56 330
================================================================================
SM 1843 932 565 13 1.99 0.4 467.9 M 118
================================================================================
AV 61.4 31.1 15.6 FASTST M M 4 MAX(MPH)
MISC ----> 46 160 65 330
================================================================================
NOTES:
# LAST OF SEVERAL OCCURRENCES
COLUMN 17 PEAK WIND IN M.P.H.
PRELIMINARY LOCAL CLIMATOLOGICAL DATA (WS FORM: F-6) , PAGE 2
STATION: VALENTINE
MONTH: APRIL
YEAR: 2022
LATITUDE: 42 52 N
LONGITUDE: 100 33 W
[TEMPERATURE DATA] [PRECIPITATION DATA] SYMBOLS USED IN COLUMN 16
AVERAGE MONTHLY: 46.3 TOTAL FOR MONTH: 1.99 1 = FOG OR MIST
DPTR FM NORMAL: -1.0 DPTR FM NORMAL: -0.49 2 = FOG REDUCING VISIBILITY
HIGHEST: 97 ON 22 GRTST 24HR 1.49 ON 29-30 TO 1/4 MILE OR LESS
LOWEST: 13 ON 16 3 = THUNDER
SNOW, ICE PELLETS, HAIL 4 = ICE PELLETS
TOTAL MONTH: 0.4 INCH 5 = HAIL
GRTST 24HR 0.2 ON 6- 6 6 = FREEZING RAIN OR DRIZZLE
GRTST DEPTH: 1 ON M 7 = DUSTSTORM OR SANDSTORM:
VSBY 1/2 MILE OR LESS
8 = SMOKE OR HAZE
[NO. OF DAYS WITH] [WEATHER - DAYS WITH] 9 = BLOWING SNOW
X = TORNADO
MAX 32 OR BELOW: 0 0.01 INCH OR MORE: 9
MAX 90 OR ABOVE: 1 0.10 INCH OR MORE: 3
MIN 32 OR BELOW: 16 0.50 INCH OR MORE: 1
MIN 0 OR BELOW: 0 1.00 INCH OR MORE: 1
[HDD (BASE 65) ]
TOTAL THIS MO. 565 CLEAR (SCALE 0-3) 16
DPTR FM NORMAL 27 PTCLDY (SCALE 4-7) 8
TOTAL FM JUL 1 5680 CLOUDY (SCALE 8-10) 6
DPTR FM NORMAL -713
[CDD (BASE 65) ]
TOTAL THIS MO. 13
DPTR FM NORMAL 10 [PRESSURE DATA]
TOTAL FM JAN 1 13 HIGHEST SLP 30.47 ON 18
DPTR FM NORMAL 10 LOWEST SLP 29.12 ON 23
[REMARKS]
#FINAL-04-22#