000
CXUS56 KPQR 011612
CF6VUO
PRELIMINARY LOCAL CLIMATOLOGICAL DATA (WS FORM: F-6)
STATION: VANCOUVER WA
MONTH: MARCH
YEAR: 2022
LATITUDE: 45 37 N
LONGITUDE: 122 39 W
TEMPERATURE IN F: :PCPN: SNOW: WIND :SUNSHINE: SKY :PK WND
================================================================================
1 2 3 4 5 6A 6B 7 8 9 10 11 12 13 14 15 16 17 18
12Z AVG MX 2MIN
DY MAX MIN AVG DEP HDD CDD WTR SNW DPTH SPD SPD DIR MIN PSBL S-S WX SPD DR
================================================================================
1 59 50 55 10 10 0 0.42 M M 5.9 12 200 M M 10 16 210
2 54 48 51 6 14 0 0.58 M M 3.0 14 110 M M 10 18 110
3 51 37 44 -1 21 0 0.07 M M 2.9 12 280 M M 7 15 280
4 53 41 47 1 18 0 T M M 5.0 14 300 M M 7 20 280
5 57 31 44 -2 21 0 0.00 M M 3.6 15 320 M M 2 20 310
6 52 34 43 -3 22 0 0.00 M M 1.5 7 180 M M 5 9 180
7 54 30 42 -4 23 0 0.00 M M 2.6 12 310 M M 2 8 15 290
8 49 35 42 -4 23 0 0.20 M M 2.3 7 110 M M 9 18 11 90
9 53 31 42 -4 23 0 0.04 M M 5.9 15 110 M M 5 1 19 120
10 51 26 39 -7 26 0 0.00 M M 1.3 8 300 M M 1 10 260
11 61 32 47 0 18 0 0.00 M M 1.6 7 120 M M 2 9 120
12 61 29 45 -2 20 0 0.13 M M 4.8 16 220 M M 4 18 26 220
13 54 44 49 2 16 0 0.16 M M 8.9 18 210 M M 10 18 28 240
14 54 46 50 3 15 0 0.18 M M 6.5 17 290 M M 10 1 23 290
15 59 46 53 6 12 0 0.05 M M 6.4 18 270 M M 8 18 24 270
16 57 37 47 0 18 0 0.00 M M 0.7 7 120 M M 5 10 150
17 51 35 43 -5 22 0 0.02 M M 3.2 9 120 M M 6 1 12 130
18 59 47 53 5 12 0 T M M 4.8 10 120 M M 9 1 17 190
19 54 38 46 -2 19 0 0.15 M M 6.3 18 290 M M 7 1 25 290
20 50 39 45 -3 20 0 0.08 M M 4.1 13 260 M M 9 17 250
21 50 42 46 -2 19 0 0.56 M M 7.1 13 120 M M 10 1 15 120
22 67 48 58 10 7 0 0.07 M M 3.5 10 300 M M 6 1 14 340
23 59 44 52 4 13 0 0.03 M M 3.6 14 270 M M 7 12 17 330
24 65 34 50 2 15 0 0.00 M M 3.9 12 260 M M 2 1 15 290
25 63 43 53 5 12 0 0.00 M M 2.1 8 290 M M 3 11 270
26 64 49 57 8 8 0 T M M 3.7 9 310 M M 5 1 12 300
27 70 46 58 9 7 0 0.00 M M 3.1 9 300 M M 2 1 13 290
28 63 47 55 6 10 0 0.00 M M 5.8 13 310 M M 7 18 320
29 62 44 53 4 12 0 0.00 M M 1.7 10 330 M M 9 16 310
30 58 42 50 1 15 0 0.02 M M 4.9 13 330 M M 7 1 20 310
31 57 43 50 1 15 0 T M M 3.3 9 330 M M 7 M M
================================================================================
SM 1771 1238 506 0 2.76 M 124.0 M 193
================================================================================
AV 57.1 39.9 4.0 FASTST M M 6 MAX(MPH)
MISC ----> # 18 210 28 240
================================================================================
NOTES:
# LAST OF SEVERAL OCCURRENCES
COLUMN 17 PEAK WIND IN M.P.H.
PRELIMINARY LOCAL CLIMATOLOGICAL DATA (WS FORM: F-6) , PAGE 2
STATION: VANCOUVER WA
MONTH: MARCH
YEAR: 2022
LATITUDE: 45 37 N
LONGITUDE: 122 39 W
[TEMPERATURE DATA] [PRECIPITATION DATA] SYMBOLS USED IN COLUMN 16
AVERAGE MONTHLY: 48.5 TOTAL FOR MONTH: 2.76 1 = FOG OR MIST
DPTR FM NORMAL: 1.3 DPTR FM NORMAL: -1.19 2 = FOG REDUCING VISIBILITY
HIGHEST: 70 ON 27 GRTST 24HR 0.63 ON 28- 1 TO 1/4 MILE OR LESS
LOWEST: 26 ON 10 3 = THUNDER
SNOW, ICE PELLETS, HAIL 4 = ICE PELLETS
TOTAL MONTH: M 5 = HAIL
GRTST 24HR M ON M 6 = FREEZING RAIN OR DRIZZLE
GRTST DEPTH: M ON M 7 = DUSTSTORM OR SANDSTORM:
VSBY 1/2 MILE OR LESS
8 = SMOKE OR HAZE
[NO. OF DAYS WITH] [WEATHER - DAYS WITH] 9 = BLOWING SNOW
X = TORNADO
MAX 32 OR BELOW: 0 0.01 INCH OR MORE: 16
MAX 90 OR ABOVE: 0 0.10 INCH OR MORE: 8
MIN 32 OR BELOW: 6 0.50 INCH OR MORE: 2
MIN 0 OR BELOW: 0 1.00 INCH OR MORE: 0
[HDD (BASE 65) ]
TOTAL THIS MO. 506 CLEAR (SCALE 0-3) 6
DPTR FM NORMAL -44 PTCLDY (SCALE 4-7) 15
TOTAL FM JUL 1 3601 CLOUDY (SCALE 8-10) 10
DPTR FM NORMAL -81
[CDD (BASE 65) ]
TOTAL THIS MO. 0
DPTR FM NORMAL 0 [PRESSURE DATA]
TOTAL FM JAN 1 0 HIGHEST SLP M ON M
DPTR FM NORMAL 0 LOWEST SLP 29.61 ON 27
[REMARKS]
#FINAL-03-22#