000
CXUS56 KPQR 011633
CLMVUO
CLIMATE REPORT
NATIONAL WEATHER SERVICE PORTLAND OREGON
833 AM PST FRI DEC 01 2023
...................................
...THE VANCOUVER WA CLIMATE SUMMARY FOR THE MONTH OF NOVEMBER 2023...
CLIMATE NORMAL PERIOD 1991 TO 2020
CLIMATE RECORD PERIOD 1891 TO 2023
WEATHER OBSERVED NORMAL DEPART LAST YEAR`S
VALUE DATE(S) VALUE FROM VALUE DATE(S)
NORMAL
................................................................
TEMPERATURE (F)
HIGHEST 67 59 11/04
LOWEST 23 24 11/19
AVG. MAXIMUM 54.0 53.0 1.0 49.8
AVG. MINIMUM 38.0 39.4 -1.4 34.5
MEAN 46.0 46.2 -0.2 42.2
DAYS MAX >= 90 0 0.0 0.0 0
DAYS MAX <= 32 0 0.1 -0.1 0
DAYS MIN <= 32 7 5.6 1.4 12
DAYS MIN <= 0 0 0.0 0.0 0
PRECIPITATION (INCHES)
TOTALS 5.01R 5.25
DAYS >= .01 18 13
DAYS >= .10 13 10
DAYS >= .50 5 3
DAYS >= 1.00 0 1
GREATEST
24 HR. TOTAL 1.32 11/03 TO 11/04
11/05 TO 11/06
DEGREE DAYS
HEATING TOTAL 562 677
SINCE 7/1 890 MM
COOLING TOTAL 0 0
SINCE 1/1 724 MM
................................................................
WIND (MPH)
AVERAGE WIND SPEED 3.7
RESULTANT WIND SPEED/DIRECTION 1/140
HIGHEST WIND SPEED/DIRECTION 17/290 DATE 11/11
HIGHEST GUST SPEED/DIRECTION 27/130 DATE 11/06
SKY COVER
POSSIBLE SUNSHINE (PERCENT) MM
AVERAGE SKY COVER 0.56
AVERAGE RH (PERCENT) 76
WEATHER CONDITIONS. NUMBER OF DAYS WITH
THUNDERSTORM 0 MIXED PRECIP 0
HEAVY RAIN 3 RAIN 8
LIGHT RAIN 18 FREEZING RAIN 0
LT FREEZING RAIN 0 HAIL 0
HEAVY SNOW 0 SNOW 0
LIGHT SNOW 0 SLEET 0
FOG 20 FOG W/VIS <= 1/4 MILE 7
HAZE 1
- INDICATES NEGATIVE NUMBERS.
R INDICATES RECORD WAS SET OR TIED.
MM INDICATES DATA IS MISSING.
T INDICATES TRACE AMOUNT.
$$