000
CXUS51 KAKQ 010710
CF6WAL
PRELIMINARY LOCAL CLIMATOLOGICAL DATA (WS FORM: F-6)
STATION: WALLOPS ISLAND VA
MONTH: MARCH
YEAR: 2023
LATITUDE: 37 55 N
LONGITUDE: 75 28 W
TEMPERATURE IN F: :PCPN: SNOW: WIND :SUNSHINE: SKY :PK WND
================================================================================
1 2 3 4 5 6A 6B 7 8 9 10 11 12 13 14 15 16 17 18
12Z AVG MX 2MIN
DY MAX MIN AVG DEP HDD CDD WTR SNW DPTH SPD SPD DIR MIN PSBL S-S WX SPD DR
================================================================================
1 53 40 47 5 18 0 0.00 0.0 0 7.6 20 60 M M 4 24 50
2 63 41 52 10 13 0 0.58 0.0 0 5.3 15 260 M M 5 123 19 250
3 57 41 49 6 16 0 0.27 0.0 0 14.9 31 130 M M 7 1 43 130
4 68 42 55 12 10 0 T 0.0 0 15.2 29 300 M M 1 18 43 300
5 61 32 47 4 18 0 0.00 0.0 0 5.8 16 310 M M 0 25 290
6 59 38 49 6 16 0 0.00 0.0 0 6.6 16 150 M M 2 19 150
7 51 41 46 2 19 0 0.00 0.0 0 14.9 28 310 M M 2 38 320
8 51 34 43 -1 22 0 0.00 0.0 0 12.8 23 320 M M 0 33 340
9 52 33 43 -1 22 0 0.00 0.0 0 7.6 16 310 M M 0 26 70
10 47 31 39 -5 26 0 0.06 0.0 0 7.2 17 190 M M 6 1 22 190
11 44 35 40 -4 25 0 0.00 0.0 0 13.6 28 310 M M 7 37 310
12 42 29 36 -9 29 0 0.02 0.0 0 6.8 12 100 M M 4 16 340
13 46 38 42 -3 23 0 0.33 0.0 0 9.0 16 320 M M 9 1 22 320
14 46 32 39 -6 26 0 0.00 0.0 0 19.7 32 310 M M 1 45 300
15 49 31 40 -5 25 0 0.00 0.0 0 16.2 30 320 M M 0 40 320
16 57 31 44 -2 21 0 0.00 0.0 0 10.1 17 200 M M 1 24 180
17 65 41 53 7 12 0 T 0.0 0 12.2 24 210 M M 5 32 230
18 61 36 49 3 16 0 0.46 0.0 0 9.0 20 230 M M 5 1 26 200
19 40 27 34 -12 31 0 0.00 0.0 0 10.4 22 310 M M 0 29 300
20 45 26 36 -11 29 0 0.00 0.0 0 5.3 13 170 M M 1 16 180
21 58 27 43 -4 22 0 0.00 0.0 0 8.1 15 180 M M 2 21 180
22 60 40 50 3 15 0 0.00 0.0 0 9.2 16 180 M M 3 20 200
23 76 50 63 16 2 0 0.00 0.0 0 12.0 25 240 M M 2 38 220
24 72 45 59 11 6 0 0.07 0.0 0 13.0 23 60 M M 5 1 35 240
25 69 46 58 10 7 0 0.01 0.0 0 10.5 20 230 M M 6 1 27 270
26 68 46 57 9 8 0 0.00 0.0 0 10.2 18 310 M M 0 26 310
27 61 47 54 5 11 0 0.03 0.0 0 7.4 21 130 M M 5 1 27 130
28 60 42 51 2 14 0 0.00 0.0 0 7.9 14 80 M M 4 1 20 320
29 56 43 50 1 15 0 0.01 0.0 0 9.1 16 210 M M 4 1 21 190
30 55 40 48 -2 17 0 0.00 0.0 0 8.5 18 360 M M 0 25 320
31 66 42 54 4 11 0 T 0.0 0 12.1 21 190 M M 4 27 190
================================================================================
SM 1758 1167 545 0 1.84 0.0 318.2 M 95
================================================================================
AV 56.7 37.6 10.3 FASTST M M 3 MAX(MPH)
MISC ----> 32 310 45 300
================================================================================
NOTES:
# LAST OF SEVERAL OCCURRENCES
COLUMN 17 PEAK WIND IN M.P.H.
PRELIMINARY LOCAL CLIMATOLOGICAL DATA (WS FORM: F-6) , PAGE 2
STATION: WALLOPS ISLAND VA
MONTH: MARCH
YEAR: 2023
LATITUDE: 37 55 N
LONGITUDE: 75 28 W
[TEMPERATURE DATA] [PRECIPITATION DATA] SYMBOLS USED IN COLUMN 16
AVERAGE MONTHLY: 47.2 TOTAL FOR MONTH: 1.84 1 = FOG OR MIST
DPTR FM NORMAL: 1.4 DPTR FM NORMAL: -2.07 2 = FOG REDUCING VISIBILITY
HIGHEST: 76 ON 23 GRTST 24HR 0.58 ON 2- 2 TO 1/4 MILE OR LESS
LOWEST: 26 ON 20 3 = THUNDER
SNOW, ICE PELLETS, HAIL 4 = ICE PELLETS
TOTAL MONTH: 0.0 INCH 5 = HAIL
GRTST 24HR 0.0 6 = FREEZING RAIN OR DRIZZLE
GRTST DEPTH: 0 7 = DUSTSTORM OR SANDSTORM:
VSBY 1/2 MILE OR LESS
8 = SMOKE OR HAZE
[NO. OF DAYS WITH] [WEATHER - DAYS WITH] 9 = BLOWING SNOW
X = TORNADO
MAX 32 OR BELOW: 0 0.01 INCH OR MORE: 10
MAX 90 OR ABOVE: 0 0.10 INCH OR MORE: 4
MIN 32 OR BELOW: 9 0.50 INCH OR MORE: 1
MIN 0 OR BELOW: 0 1.00 INCH OR MORE: 0
[HDD (BASE 65) ]
TOTAL THIS MO. 545 CLEAR (SCALE 0-3) 15
DPTR FM NORMAL -53 PTCLDY (SCALE 4-7) 15
TOTAL FM JUL 1 3112 CLOUDY (SCALE 8-10) 1
DPTR FM NORMAL -415
[CDD (BASE 65) ]
TOTAL THIS MO. 0
DPTR FM NORMAL -1 [PRESSURE DATA]
TOTAL FM JAN 1 0 HIGHEST SLP M ON M
DPTR FM NORMAL -1 LOWEST SLP 29.28 ON 4
[REMARKS]
#FINAL-03-23#