000
CXUS51 KAKQ 010710
CF6WAL
PRELIMINARY LOCAL CLIMATOLOGICAL DATA (WS FORM: F-6)
STATION: WALLOPS ISLAND VA
MONTH: APRIL
YEAR: 2022
LATITUDE: 37 55 N
LONGITUDE: 75 28 W
TEMPERATURE IN F: :PCPN: SNOW: WIND :SUNSHINE: SKY :PK WND
================================================================================
1 2 3 4 5 6A 6B 7 8 9 10 11 12 13 14 15 16 17 18
12Z AVG MX 2MIN
DY MAX MIN AVG DEP HDD CDD WTR SNW DPTH SPD SPD DIR MIN PSBL S-S WX SPD DR
================================================================================
1 68 44 56 6 9 0 0.00 0.0 0 13.8 23 290 M M 3 1 35 290
2 55 36 46 -4 19 0 0.00 0.0 0 9.8 17 180 M M 0 23 150
3 66 44 55 4 10 0 0.00 0.0 0 13.0 29 320 M M 2 38 320
4 57 36 47 -4 18 0 0.00 0.0 0 8.6 15 240 M M 1 20 290
5 62 45 54 2 11 0 0.19 0.0 0 7.8 20 140 M M 6 1 26 140
6 62 47 55 3 10 0 0.26 0.0 0 12.9 22 270 M M 10 1 31 270
7 62 47 55 3 10 0 0.69 0.0 0 11.2 21 320 M M 10 123 27 310
8 64 46 55 2 10 0 0.05 0.0 0 8.0 17 190 M M 4 21 180
9 59 47 53 0 12 0 0.00 0.0 0 8.2 16 260 M M 6 22 260
10 53 35 44 -9 21 0 0.00 0.0 0 12.1 24 280 M M 3 34 280
11 55 33 44 -10 21 0 0.00 0.0 0 8.0 15 180 M M 1 21 170
12 78 54 66 12 0 1 T 0.0 0 9.4 18 300 M M 3 27 240
13 82 53 68 14 0 3 0.00 0.0 0 10.7 23 190 M M 2 28 200
14 80 54 67 12 0 2 0.06 0.0 0 12.9 23 220 M M 4 3 30 220
15 68 50 59 4 6 0 0.01 0.0 0 9.8 18 190 M M 3 24 190
16 69 50 60 5 5 0 0.00 0.0 0 11.8 24 200 M M 1 29 200
17 62 45 54 -2 11 0 0.00 0.0 0 10.5 20 40 M M 4 25 50
18 58 45 52 -4 13 0 0.87 0.0 0 19.6 31 70 M M 6 1 38 60
19 54 43 49 -7 16 0 T 0.0 0 15.0 23 300 M M 6 45 290
20 59 41 50 -7 15 0 0.00 0.0 0 7.8 18 330 M M 0 25 350
21 60 44 52 -5 13 0 0.00 0.0 0 10.4 17 180 M M 3 21 190
22 77 50 64 7 1 0 T 0.0 0 5.3 14 20 M M 3 19 270
23 65 47 56 -2 9 0 0.00 0.0 0 8.5 15 170 M M 1 19 170
24 81 55 68 10 0 3 0.00 0.0 0 10.5 23 50 M M 0 27 50
25 65 55 60 2 5 0 0.00 0.0 0 8.4 15 50 M M 4 12 18 50
26 80 58 69 10 0 4 0.46 0.0 0 9.8 24 330 M M 5 13 33 330
27 62 45 54 -5 11 0 0.00 0.0 0 11.0 23 310 M M 1 33 310
28 56 39 48 -11 17 0 0.00 0.0 0 10.6 22 300 M M 1 32 330
29 63 38 51 -9 14 0 0.00 0.0 0 8.1 20 310 M M 1 29 330
30 62 39 51 -9 14 0 0.00 0.0 0 7.4 14 200 M M 0 18 140
================================================================================
SM 1944 1365 301 13 2.59 0.0 310.9 M 94
================================================================================
AV 64.8 45.5 10.4 FASTST M M 3 MAX(MPH)
MISC ----> 31 70 45 290
================================================================================
NOTES:
# LAST OF SEVERAL OCCURRENCES
COLUMN 17 PEAK WIND IN M.P.H.
PRELIMINARY LOCAL CLIMATOLOGICAL DATA (WS FORM: F-6) , PAGE 2
STATION: WALLOPS ISLAND VA
MONTH: APRIL
YEAR: 2022
LATITUDE: 37 55 N
LONGITUDE: 75 28 W
[TEMPERATURE DATA] [PRECIPITATION DATA] SYMBOLS USED IN COLUMN 16
AVERAGE MONTHLY: 55.2 TOTAL FOR MONTH: 2.59 1 = FOG OR MIST
DPTR FM NORMAL: 0.1 DPTR FM NORMAL: -0.53 2 = FOG REDUCING VISIBILITY
HIGHEST: 82 ON 13 GRTST 24HR 0.87 ON 18-18 TO 1/4 MILE OR LESS
LOWEST: 33 ON 11 3 = THUNDER
SNOW, ICE PELLETS, HAIL 4 = ICE PELLETS
TOTAL MONTH: 0.0 INCH 5 = HAIL
GRTST 24HR 0.0 6 = FREEZING RAIN OR DRIZZLE
GRTST DEPTH: 0 7 = DUSTSTORM OR SANDSTORM:
VSBY 1/2 MILE OR LESS
8 = SMOKE OR HAZE
[NO. OF DAYS WITH] [WEATHER - DAYS WITH] 9 = BLOWING SNOW
X = TORNADO
MAX 32 OR BELOW: 0 0.01 INCH OR MORE: 8
MAX 90 OR ABOVE: 0 0.10 INCH OR MORE: 5
MIN 32 OR BELOW: 0 0.50 INCH OR MORE: 2
MIN 0 OR BELOW: 0 1.00 INCH OR MORE: 0
[HDD (BASE 65) ]
TOTAL THIS MO. 301 CLEAR (SCALE 0-3) 18
DPTR FM NORMAL -10 PTCLDY (SCALE 4-7) 10
TOTAL FM JUL 1 3508 CLOUDY (SCALE 8-10) 2
DPTR FM NORMAL -330
[CDD (BASE 65) ]
TOTAL THIS MO. 13
DPTR FM NORMAL -1 [PRESSURE DATA]
TOTAL FM JAN 1 14 HIGHEST SLP M ON M
DPTR FM NORMAL -1 LOWEST SLP 29.48 ON 6
[REMARKS]
#FINAL-04-22#