000
CXUS51 KAKQ 010711
CF6WAL
PRELIMINARY LOCAL CLIMATOLOGICAL DATA (WS FORM: F-6)
STATION: WALLOPS ISLAND VA
MONTH: AUGUST
YEAR: 2023
LATITUDE: 37 55 N
LONGITUDE: 75 28 W
TEMPERATURE IN F: :PCPN: SNOW: WIND :SUNSHINE: SKY :PK WND
================================================================================
1 2 3 4 5 6A 6B 7 8 9 10 11 12 13 14 15 16 17 18
12Z AVG MX 2MIN
DY MAX MIN AVG DEP HDD CDD WTR SNW DPTH SPD SPD DIR MIN PSBL S-S WX SPD DR
================================================================================
1 81 66 74 -4 0 9 0.00 0.0 0 5.7 16 60 M M 1 20 50
2 81 62 72 -6 0 7 0.00 0.0 0 6.1 12 100 M M 1 1 17 130
3 81 65 73 -5 0 8 T 0.0 0 6.9 16 180 M M 5 1 20 160
4 74 67 71 -7 0 6 0.47 0.0 0 10.0 22 190 M M 10 1 28 190
5 81 69 75 -3 0 10 0.00 0.0 0 6.8 15 60 M M 5 12 17 60
6 84 67 76 -1 0 11 0.00 0.0 0 7.1 15 180 M M 1 18 21 180
7 85 75 80 3 0 15 0.00 0.0 0 13.7 23 180 M M 3 1 30 190
8 84 75 80 3 0 15 0.00 0.0 0 11.3 22 310 M M 1 1 30 300
9 87 71 79 2 0 14 0.00 0.0 0 7.4 14 270 M M 1 18 280
10 84 73 79 2 0 14 0.07 0.0 0 9.4 20 190 M M 3 1 31 240
11 87 71 79 2 0 14 0.00 0.0 0 6.9 14 190 M M 1 18 18 270
12 88 72 80 3 0 15 0.00 0.0 0 9.0 17 200 M M 0 18 23 190
13 95 76 86 9 0 21 0.02 0.0 0 7.0 14 260 M M 3 1 20 240
14 88 78 83 6 0 18 1.18 0.0 0 7.3 16 200 M M 5 1238 21 200
15 93 75 84 7 0 19 0.49 0.0 0 9.5 20 230 M M 4 138 26 190
16 86 74 80 4 0 15 0.00 0.0 0 5.5 14 150 M M 3 18 16 320
17 84 73 79 3 0 14 0.00 0.0 0 7.7 18 180 M M 4 18 23 180
18 86 72 79 3 0 14 0.00 0.0 0 7.4 18 310 M M 3 18 27 290
19 82 65 74 -2 0 9 0.00 0.0 0 5.6 26 230 M M 1 18 31 220
20 84 64 74 -2 0 9 0.00 0.0 0 7.7 18 170 M M 1 18 30 210
21 92 74 83 7 0 18 0.00 0.0 0 5.7 12 290 M M 2 18 17 190
22 81 65 73 -3 0 8 0.00 0.0 0 11.5 22 50 M M 3 18 28 60
23 81 61 71 -5 0 6 0.00 0.0 0 6.6 13 110 M M 2 18 25 340
24 82 71 77 1 0 12 T 0.0 0 8.0 15 180 M M 7 18 20 180
25 84 75 80 4 0 15 T 0.0 0 15.6 25 180 M M 4 18 34 200
26 88 75 82 7 0 17 0.29 0.0 0 4.4 18 30 M M 6 138 20 30
27 83 72 78 3 0 13 0.00 0.0 0 7.1 15 50 M M 2 18 18 50
28 78 74 76 1 0 11 0.15 0.0 0 9.6 18 90 M M 9 18 22 90
29 84 74 79 4 0 14 0.06 0.0 0 4.6 10 160 M M 8 18 13 150
30 88 74 81 6 0 16 0.00 0.0 0 5.7 15 260 M M 6 18 22 240
31 74 61 68 -7 0 3 0.00 0.0 0 12.1 22 20 M M 6 8 28 20
================================================================================
SM 2610 2186 0 390 2.73 0.0 248.9 M 111
================================================================================
AV 84.2 70.5 8.0 FASTST M M 4 MAX(MPH)
MISC ----> 26 230 34 200
================================================================================
NOTES:
# LAST OF SEVERAL OCCURRENCES
COLUMN 17 PEAK WIND IN M.P.H.
PRELIMINARY LOCAL CLIMATOLOGICAL DATA (WS FORM: F-6) , PAGE 2
STATION: WALLOPS ISLAND VA
MONTH: AUGUST
YEAR: 2023
LATITUDE: 37 55 N
LONGITUDE: 75 28 W
[TEMPERATURE DATA] [PRECIPITATION DATA] SYMBOLS USED IN COLUMN 16
AVERAGE MONTHLY: 77.4 TOTAL FOR MONTH: 2.73 1 = FOG OR MIST
DPTR FM NORMAL: 0.9 DPTR FM NORMAL: -1.59 2 = FOG REDUCING VISIBILITY
HIGHEST: 95 ON 13 GRTST 24HR 1.20 ON 13-14 TO 1/4 MILE OR LESS
LOWEST: 61 ON 31,23 3 = THUNDER
SNOW, ICE PELLETS, HAIL 4 = ICE PELLETS
TOTAL MONTH: 0.0 INCH 5 = HAIL
GRTST 24HR 0.0 6 = FREEZING RAIN OR DRIZZLE
GRTST DEPTH: 0 7 = DUSTSTORM OR SANDSTORM:
VSBY 1/2 MILE OR LESS
8 = SMOKE OR HAZE
[NO. OF DAYS WITH] [WEATHER - DAYS WITH] 9 = BLOWING SNOW
X = TORNADO
MAX 32 OR BELOW: 0 0.01 INCH OR MORE: 8
MAX 90 OR ABOVE: 3 0.10 INCH OR MORE: 5
MIN 32 OR BELOW: 0 0.50 INCH OR MORE: 1
MIN 0 OR BELOW: 0 1.00 INCH OR MORE: 1
[HDD (BASE 65) ]
TOTAL THIS MO. 0 CLEAR (SCALE 0-3) 16
DPTR FM NORMAL 0 PTCLDY (SCALE 4-7) 12
TOTAL FM JUL 1 0 CLOUDY (SCALE 8-10) 3
DPTR FM NORMAL 0
[CDD (BASE 65) ]
TOTAL THIS MO. 390
DPTR FM NORMAL 35 [PRESSURE DATA]
TOTAL FM JAN 1 1124 HIGHEST SLP M ON M
DPTR FM NORMAL 4 LOWEST SLP 29.63 ON 10
[REMARKS]
#FINAL-08-23#