000
CXUS55 KRIW 011110
CF6WRL
PRELIMINARY LOCAL CLIMATOLOGICAL DATA (WS FORM: F-6)
STATION: WORLAND WY
MONTH: JANUARY
YEAR: 2022
LATITUDE: 43 58 N
LONGITUDE: 107 57 W
TEMPERATURE IN F: :PCPN: SNOW: WIND :SUNSHINE: SKY :PK WND
================================================================================
1 2 3 4 5 6A 6B 7 8 9 10 11 12 13 14 15 16 17 18
12Z AVG MX 2MIN
DY MAX MIN AVG DEP HDD CDD WTR SNW DPTH SPD SPD DIR MIN PSBL S-S WX SPD DR
================================================================================
1 7 -21 -7 -23 72 0 0.00 M M 1.2 9 190 M M 1 18 10 190
2 17 -14 2 -14 63 0 0.00 M M 2.6 14 200 M M 1 17 200
3 39 -4 18 2 47 0 0.00 M M 6.8 18 170 M M 0 23 170
4 34 4 19 3 46 0 0.00 M M 10.2 29 360 M M 3 39 350
5 9 -13 -2 -18 67 0 0.12 M M 7.0 18 360 M M 9 1 26 350
6 9 -15 -3 -19 68 0 0.00 M M 2.3 9 110 M M 4 8 11 110
7 42 2 22 6 43 0 0.00 M M 6.5 28 220 M M 0 39 220
8 41 7 24 8 41 0 0.00 M M 5.1 15 260 M M 0 19 270
9 27 -6 11 -5 54 0 0.00 M M 2.6 10 190 M M 0 11 190
10 30 -2 14 -2 51 0 0.00 M M 2.2 8 210 M M 0 9 190
11 29 1 15 -1 50 0 0.00 M M 4.0 16 170 M M 0 19 180
12 37 5 21 5 44 0 0.00 M M 2.6 10 130 M M 0 12 120
13 32 13 23 6 42 0 0.00 M M 3.5 12 170 M M 0 13 340
14 36 12 24 7 41 0 0.00 M M 6.5 24 330 M M 4 34 340
15 29 5 17 0 48 0 0.00 M M 3.3 9 230 M M 1 10 230
16 39 5 22 5 43 0 0.00 M M 2.7 7 210 M M 0 9 200
17 31 6 19 2 46 0 0.00 M M 2.3 10 190 M M 1 11 170
18 45 16 31 14 34 0 T M M 6.6 20 350 M M 5 1 26 340
19 16 0 8 -9 57 0 T M M 4.0 13 360 M M 9 1 18 10
20 25 -6 10 -7 55 0 0.00 M M 1.2 8 190 M M 6 12 9 210
21 38 14 26 9 39 0 T M M 4.7 13 120 M M 6 1 15 120
22 36 7 22 5 43 0 0.00 M M 2.8 10 190 M M 5 10 190
23 41 11 26 9 39 0 0.00 M M 2.9 10 200 M M 2 11 200
24 38 12 25 8 40 0 0.00 M M 4.5 12 210 M M 3 13 210
25 34 16 25 8 40 0 0.00 M M 7.2 18 310 M M 5 23 310
26 35 7 21 3 44 0 0.00 M M 2.4 12 130 M M 0 15 130
27 34 10 22 4 43 0 T M M 4.8 15 330 M M 4 19 330
28 36 1 19 1 46 0 0.00 M M 3.8 13 150 M M 0 14 150
29 41 3 22 4 43 0 0.00 M M 3.8 9 200 M M 0 12 180
30 40 6 23 5 42 0 0.00 M M 2.5 9 200 M M 0 11 180
31 43 15 29 11 36 0 0.00 M M 6.9 33 320 M M 2 42 310
================================================================================
SM 990 97 1467 0 0.12 M 129.5 M 71
================================================================================
AV 31.9 3.1 4.2 FASTST M M 2 MAX(MPH)
MISC ----> 33 320 42 310
================================================================================
NOTES:
# LAST OF SEVERAL OCCURRENCES
COLUMN 17 PEAK WIND IN M.P.H.
PRELIMINARY LOCAL CLIMATOLOGICAL DATA (WS FORM: F-6) , PAGE 2
STATION: WORLAND WY
MONTH: JANUARY
YEAR: 2022
LATITUDE: 43 58 N
LONGITUDE: 107 57 W
[TEMPERATURE DATA] [PRECIPITATION DATA] SYMBOLS USED IN COLUMN 16
AVERAGE MONTHLY: 17.5 TOTAL FOR MONTH: 0.12 1 = FOG OR MIST
DPTR FM NORMAL: 0.6 DPTR FM NORMAL: -0.10 2 = FOG REDUCING VISIBILITY
HIGHEST: 45 ON 18 GRTST 24HR 0.12 ON 5- 5 TO 1/4 MILE OR LESS
LOWEST: -21 ON 1 3 = THUNDER
SNOW, ICE PELLETS, HAIL 4 = ICE PELLETS
TOTAL MONTH: M 5 = HAIL
GRTST 24HR M ON M 6 = FREEZING RAIN OR DRIZZLE
GRTST DEPTH: M ON M 7 = DUSTSTORM OR SANDSTORM:
VSBY 1/2 MILE OR LESS
8 = SMOKE OR HAZE
[NO. OF DAYS WITH] [WEATHER - DAYS WITH] 9 = BLOWING SNOW
X = TORNADO
MAX 32 OR BELOW: 12 0.01 INCH OR MORE: 1
MAX 90 OR ABOVE: 0 0.10 INCH OR MORE: 1
MIN 32 OR BELOW: 31 0.50 INCH OR MORE: 0
MIN 0 OR BELOW: 9 1.00 INCH OR MORE: 0
[HDD (BASE 65) ]
TOTAL THIS MO. 1467 CLEAR (SCALE 0-3) 21
DPTR FM NORMAL -25 PTCLDY (SCALE 4-7) 8
TOTAL FM JUL 1 4292 CLOUDY (SCALE 8-10) 2
DPTR FM NORMAL -560
[CDD (BASE 65) ]
TOTAL THIS MO. 0
DPTR FM NORMAL 0 [PRESSURE DATA]
TOTAL FM JAN 1 0 HIGHEST SLP 30.80 ON 9
DPTR FM NORMAL 0 LOWEST SLP 29.52 ON 7
[REMARKS]
#FINAL-01-22#