000
CXUS55 KRIW 011600
CLMWRL
CLIMATE REPORT
NATIONAL WEATHER SERVICE RIVERTON WY
1000 AM MDT SAT JUL 01 2023
...................................
...THE WORLAND WY CLIMATE SUMMARY FOR THE MONTH OF JUNE 2023...
CLIMATE NORMAL PERIOD: 1991 TO 2020
CLIMATE RECORD PERIOD: 1947 TO 2023
WEATHER OBSERVED NORMAL DEPART LAST YEAR`S
VALUE DATE(S) VALUE FROM VALUE
NORMAL
..............................................................
TEMPERATURE (F)
RECORD
HIGH 107 06/30/1990
06/27/1970
LOW 31 06/15/2022
HIGHEST 85 06/06
LOWEST 44 06/17
AVG. MAXIMUM 75.4 81.0 -5.6
AVG. MINIMUM 51.3 48.2 3.1
MEAN 63.3 64.6 -1.3
DAYS MAX >= 90 0
DAYS MAX <= 32 0
DAYS MIN <= 32 0
DAYS MIN <= 0 0
PRECIPITATION (INCHES)
RECORD
MAXIMUM 3.47 MM
MINIMUM 0.01 2012
TOTALS 3.34 0.97 2.37 0.27
DAILY AVG. 0.11 0.03 0.08
DAYS >= .01 17
DAYS >= .10 9
DAYS >= .50 2
DAYS >= 1.00 0
GREATEST
24 HR. TOTAL 1.07 06/15 TO 06/16
STORM TOTAL 0.78
DEGREE DAYS
HEATING TOTAL 70 91 -21
SINCE 7/1 8669 7944 725
COOLING TOTAL 28 79 -51
SINCE 1/1 32 88 -56
..............................................................
WIND (MPH)
AVERAGE WIND SPEED 6.2
RESULTANT WIND SPEED/DIRECTION 0/180
HIGHEST WIND SPEED/DIRECTION 40/260 DATE 06/26
HIGHEST GUST SPEED/DIRECTION 63/250 DATE 06/26
SKY COVER
POSSIBLE SUNSHINE (PERCENT) MM
AVERAGE SKY COVER 0.41
NUMBER OF DAYS FAIR 16
NUMBER OF DAYS PC 8
NUMBER OF DAYS CLOUDY 6
AVERAGE RH (PERCENT) 69
WEATHER CONDITIONS. NUMBER OF DAYS WITH
THUNDERSTORM 15 MIXED PRECIP 0
HEAVY RAIN 5 RAIN 8
LIGHT RAIN 22 FREEZING RAIN 0
LT FREEZING RAIN 0 HAIL 0
HEAVY SNOW 0 SNOW 0
LIGHT SNOW 0 SLEET 0
FOG 12 FOG W/VIS <= 1/4 MILE 0
HAZE 1
- INDICATES NEGATIVE NUMBERS.
R INDICATES RECORD WAS SET OR TIED.
MM INDICATES DATA IS MISSING.
T INDICATES TRACE AMOUNT.
$$