000
CXUS54 KFWD 070343
CF6XBP
PRELIMINARY LOCAL CLIMATOLOGICAL DATA (WS FORM: F-6)
STATION: BRIDGEPORT
MONTH: NOVEMBER
YEAR: 2020
LATITUDE: 33 10 N
LONGITUDE: 96 30 W
TEMPERATURE IN F: :PCPN: SNOW: WIND :SUNSHINE: SKY :PK WND
================================================================================
1 2 3 4 5 6A 6B 7 8 9 10 11 12 13 14 15 16 17 18
12Z AVG MX 2MIN
DY MAX MIN AVG DEP HDD CDD WTR SNW DPTH SPD SPD DIR MIN PSBL S-S WX SPD DR
================================================================================
1 72 39 56 -3 9 0 0.00 M M 2.9 9 60 M M 0 M M
2 71 32 52 -7 13 0 0.00 M M 2.2 7 140 M M 0 M M
3 79 36 58 0 7 0 0.00 M M 4.3 10 160 M M 0 21 160
4 77 44 61 3 4 0 0.00 M M 7.4 14 170 M M 0 23 180
5 79 49 64 6 1 0 0.00 M M 5.2 14 200 M M 0 1 20 200
6 76 50 63 6 2 0 0.00 M M 4.8 12 130 M M 3 12 17 130
7 76 50 63 6 2 0 0.00 M M 4.7 10 170 M M 1 16 140
8 76 51 64 8 1 0 0.00 M M 8.9 17 130 M M 2 22 160
9 76 60 68 12 0 3 0.00 M M 9.6 17 170 M M 5 24 140
10 68 38 53 -3 12 0 0.00 M M 5.1 12 330 M M 3 20 330
11 74 36 55 0 10 0 0.00 M M 1.3 5 150 M M 0 M M
12 81 45 63 8 2 0 0.05 M M 4.9 12 190 M M 4 18 200
13 66 49 58 4 7 0 0.00 M M 3.3 9 20 M M 4 M M
14 82 53 68 14 0 3 0.00 M M 9.4 23 210 M M 4 32 220
15 64 33 49 -5 16 0 0.00 M M 4.9 21 360 M M 0 28 360
16 72 29 51 -2 14 0 0.00 M M 2.3 9 180 M M 0 M M
17 73 32 53 0 12 0 0.00 M M 3.5 13 120 M M 0 M M
18 75 34 55 3 10 0 0.00 M M 7.1 16 180 M M 0 25 200
19 77 55 66 14 0 1 0.00 M M 11.6 17 210 M M 1 28 210
20 77 54 66 15 0 1 0.00 M M 6.7 15 190 M M 1 18 190
21 78 52 65 14 0 0 0.00 M M 2.6 9 210 M M 8 1 M M
22 62 38 50 0 15 0 0.00 M M 6.0 13 30 M M 7 18 20
23 60 35 48 -2 17 0 0.00 M M 5.8 12 150 M M 6 1 17 150
24 76 52 64 14 1 0 0.08 M M 11.9 16 200 M M 6 1 26 310
25 63 36 50 1 15 0 0.00 M M 6.4 18 310 M M 0 30 310
26 76 33 55 6 10 0 0.00 M M 4.0 13 200 M M 0 21 180
27 64 47 56 8 9 0 0.00 M M 6.4 13 30 M M 2 18 30
28 52 44 48 0 17 0 0.80 M M 4.7 14 60 M M 8 18 80
29 51 41 46 -2 19 0 0.01 M M 9.4 24 340 M M 7 32 340
30 50 29 40 -7 25 0 0.00 M M 8.3 21 360 M M 0 30 360
================================================================================
SM 2123 1276 250 8 0.94 M 175.6 M 72
================================================================================
AV 70.8 42.5 5.9 FASTST M M 2 MAX(MPH)
MISC ----> 24 340 32 340
================================================================================
NOTES:
# LAST OF SEVERAL OCCURRENCES
COLUMN 17 PEAK WIND IN M.P.H.
PRELIMINARY LOCAL CLIMATOLOGICAL DATA (WS FORM: F-6) , PAGE 2
STATION: BRIDGEPORT
MONTH: NOVEMBER
YEAR: 2020
LATITUDE: 33 10 N
LONGITUDE: 96 30 W
[TEMPERATURE DATA] [PRECIPITATION DATA] SYMBOLS USED IN COLUMN 16
AVERAGE MONTHLY: 56.7 TOTAL FOR MONTH: 0.94 1 = FOG OR MIST
DPTR FM NORMAL: 3.5 DPTR FM NORMAL: -1.26 2 = FOG REDUCING VISIBILITY
HIGHEST: 82 ON 14 GRTST 24HR 0.80 ON 28-28 TO 1/4 MILE OR LESS
LOWEST: 29 ON 30,16 3 = THUNDER
SNOW, ICE PELLETS, HAIL 4 = ICE PELLETS
TOTAL MONTH: M 5 = HAIL
GRTST 24HR M ON M 6 = FREEZING RAIN OR DRIZZLE
GRTST DEPTH: M ON M 7 = DUSTSTORM OR SANDSTORM:
VSBY 1/2 MILE OR LESS
8 = SMOKE OR HAZE
[NO. OF DAYS WITH] [WEATHER - DAYS WITH] 9 = BLOWING SNOW
X = TORNADO
MAX 32 OR BELOW: 0 0.01 INCH OR MORE: 4
MAX 90 OR ABOVE: 0 0.10 INCH OR MORE: 1
MIN 32 OR BELOW: 4 0.50 INCH OR MORE: 1
MIN 0 OR BELOW: 0 1.00 INCH OR MORE: 0
[HDD (BASE 65) ]
TOTAL THIS MO. 250 CLEAR (SCALE 0-3) 19
DPTR FM NORMAL -118 PTCLDY (SCALE 4-7) 11
TOTAL FM JUL 1 443 CLOUDY (SCALE 8-10) 0
DPTR FM NORMAL -59
[CDD (BASE 65) ]
TOTAL THIS MO. 8
DPTR FM NORMAL -6 [PRESSURE DATA]
TOTAL FM JAN 1 2277 HIGHEST SLP M ON M
DPTR FM NORMAL 110 LOWEST SLP M ON M
[REMARKS]
#FINAL-11-20#