000
CXUS54 KFWD 280730
CF6XBP
PRELIMINARY LOCAL CLIMATOLOGICAL DATA (WS FORM: F-6)
STATION: BRIDGEPORT
MONTH: MARCH
YEAR: 2024
LATITUDE: 33 10 N
LONGITUDE: 96 30 W
TEMPERATURE IN F: :PCPN: SNOW: WIND :SUNSHINE: SKY :PK WND
================================================================================
1 2 3 4 5 6A 6B 7 8 9 10 11 12 13 14 15 16 17 18
12Z AVG MX 2MIN
DY MAX MIN AVG DEP HDD CDD WTR SNW DPTH SPD SPD DIR MIN PSBL S-S WX SPD DR
================================================================================
1 M M M M M M M M M M M M M M M M M
2 M M M M M M M M M M M M M M M M M
3 M M M M M M M M M M M M M M M M M
4 M M M M M M M M M M M M M M M M M
5 75 47 61 11 4 0 0.00 M M 4.1 10 330 M M 0 M M
6 76 42 59 9 6 0 0.00 M M 4.1 9 180 M M 1 17 160
7 70 56 63 13 2 0 0.81 M M 8.8 18 190 M M 7 13 24 190
8 62 40 51 0 14 0 0.01 M M 8.1 18 340 M M 10 1 29 330
9 57 36 47 -4 18 0 0.00 M M 10.5 18 340 M M 3 24 340
10 64 30 47 -4 18 0 0.00 M M 2.8 8 110 M M 0 M M
11 69 37 53 1 12 0 0.00 M M 5.9 13 200 M M 1 18 190
12 78 55 67 15 0 2 0.00 M M 9.4 18 190 M M 1 25 190
13 82 56 69 17 0 4 0.00 M M 8.7 16 160 M M 0 25 160
14 81 66 74 21 0 9 0.00 M M 8.2 16 170 M M 6 23 170
15 68 47 58 5 7 0 0.13 M M 8.4 16 360 M M 5 3 25 360
16 58 46 52 -1 13 0 0.85 M M 2.6 8 60 M M 9 13 M M
17 65 47 56 2 9 0 0.00 M M 4.8 13 60 M M 6 18 60
18 58 35 47 -7 18 0 0.00 M M 4.3 10 20 M M 1 17 20
19 67 31 49 -5 16 0 0.00 M M 4.5 12 170 M M 0 16 190
20 72 44 58 3 7 0 0.00 M M 5.1 9 160 M M 0 M M
21 68 52 60 5 5 0 0.46 M M 4.0 9 170 M M 7 3 M M
22 70 54 62 7 3 0 0.00 M M 5.7 12 20 M M 7 1 20 0
23 66 44 55 -1 10 0 0.00 M M 4.0 8 20 M M 0 M M
24 68 58 63 7 2 0 0.00 M M 14.0 25 160 M M 5 36 170
25 69 42 56 0 9 0 0.00 M M 9.5 15 330 M M 3 24 330
26 56 36 46 -10 19 0 0.00 M M 5.2 10 320 M M 0 17 300
27 65 33 49 -8 16 0 0.00 M M 4.8 10 80 M M 2 17 140
================================================================================
SM 1564 1034 208 15 2.26 M 147.6 M 74
================================================================================
AV 68.0 45.0 6.4 FASTST M M 3 MAX(MPH)
MISC ----> 25 160 36 170
================================================================================
NOTES:
# LAST OF SEVERAL OCCURRENCES
COLUMN 17 PEAK WIND IN M.P.H.
PRELIMINARY LOCAL CLIMATOLOGICAL DATA (WS FORM: F-6) , PAGE 2
STATION: BRIDGEPORT
MONTH: MARCH
YEAR: 2024
LATITUDE: 33 10 N
LONGITUDE: 96 30 W
[TEMPERATURE DATA] [PRECIPITATION DATA] SYMBOLS USED IN COLUMN 16
AVERAGE MONTHLY: 56.5 TOTAL FOR MONTH: 2.26 1 = FOG OR MIST
DPTR FM NORMAL: 3.8 DPTR FM NORMAL: -0.47 2 = FOG REDUCING VISIBILITY
HIGHEST: 82 ON 13 GRTST 24HR 0.85 ON 16-16 TO 1/4 MILE OR LESS
LOWEST: 30 ON 10 3 = THUNDER
SNOW, ICE PELLETS, HAIL 4 = ICE PELLETS
TOTAL MONTH: M 5 = HAIL
GRTST 24HR M ON M 6 = FREEZING RAIN OR DRIZZLE
GRTST DEPTH: M ON M 7 = DUSTSTORM OR SANDSTORM:
VSBY 1/2 MILE OR LESS
8 = SMOKE OR HAZE
[NO. OF DAYS WITH] [WEATHER - DAYS WITH] 9 = BLOWING SNOW
X = TORNADO
MAX 32 OR BELOW: 0 0.01 INCH OR MORE: 5
MAX 90 OR ABOVE: 0 0.10 INCH OR MORE: 4
MIN 32 OR BELOW: 2 0.50 INCH OR MORE: 2
MIN 0 OR BELOW: 0 1.00 INCH OR MORE: 0
[HDD (BASE 65) ]
TOTAL THIS MO. 208 CLEAR (SCALE 0-3) 12
DPTR FM NORMAL -134 PTCLDY (SCALE 4-7) 9
TOTAL FM JUL 1 2058 CLOUDY (SCALE 8-10) 6
DPTR FM NORMAL -706
[CDD (BASE 65) ]
TOTAL THIS MO. 15
DPTR FM NORMAL 7 [PRESSURE DATA]
TOTAL FM JAN 1 25 HIGHEST SLP M ON M
DPTR FM NORMAL 16 LOWEST SLP M ON M
[REMARKS]