000
CXUS51 KPBZ 010730
CF6ZZV
PRELIMINARY LOCAL CLIMATOLOGICAL DATA (WS FORM: F-6)
STATION: ZANESVILLE OH
MONTH: AUGUST
YEAR: 2020
LATITUDE: 39 56 N
LONGITUDE: 81 54 W
TEMPERATURE IN F: :PCPN: SNOW: WIND :SUNSHINE: SKY :PK WND
================================================================================
1 2 3 4 5 6A 6B 7 8 9 10 11 12 13 14 15 16 17 18
12Z AVG MX 2MIN
DY MAX MIN AVG DEP HDD CDD WTR SNW DPTH SPD SPD DIR MIN PSBL S-S WX SPD DR
================================================================================
1 84 69 77 4 0 12 0.18 M M 5.7 16 190 M M 8 13 20 150
2 73 65 69 -4 0 4 0.06 M M 8.7 20 250 M M 9 18 27 230
3 83 61 72 -1 0 7 0.10 M M 5.1 17 290 M M 4 13 23 290
4 76 62 69 -4 0 4 0.55 M M 3.7 15 280 M M 8 12 21 290
5 77 54 66 -7 0 1 0.00 M M 1.6 10 240 M M 3 12 12 220
6 81 57 69 -3 0 4 0.00 M M 3.1 7 360 M M 3 10 360
7 83 60 72 0 0 7 0.00 M M 3.9 10 340 M M 3 13 30
8 84 59 72 0 0 7 0.00 M M 0.5 9 300 M M 2 1 11 280
9 87 59 73 1 0 8 0.00 M M 2.3 9 160 M M 0 1 13 220
10 90 63 77 5 0 12 0.00 M M 3.2 10 150 M M 0 1 17 180
11 85 69 77 5 0 12 0.00 M M 4.2 14 260 M M 3 1 18 270
12 88 66 77 5 0 12 0.00 M M 1.7 10 330 M M 4 1 13 340
13 91 63 77 5 0 12 0.00 M M 4.1 10 320 M M 1 14 320
14 90 71 81 9 0 16 0.00 M M 4.4 13 70 M M 2 17 70
15 78 63 71 -1 0 6 T M M 4.6 17 100 M M 4 23 100
16 82 57 70 -2 0 5 0.04 M M 2.3 12 280 M M 5 123 16 300
17 84 60 72 0 0 7 0.00 M M 2.5 15 230 M M 5 123 20 240
18 81 57 69 -3 0 4 0.00 M M 2.8 12 360 M M 5 12 15 280
19 79 55 67 -5 0 2 0.00 M M 5.6 14 330 M M 2 21 50
20 84 50 67 -5 0 2 0.00 M M 2.1 9 60 M M 0 12 70
21 86 59 73 1 0 8 0.00 M M 2.1 10 180 M M 2 3 14 190
22 82 66 74 3 0 9 T M M 2.6 9 200 M M 3 13 11 220
23 86 63 75 4 0 10 0.00 M M 3.2 13 250 M M 5 12 17 270
24 89 65 77 6 0 12 0.01 M M 5.4 18 290 M M 2 13 25 290
25 93 68 81 10 0 16 0.57 M M 5.2 35 310 M M 3 1238 46 320
26 87 64 76 5 0 11 0.02 M M 4.6 17 60 M M 4 123 21 70
27 86 70 78 7 0 13 T M M 6.9 17 250 M M 3 1 26 250
28 87 70 79 9 0 14 1.42 M M 4.6 18 290 M M 4 13 24 280
29 84 63 74 4 0 9 0.00 M M 6.5 21 270 M M 4 12 27 290
30 78 57 68 -2 0 3 0.00 M M 3.0 10 300 M M 1 14 300
31 77 57 67 -3 0 2 0.00 M M 2.1 9 160 M M 5 12 150
================================================================================
SM 2595 1922 0 251 2.95 M 118.3 M 107
================================================================================
AV 83.7 62.0 3.8 FASTST M M 3 MAX(MPH)
MISC ----> 35 310 46 320
================================================================================
NOTES:
# LAST OF SEVERAL OCCURRENCES
COLUMN 17 PEAK WIND IN M.P.H.
PRELIMINARY LOCAL CLIMATOLOGICAL DATA (WS FORM: F-6) , PAGE 2
STATION: ZANESVILLE OH
MONTH: AUGUST
YEAR: 2020
LATITUDE: 39 56 N
LONGITUDE: 81 54 W
[TEMPERATURE DATA] [PRECIPITATION DATA] SYMBOLS USED IN COLUMN 16
AVERAGE MONTHLY: 72.9 TOTAL FOR MONTH: 2.95 1 = FOG OR MIST
DPTR FM NORMAL: 1.2 DPTR FM NORMAL: -0.28 2 = FOG REDUCING VISIBILITY
HIGHEST: 93 ON 25 GRTST 24HR 1.42 ON 28-28 TO 1/4 MILE OR LESS
LOWEST: 50 ON 20 3 = THUNDER
SNOW, ICE PELLETS, HAIL 4 = ICE PELLETS
TOTAL MONTH: M 5 = HAIL
GRTST 24HR M ON M 6 = FREEZING RAIN OR DRIZZLE
GRTST DEPTH: M ON M 7 = DUSTSTORM OR SANDSTORM:
VSBY 1/2 MILE OR LESS
8 = SMOKE OR HAZE
[NO. OF DAYS WITH] [WEATHER - DAYS WITH] 9 = BLOWING SNOW
X = TORNADO
MAX 32 OR BELOW: 0 0.01 INCH OR MORE: 9
MAX 90 OR ABOVE: 4 0.10 INCH OR MORE: 5
MIN 32 OR BELOW: 0 0.50 INCH OR MORE: 3
MIN 0 OR BELOW: 0 1.00 INCH OR MORE: 1
[HDD (BASE 65) ]
TOTAL THIS MO. 0 CLEAR (SCALE 0-3) 15
DPTR FM NORMAL -8 PTCLDY (SCALE 4-7) 15
TOTAL FM JUL 1 0 CLOUDY (SCALE 8-10) 1
DPTR FM NORMAL -7
[CDD (BASE 65) ]
TOTAL THIS MO. 251
DPTR FM NORMAL 35 [PRESSURE DATA]
TOTAL FM JAN 1 905 HIGHEST SLP 30.19 ON 8
DPTR FM NORMAL 228 LOWEST SLP 29.62 ON 29
[REMARKS]
#FINAL-08-20#