000
CXUS54 KFWD 220730
CF60F2
PRELIMINARY LOCAL CLIMATOLOGICAL DATA (WS FORM: F-6)

                                          STATION:   BOWIE
                                          MONTH:     APRIL
                                          YEAR:      2018
                                          LATITUDE:   33 36 N
                                          LONGITUDE:  97 47 W

  TEMPERATURE IN F:       :PCPN:    SNOW:  WIND      :SUNSHINE: SKY     :PK WND
================================================================================
1   2   3   4   5  6A  6B    7    8   9   10  11  12  13   14  15   16   17  18
                                     12Z  AVG MX 2MIN
DY MAX MIN AVG DEP HDD CDD  WTR  SNW DPTH SPD SPD DIR MIN PSBL S-S WX    SPD DR
================================================================================

 1  66  39  53  -5  12   0 0.00  0.0    0  8.2 17 330   M    M   8 1      20 350
 2  55  37  46 -12  19   0 0.00  0.0    0  5.4 14 140   M    M   8 1      21 140
 3  79  44  62   4   3   0 0.00  0.0    0 18.1 29 350   M    M   3        40 350
 4  62  33  48 -10  17   0 0.00  0.0    0  4.7 10 360   M    M   0        17 360
 5  76  43  60   1   5   0 0.00  0.0    0  9.4 16 150   M    M   2        25 150
 6  84  44  64   5   1   0 0.00  0.0    0 13.2 27 320   M    M   9        36 320
 7  44  29  37 -22  28   0 0.00  0.0    0 11.0 18 350   M    M   8 1      28 360
 8  55  30  43 -17  22   0 0.00  0.0    0  4.2 12 130   M    M   4 1      17 130
 9  71  37  54  -6  11   0 0.00  0.0    0  3.8 14  10   M    M   1        21  10
10  71  39  55  -5  10   0 0.00  0.0    0  3.5  6 160   M    M   0         M  M
11  82  46  64   4   1   0 0.00  0.0    0 13.6 22 170   M    M   0 8      32 160
12  88  59  74  13   0   9 0.00  0.0    0 16.9 24 170   M    M   0        32 170
13  90  55  73  12   0   8 0.00  0.0    0 16.4 23 160   M    M   4        37 260
14  59  39  49 -12  16   0 0.00  0.0    0 17.4 27 290   M    M   0        40 290
15  63  32  48 -14  17   0 0.00  0.0    0 11.7 20 330   M    M   0        31 320
16  83  33  58  -4   7   0 0.00  0.0    0  8.4 17 170   M    M   0        25 170
17  89  58  74  12   0   9 0.00  0.0    0 14.6 22 180   M    M   0        30 180
18  73  47  60  -2   5   0 0.00  0.0    0 12.1 27 340   M    M   0        33 340
19  70  39  55  -8  10   0 0.00  0.0    0  3.8 10 360   M    M   0        20  10
20  69  42  56  -7   9   0 0.00  0.0    0  7.8 15 120   M    M   0        24 120
21  56  49  53 -10  12   0 0.79    M    0  7.7 16 140   M    M   9 1      23 140
================================================================================
SM 1485  874       205  26  0.79     0.0 211.9          M       56
================================================================================
AV 70.7 41.6                              10.1 FASTST   M    M   3    MAX(MPH)
                                 MISC ---->  # 29 350               # 40  350
================================================================================
NOTES:
# LAST OF SEVERAL OCCURRENCES

COLUMN 17 PEAK WIND IN M.P.H.

PRELIMINARY LOCAL CLIMATOLOGICAL DATA (WS FORM: F-6) , PAGE 2

                                          STATION:  BOWIE
                                          MONTH:    APRIL
                                          YEAR:     2018
                                          LATITUDE:   33 36 N
                                          LONGITUDE:  97 47 W

[TEMPERATURE DATA]      [PRECIPITATION DATA]       SYMBOLS USED IN COLUMN 16

AVERAGE MONTHLY: 56.2   TOTAL FOR MONTH:   0.79    1 = FOG OR MIST
DPTR FM NORMAL:  -4.3   DPTR FM NORMAL:   -1.05    2 = FOG REDUCING VISIBILITY
HIGHEST:    90 ON 13    GRTST 24HR  0.79 ON 21-21      TO 1/4 MILE OR LESS
LOWEST:     29 ON  7                               3 = THUNDER
                        SNOW, ICE PELLETS, HAIL    4 = ICE PELLETS
                        TOTAL MONTH:   0.0 INCH    5 = HAIL
                        GRTST 24HR     0.0         6 = FREEZING RAIN OR DRIZZLE
                        GRTST DEPTH:   0           7 = DUSTSTORM OR SANDSTORM:
                                                       VSBY 1/2 MILE OR LESS
                                                   8 = SMOKE OR HAZE
[NO. OF DAYS WITH]      [WEATHER - DAYS WITH]      9 = BLOWING SNOW
                                                   X = TORNADO
MAX 32 OR BELOW:   0    0.01 INCH OR MORE:   1
MAX 90 OR ABOVE:   1    0.10 INCH OR MORE:   1
MIN 32 OR BELOW:   3    0.50 INCH OR MORE:   1
MIN  0 OR BELOW:   0    1.00 INCH OR MORE:   0

[HDD (BASE 65) ]
TOTAL THIS MO.   205    CLEAR  (SCALE 0-3)  14
DPTR FM NORMAL    76    PTCLDY (SCALE 4-7)   4
TOTAL FM JUL 1  2740    CLOUDY (SCALE 8-10)  3
DPTR FM NORMAL  -281

[CDD (BASE 65) ]
TOTAL THIS MO.    26
DPTR FM NORMAL    -7    [PRESSURE DATA]
TOTAL FM JAN 1    68    HIGHEST SLP M ON M
DPTR FM NORMAL    20    LOWEST  SLP M ON M

[REMARKS]
