000
CXUS53 KABR 281100
CF68D3
PRELIMINARY LOCAL CLIMATOLOGICAL DATA (WS FORM: F-6)
STATION: SISSETON SD
MONTH: MARCH
YEAR: 2024
LATITUDE: 45 40 N
LONGITUDE: 96 59 W
TEMPERATURE IN F: :PCPN: SNOW: WIND :SUNSHINE: SKY :PK WND
================================================================================
1 2 3 4 5 6A 6B 7 8 9 10 11 12 13 14 15 16 17 18
12Z AVG MX 2MIN
DY MAX MIN AVG DEP HDD CDD WTR SNW DPTH SPD SPD DIR MIN PSBL S-S WX SPD DR
================================================================================
1 63 30 47 24 18 0 0.00 0.0 0 12.4 30 230 M M 0 38 230
2 48 28 38 14 27 0 0.00 0.0 0 8.4 21 330 M M 0 29 340
3 50 27 39 15 26 0 0.00 0.0 0 12.5 37 260 M M 0 47 260
4 35 17 26 2 39 0 0.00 0.0 0 9.2 30 270 M M 0 37 270
5 45 16 31 6 34 0 T T 0 8.0 20 140 M M 0 28 150
6 60 21 41 16 24 0 0.09 0.1 0 13.5 38 190 M M 0 50 180
7 37 14 26 0 39 0 0.00 0.0 T 8.7 15 330 M M 0 22 300
8 41 20 31 5 34 0 0.00 0.0 0 10.3 18 340 M M 0 29 320
9 44 16 30 3 35 0 0.00 0.0 0 6.9 15 320 M M 0 20 330
10 62 20 41 14 24 0 0.00 0.0 0 10.5 25 160 M M 0 32 160
11 72 25 49 21 16 0 0.00 0.0 0 9.4 22 150 M M 0 29 320
12 64 28 46 18 19 0 0.00 0.0 0 5.8 16 320 M M 0 22 350
13 59 33 46 17 19 0 0.00 0.0 0 8.7 22 60 M M 0 30 70
14 55 31 43 14 22 0 0.00 0.0 0 13.4 22 340 M M 0 28 10
15 55 33 44 14 21 0 0.00 0.0 0 16.5 31 320 M M 0 45 310
16 45 24 35 5 30 0 0.01 T 0 21.9 33 320 M M 0 42 320
17 27 19 23 -7 42 0 T T T 23.0 31 340 M M 0 40 350
18 44 12 28 -3 37 0 0.00 0.0 0 12.8 33 230 M M 0 43 230
19 48 19 34 3 31 0 0.00 0.0 0 18.1 26 340 M M 0 34 340
20 27 11 19 -13 46 0 0.00 0.0 0 10.4 25 350 M M 0 33 340
21 25 19 22 -10 43 0 0.38 2.5 T 7.8 14 120 M M 0 18 130
22 27 8 18 -15 47 0 0.02 0.2 2 9.9 20 20 M M 0 23 20
23 26 4 15 -18 50 0 0.03 T 2 7.8 15 110 M M 0 20 110
24 29 24 27 -7 38 0 0.29 1.8 2 16.1 23 20 M M 0 30 30
25 28 22 25 -9 40 0 0.04 1.0 4 27.0 35 350 M M 0 45 360
26 27 17 22 -12 43 0 0.03 0.7 5 25.1 35 340 M M 0 43 340
27 26 13 20 -15 45 0 0.00 0.0 5 12.2 20 300 M M 0 25 300
================================================================================
SM 1169 551 889 0 0.89 6.3 346.3 M 0
================================================================================
AV 43.3 20.4 12.8 FASTST M M 0 MAX(MPH)
MISC ----> 38 190 50 180
================================================================================
NOTES:
# LAST OF SEVERAL OCCURRENCES
COLUMN 17 PEAK WIND IN M.P.H.
PRELIMINARY LOCAL CLIMATOLOGICAL DATA (WS FORM: F-6) , PAGE 2
STATION: SISSETON SD
MONTH: MARCH
YEAR: 2024
LATITUDE: 45 40 N
LONGITUDE: 96 59 W
[TEMPERATURE DATA] [PRECIPITATION DATA] SYMBOLS USED IN COLUMN 16
AVERAGE MONTHLY: 31.9 TOTAL FOR MONTH: 0.89 1 = FOG OR MIST
DPTR FM NORMAL: 2.8 DPTR FM NORMAL: -0.04 2 = FOG REDUCING VISIBILITY
HIGHEST: 72 ON 11 GRTST 24HR 0.40 ON 21-22 TO 1/4 MILE OR LESS
LOWEST: 4 ON 23 3 = THUNDER
SNOW, ICE PELLETS, HAIL 4 = ICE PELLETS
TOTAL MONTH: 6.3 INCHES 5 = HAIL
GRTST 24HR 2.5 ON 21-21 6 = FREEZING RAIN OR DRIZZLE
GRTST DEPTH: 5 ON 27,26 7 = DUSTSTORM OR SANDSTORM:
VSBY 1/2 MILE OR LESS
8 = SMOKE OR HAZE
[NO. OF DAYS WITH] [WEATHER - DAYS WITH] 9 = BLOWING SNOW
X = TORNADO
MAX 32 OR BELOW: 9 0.01 INCH OR MORE: 8
MAX 90 OR ABOVE: 0 0.10 INCH OR MORE: 2
MIN 32 OR BELOW: 25 0.50 INCH OR MORE: 0
MIN 0 OR BELOW: 0 1.00 INCH OR MORE: 0
[HDD (BASE 65) ]
TOTAL THIS MO. 889 CLEAR (SCALE 0-3) 27
DPTR FM NORMAL -83 PTCLDY (SCALE 4-7) 0
TOTAL FM JUL 1 5941 CLOUDY (SCALE 8-10) 0
DPTR FM NORMAL -1164
[CDD (BASE 65) ]
TOTAL THIS MO. 0
DPTR FM NORMAL 0 [PRESSURE DATA]
TOTAL FM JAN 1 0 HIGHEST SLP M ON M
DPTR FM NORMAL 0 LOWEST SLP 29.21 ON 3
[REMARKS]