000
CXAK56 PAFC 191320
CF6AKN
PRELIMINARY LOCAL CLIMATOLOGICAL DATA (WS FORM: F-6)

                                          STATION:   KING SALMON
                                          MONTH:     APRIL
                                          YEAR:      2018
                                          LATITUDE:   58 41 N
                                          LONGITUDE: 156 39 W

  TEMPERATURE IN F:       :PCPN:    SNOW:  WIND      :SUNSHINE: SKY     :PK WND
================================================================================
1   2   3   4   5  6A  6B    7    8   9   10  11  12  13   14  15   16   17  18
                                     12Z  AVG MX 2MIN
DY MAX MIN AVG DEP HDD CDD  WTR  SNW DPTH SPD SPD DIR MIN PSBL S-S WX    SPD DR
================================================================================

 1  43  22  33   5  32   0 0.00  0.0    M 11.2 22 360   M    M   1        27  20
 2  44  24  34   6  31   0 0.00  0.0    T  9.8 14  10   M    M   1        20  20
 3  37  20  29   0  36   0 0.00  0.0    T  8.8 15 350   M    M   3        21 360
 4  36  12  24  -5  41   0 0.06  1.1    T  5.6 14 190   M    M   6        18 170
 5  27  24  26  -4  39   0 0.41  9.0    2  4.5  7 320   M    M  10 12      M  M
 6  31  14  23  -7  42   0 0.02  0.4   11  5.3 12 360   M    M   7 12      M  M
 7  37   9  23  -7  42   0 0.00  0.0    8 11.3 21 360   M    M   2        27  10
 8  41  16  29  -2  36   0 0.00  0.0    7  4.8 12 360   M    M   2 8      15 350
 9  47  25  36   5  29   0    T  0.0    5 10.5 25  90   M    M   8        40  80
10  50  38  44  12  21   0 0.00  0.0    1 15.6 29  50   M    M   5        41  40
11  48  37  43  11  22   0    T  0.0    T 11.1 23  30   M    M   9        29  30
12  52  33  43  11  22   0 0.00  0.0    0  9.6 20  70   M    M   7        26  80
13  54  27  41   8  24   0 0.00  0.0    0  7.3 18 270   M    M   3        22 330
14  46  31  39   6  26   0 0.00  0.0    0  5.8 13 210   M    M   8 1      18 220
15  48  33  41   7  24   0    T    M    0  6.1 17 160   M    M  10        22 150
16  44  33  39   5  26   0 0.13    M    M  5.9 10 190   M    M   8 1       M  M
17  46  33  40   6  25   0 0.01  0.0    0 11.5 26 150   M    M   8        34 140
18  49  33  41   6  24   0 0.28  0.0    0 11.1 21 100   M    M  10 1      28  90
================================================================================
SM  780  464       542   0  0.91    10.5 155.8          M      108
================================================================================
AV 43.3 25.8                               8.7 FASTST   M    M   6    MAX(MPH)
                                 MISC ---->  # 29  50               # 41   40
================================================================================
NOTES:
# LAST OF SEVERAL OCCURRENCES

COLUMN 17 PEAK WIND IN M.P.H.

PRELIMINARY LOCAL CLIMATOLOGICAL DATA (WS FORM: F-6) , PAGE 2

                                          STATION:  KING SALMON
                                          MONTH:    APRIL
                                          YEAR:     2018
                                          LATITUDE:   58 41 N
                                          LONGITUDE: 156 39 W

[TEMPERATURE DATA]      [PRECIPITATION DATA]       SYMBOLS USED IN COLUMN 16

AVERAGE MONTHLY: 34.6   TOTAL FOR MONTH:   0.91    1 = FOG OR MIST
DPTR FM NORMAL:   3.2   DPTR FM NORMAL:    0.36    2 = FOG REDUCING VISIBILITY
HIGHEST:    54 ON 13    GRTST 24HR  0.41 ON  5- 5      TO 1/4 MILE OR LESS
LOWEST:      9 ON  7                               3 = THUNDER
                        SNOW, ICE PELLETS, HAIL    4 = ICE PELLETS
                        TOTAL MONTH:  10.5 INCHES  5 = HAIL
                        GRTST 24HR   9.0 ON  5- 5  6 = FREEZING RAIN OR DRIZZLE
                        GRTST DEPTH:  11 ON  6     7 = DUSTSTORM OR SANDSTORM:
                                                       VSBY 1/2 MILE OR LESS
                                                   8 = SMOKE OR HAZE
[NO. OF DAYS WITH]      [WEATHER - DAYS WITH]      9 = BLOWING SNOW
                                                   X = TORNADO
MAX 32 OR BELOW:   2    0.01 INCH OR MORE:   6
MAX 90 OR ABOVE:   0    0.10 INCH OR MORE:   3
MIN 32 OR BELOW:  11    0.50 INCH OR MORE:   0
MIN  0 OR BELOW:   0    1.00 INCH OR MORE:   0

[HDD (BASE 65) ]
TOTAL THIS MO.   542    CLEAR  (SCALE 0-3)   5
DPTR FM NORMAL   -64    PTCLDY (SCALE 4-7)   7
TOTAL FM JUL 1  8163    CLOUDY (SCALE 8-10)  6
DPTR FM NORMAL -1329

[CDD (BASE 65) ]
TOTAL THIS MO.     0
DPTR FM NORMAL     0    [PRESSURE DATA]
TOTAL FM JAN 1     0    HIGHEST SLP M ON M
DPTR FM NORMAL     0    LOWEST  SLP 29.00 ON 10

[REMARKS]
