000
CXUS54 KMAF 211100
CF6ATS
PRELIMINARY LOCAL CLIMATOLOGICAL DATA (WS FORM: F-6)

                                          STATION:   Artesia
                                          MONTH:     APRIL
                                          YEAR:      2018
                                          LATITUDE:   32 54 N
                                          LONGITUDE: 104 30 W

  TEMPERATURE IN F:       :PCPN:    SNOW:  WIND      :SUNSHINE: SKY     :PK WND
================================================================================
1   2   3   4   5  6A  6B    7    8   9   10  11  12  13   14  15   16   17  18
                                     12Z  AVG MX 2MIN
DY MAX MIN AVG DEP HDD CDD  WTR  SNW DPTH SPD SPD DIR MIN PSBL S-S WX    SPD DR
================================================================================

 1  88  50  69   M   0   4 0.00  0.0    0  9.3 21 210   M    M   0        30 210
 2  86  45  66   M   0   1 0.00  0.0    0 14.0 33 230   M    M   0        43 260
 3  81  50  66   M   0   1 0.00  0.0    0 14.3 23 300   M    M   0        28  70
 4  68  37  53   M  12   0 0.00  0.0    0 14.5 24 140   M    M   0        35 150
 5  84  45  65   M   0   0 0.00  0.0    0  8.1 18 230   M    M   0        24 230
 6  82  41  62   M   3   0 0.00  0.0    0  6.4 30 360   M    M   0        37 360
 7  59  34  47   M  18   0 0.00  0.0    0 10.9 22 150   M    M   1        29 150
 8  93  41  67   M   0   2 0.00  0.0    0 13.7 25 150   M    M   0        32 160
 9  81  45  63   M   2   0 0.00  0.0    0 10.8 18  80   M    M   1        25  10
10  75  45  60   M   5   0 0.00  0.0    0 12.0 21 140   M    M   0        28 160
11  95  48  72   M   0   7 0.00  0.0    0 14.7 28 240   M    M   0        38 240
12  91  57  74   M   0   9 0.00  0.0    0 22.3 41 240   M    M   0        52 240
13  75  46  61   M   4   0 0.00  0.0    0 24.8 37 290   M    M   0        50 250
14  66  36  51   M  14   0 0.00  0.0    0  6.1 13 190   M    M   0        17   0
15  75  36  56   M   9   0 0.00  0.0    0  8.0 15 130   M    M   0        18 150
16  88  39  64   M   1   0 0.00  0.0    0 12.0 23 230   M    M   0        31 230
17  90  61  76   M   0  11 0.00  0.0    0 22.5 39 240   M    M   0        48 240
18  72  45  59   M   6   0 0.00  0.0    0  9.5 18 240   M    M   0        24 240
19  75  45  60   M   5   0 0.00  0.0    0 14.0 25 140   M    M   1        39 130
20  84  54  69   M   0   4 0.00  0.0    0 23.5 36 250   M    M   1        47 240
================================================================================
SM 1608  900        79  39  0.00     0.0 271.4          M        4
================================================================================
AV 80.4 45.0                              13.6 FASTST   M    M   0    MAX(MPH)
                                 MISC ---->  # 41 240               # 52  240
================================================================================
NOTES:
# LAST OF SEVERAL OCCURRENCES

COLUMN 17 PEAK WIND IN M.P.H.

PRELIMINARY LOCAL CLIMATOLOGICAL DATA (WS FORM: F-6) , PAGE 2

                                          STATION:  Artesia
                                          MONTH:    APRIL
                                          YEAR:     2018
                                          LATITUDE:   32 54 N
                                          LONGITUDE: 104 30 W

[TEMPERATURE DATA]      [PRECIPITATION DATA]       SYMBOLS USED IN COLUMN 16

AVERAGE MONTHLY: 62.7   TOTAL FOR MONTH:   0.00    1 = FOG OR MIST
DPTR FM NORMAL:     M   DPTR FM NORMAL:       M    2 = FOG REDUCING VISIBILITY
HIGHEST:    95 ON 11    GRTST 24HR  0.00 ON 20-20      TO 1/4 MILE OR LESS
LOWEST:     34 ON  7                               3 = THUNDER
                        SNOW, ICE PELLETS, HAIL    4 = ICE PELLETS
                        TOTAL MONTH:   0.0 INCH    5 = HAIL
                        GRTST 24HR     0.0         6 = FREEZING RAIN OR DRIZZLE
                        GRTST DEPTH:   0           7 = DUSTSTORM OR SANDSTORM:
                                                       VSBY 1/2 MILE OR LESS
                                                   8 = SMOKE OR HAZE
[NO. OF DAYS WITH]      [WEATHER - DAYS WITH]      9 = BLOWING SNOW
                                                   X = TORNADO
MAX 32 OR BELOW:   0    0.01 INCH OR MORE:   0
MAX 90 OR ABOVE:   4    0.10 INCH OR MORE:   0
MIN 32 OR BELOW:   0    0.50 INCH OR MORE:   0
MIN  0 OR BELOW:   0    1.00 INCH OR MORE:   0

[HDD (BASE 65) ]
TOTAL THIS MO.    79    CLEAR  (SCALE 0-3)  20
DPTR FM NORMAL     M    PTCLDY (SCALE 4-7)   0
TOTAL FM JUL 1  2573    CLOUDY (SCALE 8-10)  0
DPTR FM NORMAL     M

[CDD (BASE 65) ]
TOTAL THIS MO.    39
DPTR FM NORMAL     M    [PRESSURE DATA]
TOTAL FM JAN 1    53    HIGHEST SLP M ON M
DPTR FM NORMAL     M    LOWEST  SLP M ON M

[REMARKS]
