000
CXUS55 KCYS 261000
CF6BFF
PRELIMINARY LOCAL CLIMATOLOGICAL DATA (WS FORM: F-6)

                                          STATION:   SCOTTSBLUFF NE AIRPORT
                                          MONTH:     MAY
                                          YEAR:      2018
                                          LATITUDE:   41 52 N
                                          LONGITUDE: 103 36 W

  TEMPERATURE IN F:       :PCPN:    SNOW:  WIND      :SUNSHINE: SKY     :PK WND
================================================================================
1   2   3   4   5  6A  6B    7    8   9   10  11  12  13   14  15   16   17  18
                                     12Z  AVG MX 2MIN
DY MAX MIN AVG DEP HDD CDD  WTR  SNW DPTH SPD SPD DIR MIN PSBL S-S WX    SPD DR
================================================================================

 1  62  37  50  -2  15   0 0.27  0.0    0  6.1 29 290   M    M   6 123    35 290
 2  57  39  48  -4  17   0 0.20  0.0    0  4.2  9  40   M    M   7 12     11  40
 3  58  43  51  -2  14   0 0.85  0.0    0  6.2 28 330   M    M   5 13     34 340
 4  74  39  57   4   8   0 0.00  0.0    0  7.5 14 270   M    M   0        17 250
 5  79  43  61   7   4   0 0.00  0.0    0  7.4 23 310   M    M   0        28 310
 6  78  46  62   8   3   0 0.00  0.0    0  9.5 21 120   M    M   1        27 210
 7  84  53  69  15   0   4 0.01  0.0    0 11.3 36  30   M    M   0 8      45  30
 8  78  47  63   8   2   0 0.00  0.0    0 12.1 28  40   M    M   2        36  40
 9  83  42  63   8   2   0    T  0.0    0  7.1 22  70   M    M   0        27  60
10  80  49  65  10   0   0 0.17  0.0    0 11.1 35  10   M    M   2 13     44  20
11  64  47  56   0   9   0 0.06  0.0    0 11.1 22  80   M    M   9 18     27  70
12  55  45  50  -6  15   0 0.04  0.0    0 10.0 20  30   M    M  10 13     23  20
13  65  47  56   0   9   0 0.06  0.0    0  5.3 15 140   M    M   8 1      18 140
14  69  44  57   0   8   0 0.17  0.0    0  4.7 28 270   M    M   5 123    36 260
15  75  41  58   1   7   0 0.00  0.0    0  6.7 14 120   M    M   0 1      17 130
16  83  47  65   8   0   0 0.00  0.0    0  8.0 16 160   M    M   0        19 160
17  86  57  72  14   0   7 0.20  0.0    0 14.4 32 160   M    M   2 3      45 260
18  72  51  62   4   3   0 1.63  0.0    0  7.7 36  10   M    M   7 13     45 350
19  53  44  49  -9  16   0 2.61  0.0    0 15.7 32  20   M    M  10 13     41  20
20  63  43  53  -6  12   0 0.00  0.0    0  5.7 14 130   M    M   4        16 150
21  74  45  60   1   5   0 0.00  0.0    0  7.4 12  90   M    M   1        16 140
22  82  50  66   7   0   1 0.02  0.0    0  8.8 23 140   M    M   1 1      29 120
23  80  51  66   6   0   1 0.00  0.0    0  6.3 23 110   M    M   0        30 300
24  85  47  66   6   0   1 0.00  0.0    0  7.3 20 300   M    M   0        27 280
25  89  50  70  10   0   5 0.00  0.0    0  6.4 13 290   M    M   0        16 310
================================================================================
SM 1828 1147       149  19  6.29     0.0 208.0          M       80
================================================================================
AV 73.1 45.9                               8.3 FASTST   M    M   3    MAX(MPH)
                                 MISC ---->  # 36  30               # 45   30
================================================================================
NOTES:
# LAST OF SEVERAL OCCURRENCES

COLUMN 17 PEAK WIND IN M.P.H.

PRELIMINARY LOCAL CLIMATOLOGICAL DATA (WS FORM: F-6) , PAGE 2

                                          STATION:  SCOTTSBLUFF NE AIRPORT
                                          MONTH:    MAY
                                          YEAR:     2018
                                          LATITUDE:   41 52 N
                                          LONGITUDE: 103 36 W

[TEMPERATURE DATA]      [PRECIPITATION DATA]       SYMBOLS USED IN COLUMN 16

AVERAGE MONTHLY: 59.5   TOTAL FOR MONTH:   6.29    1 = FOG OR MIST
DPTR FM NORMAL:   3.2   DPTR FM NORMAL:    4.41    2 = FOG REDUCING VISIBILITY
HIGHEST:    89 ON 25    GRTST 24HR  2.61 ON 19-19      TO 1/4 MILE OR LESS
LOWEST:     37 ON  1                               3 = THUNDER
                        SNOW, ICE PELLETS, HAIL    4 = ICE PELLETS
                        TOTAL MONTH:   0.0 INCH    5 = HAIL
                        GRTST 24HR     0.0         6 = FREEZING RAIN OR DRIZZLE
                        GRTST DEPTH:   0           7 = DUSTSTORM OR SANDSTORM:
                                                       VSBY 1/2 MILE OR LESS
                                                   8 = SMOKE OR HAZE
[NO. OF DAYS WITH]      [WEATHER - DAYS WITH]      9 = BLOWING SNOW
                                                   X = TORNADO
MAX 32 OR BELOW:   0    0.01 INCH OR MORE:  13
MAX 90 OR ABOVE:   0    0.10 INCH OR MORE:   8
MIN 32 OR BELOW:   0    0.50 INCH OR MORE:   3
MIN  0 OR BELOW:   0    1.00 INCH OR MORE:   2

[HDD (BASE 65) ]
TOTAL THIS MO.   149    CLEAR  (SCALE 0-3)  15
DPTR FM NORMAL   -85    PTCLDY (SCALE 4-7)   7
TOTAL FM JUL 1  6080    CLOUDY (SCALE 8-10)  3
DPTR FM NORMAL  -447

[CDD (BASE 65) ]
TOTAL THIS MO.    19
DPTR FM NORMAL     5    [PRESSURE DATA]
TOTAL FM JAN 1    19    HIGHEST SLP  0.00 ON  8
DPTR FM NORMAL     3    LOWEST  SLP  0.00 ON  8

[REMARKS]
