000
CXUS53 KGRR 231017
CF6BIV
PRELIMINARY LOCAL CLIMATOLOGICAL DATA (WS FORM: F-6)

                                          STATION:   HOLLAND
                                          MONTH:     MAY
                                          YEAR:      2018
                                          LATITUDE:   42 49 N
                                          LONGITUDE:  86 10 W

  TEMPERATURE IN F:       :PCPN:    SNOW:  WIND      :SUNSHINE: SKY     :PK WND
================================================================================
1   2   3   4   5  6A  6B    7    8   9   10  11  12  13   14  15   16   17  18
                                     12Z  AVG MX 2MIN
DY MAX MIN AVG DEP HDD CDD  WTR  SNW DPTH SPD SPD DIR MIN PSBL S-S WX    SPD DR
================================================================================

 1  82  60  71  17   0   6 0.00    M    M 18.3 29 220   M    M   0        36 220
 2  82  60  71  17   0   6 0.20    M    M 16.8 31 220   M    M   5 13     38 230
 3  69  57  63   9   2   0 0.38    M    M  5.7 21 230   M    M   8 1      28 230
 4  67  48  58   3   7   0 0.01    M    M 16.3 41 240   M    M   4        58 240
 5  77  51  64   9   1   0 0.00    M    M  6.3 13 240   M    M   1        16 240
 6  69  50  60   4   5   0    T    M    M  6.4 14  60   M    M   3        20  30
 7  68  43  56   0   9   0 0.00    M    M  4.7 14 310   M    M   0        17 320
 8  76  51  64   8   1   0 0.00    M    M  8.3 20 240   M    M   0        24 250
 9  79  53  66  10   0   1 0.48    M    M 10.8 29 220   M    M   4 3      41 230
10  64  52  58   1   7   0 0.00    M    M  8.1 16 310   M    M   5 1      21 330
11  54  41  48  -9  17   0 1.00    M    M 12.1 21 100   M    M  10 13     27 100
12  55  43  49  -8  16   0 1.10    M    M  8.7 18 110   M    M   9 13     23  80
13  60  49  55  -3  10   0 0.41    M    M  4.8 16 120   M    M   8 13     20 100
14  73  50  62   4   3   0 0.72    M    M  5.5 25 250   M    M   3 13     33 260
15  70  50  60   2   5   0 0.10    M    M  4.5 12 280   M    M   5 123    16 180
16  75  51  63   4   2   0 0.00    M    M  4.0 10 280   M    M   1 12     14 280
17  82  50  66   7   0   1 0.00    M    M  7.1 17  80   M    M   0        23  80
18  77  51  64   5   1   0 0.03    M    M 13.4 22 110   M    M   2        29 100
19  65  51  58  -2   7   0 0.17    M    M  6.9 17 260   M    M   9 1      20 280
20  63  50  57  -3   8   0 0.07    M    M  4.1 10 300   M    M   8 1      14 290
21   M   M   M   M   M   M 0.65    M    M  7.8 14 100   M    M   7 13     22 100
22  62  46  54  -7  11   0 0.00    M    M  4.3 14 280   M    M   5 12     17 280
================================================================================
SM 1469 1057       112  14  5.32    M    184.9          M       97
================================================================================
AV 70.0 50.3                               8.4 FASTST   M    M   4    MAX(MPH)
                                 MISC ---->  # 41 240               # 58  240
================================================================================
NOTES:
# LAST OF SEVERAL OCCURRENCES

COLUMN 17 PEAK WIND IN M.P.H.

PRELIMINARY LOCAL CLIMATOLOGICAL DATA (WS FORM: F-6) , PAGE 2

                                          STATION:  HOLLAND
                                          MONTH:    MAY
                                          YEAR:     2018
                                          LATITUDE:   42 49 N
                                          LONGITUDE:  86 10 W

[TEMPERATURE DATA]      [PRECIPITATION DATA]       SYMBOLS USED IN COLUMN 16

AVERAGE MONTHLY: 60.1   TOTAL FOR MONTH:   5.32    1 = FOG OR MIST
DPTR FM NORMAL:   2.9   DPTR FM NORMAL:    2.96    2 = FOG REDUCING VISIBILITY
HIGHEST:    82 ON 17, 2 GRTST 24HR  1.10 ON 12-12      TO 1/4 MILE OR LESS
LOWEST:     41 ON 11                               3 = THUNDER
                        SNOW, ICE PELLETS, HAIL    4 = ICE PELLETS
                        TOTAL MONTH:    M          5 = HAIL
                        GRTST 24HR    M  ON   M    6 = FREEZING RAIN OR DRIZZLE
                        GRTST DEPTH:  M  ON   M    7 = DUSTSTORM OR SANDSTORM:
                                                       VSBY 1/2 MILE OR LESS
                                                   8 = SMOKE OR HAZE
[NO. OF DAYS WITH]      [WEATHER - DAYS WITH]      9 = BLOWING SNOW
                                                   X = TORNADO
MAX 32 OR BELOW:   0    0.01 INCH OR MORE:  13
MAX 90 OR ABOVE:   0    0.10 INCH OR MORE:  10
MIN 32 OR BELOW:   0    0.50 INCH OR MORE:   4
MIN  0 OR BELOW:   0    1.00 INCH OR MORE:   2

[HDD (BASE 65) ]
TOTAL THIS MO.   112    CLEAR  (SCALE 0-3)   9
DPTR FM NORMAL   -76    PTCLDY (SCALE 4-7)  10
TOTAL FM JUL 1  6308    CLOUDY (SCALE 8-10)  3
DPTR FM NORMAL   241

[CDD (BASE 65) ]
TOTAL THIS MO.    14
DPTR FM NORMAL    -4    [PRESSURE DATA]
TOTAL FM JAN 1    14    HIGHEST SLP M ON M
DPTR FM NORMAL    -8    LOWEST  SLP 29.58 ON M

[REMARKS]
