000
CXUS54 KBRO 270900
CF6BRO
PRELIMINARY LOCAL CLIMATOLOGICAL DATA (WS FORM: F-6)

                                          STATION:   BROWNSVILLE
                                          MONTH:     MAY
                                          YEAR:      2018
                                          LATITUDE:   25 53 N
                                          LONGITUDE:  97 26 W

  TEMPERATURE IN F:       :PCPN:    SNOW:  WIND      :SUNSHINE: SKY     :PK WND
================================================================================
1   2   3   4   5  6A  6B    7    8   9   10  11  12  13   14  15   16   17  18
                                     12Z  AVG MX 2MIN
DY MAX MIN AVG DEP HDD CDD  WTR  SNW DPTH SPD SPD DIR MIN PSBL S-S WX    SPD DR
================================================================================

 1  86  78  82   4   0  17 0.02  0.0    0 17.0 26 150   M    M  10        33 150
 2  92  78  85   7   0  20 0.00  0.0    0 19.4 31 160   M    M   8        38 160
 3  92  78  85   7   0  20 0.00  0.0    0 19.0 31 160   M    M   7        37 160
 4  91  76  84   6   0  19    T  0.0    0 13.7 23 150   M    M   6        29 140
 5  88  72  80   2   0  15 0.20  0.0    0  5.3 17  50   M    M   4 1      23  10
 6  91  69  80   1   0  15 0.00  0.0    0  6.2 17  50   M    M   1 1      22  50
 7  87  64  76  -3   0  11 0.00  0.0    0  5.6 14 100   M    M   0        19  70
 8  89  64  77  -2   0  12 0.00  0.0    0  7.6 21 120   M    M   0        25 140
 9  90  70  80   1   0  15 0.00  0.0    0 11.6 22 130   M    M   2        28 140
10  90  70  80   1   0  15 0.00  0.0    0  9.4 18 150   M    M   1        24 110
11  92  71  82   2   0  17 0.00  0.0    0 11.4 23 170   M    M   0        27 160
12  92  76  84   4   0  19 0.00  0.0    0 12.6 23 160   M    M   4        30 160
13  93  77  85   5   0  20 0.00  0.0    0 11.4 20 120   M    M   6        26 150
14  92  77  85   5   0  20 0.00  0.0    0 11.5 20 130   M    M   2        28 160
15  93  72  83   3   0  18 0.00  0.0    0 10.0 21 130   M    M   1        27 150
16  94  70  82   2   0  17 0.00  0.0    0  9.9 20 160   M    M   0        27 160
17  95  70  83   2   0  18 0.00  0.0    0 12.5 22 160   M    M   0        28 170
18  93  75  84   3   0  19 0.00  0.0    0 17.1 28 160   M    M   4        35 150
19  94  79  87   6   0  22 0.00  0.0    0 17.4 30 160   M    M   5        36 160
20  93  79  86   5   0  21 0.04  0.0    0 14.6 25 130   M    M   9        31 130
21  92  70  81   0   0  16 0.33  0.0    0   M   M   M   M    M   3 3       M  M
22  93  75  84   2   0  19 0.00  0.0    0  8.0 18 110   M    M   3        23 120
23  93  75  84   2   0  19 0.09  0.0    0  8.4 18 130   M    M   2        24 130
24  93  76  85   3   0  20    T  0.0    0  5.9 18 100   M    M   2 3      22  90
25  97  75  86   4   0  21 0.00  0.0    0  7.0 17 130   M    M   1        23 130
26  97  75  86   4   0  21 0.00  0.0    0  8.7 20 160   M    M   2        32 130
================================================================================
SM 2392 1911         0 466  0.68     0.0 281.2          M       83
================================================================================
AV 92.0 73.5                              11.2 FASTST   M    M   3    MAX(MPH)
                                 MISC ---->  # 31 160               # 38  160
================================================================================
NOTES:
# LAST OF SEVERAL OCCURRENCES

COLUMN 17 PEAK WIND IN M.P.H.

PRELIMINARY LOCAL CLIMATOLOGICAL DATA (WS FORM: F-6) , PAGE 2

                                          STATION:  BROWNSVILLE
                                          MONTH:    MAY
                                          YEAR:     2018
                                          LATITUDE:   25 53 N
                                          LONGITUDE:  97 26 W

[TEMPERATURE DATA]      [PRECIPITATION DATA]       SYMBOLS USED IN COLUMN 16

AVERAGE MONTHLY: 82.8   TOTAL FOR MONTH:   0.68    1 = FOG OR MIST
DPTR FM NORMAL:   2.8   DPTR FM NORMAL:   -1.50    2 = FOG REDUCING VISIBILITY
HIGHEST:    97 ON 26,25 GRTST 24HR  0.33 ON 21-21      TO 1/4 MILE OR LESS
LOWEST:     64 ON  8, 7                            3 = THUNDER
                        SNOW, ICE PELLETS, HAIL    4 = ICE PELLETS
                        TOTAL MONTH:   0.0 INCH    5 = HAIL
                        GRTST 24HR     0.0         6 = FREEZING RAIN OR DRIZZLE
                        GRTST DEPTH:   0           7 = DUSTSTORM OR SANDSTORM:
                                                       VSBY 1/2 MILE OR LESS
                                                   8 = SMOKE OR HAZE
[NO. OF DAYS WITH]      [WEATHER - DAYS WITH]      9 = BLOWING SNOW
                                                   X = TORNADO
MAX 32 OR BELOW:   0    0.01 INCH OR MORE:   5
MAX 90 OR ABOVE:  22    0.10 INCH OR MORE:   2
MIN 32 OR BELOW:   0    0.50 INCH OR MORE:   0
MIN  0 OR BELOW:   0    1.00 INCH OR MORE:   0

[HDD (BASE 65) ]
TOTAL THIS MO.     0    CLEAR  (SCALE 0-3)  15
DPTR FM NORMAL     0    PTCLDY (SCALE 4-7)   9
TOTAL FM JUL 1   485    CLOUDY (SCALE 8-10)  2
DPTR FM NORMAL   -69

[CDD (BASE 65) ]
TOTAL THIS MO.   466
DPTR FM NORMAL    77    [PRESSURE DATA]
TOTAL FM JAN 1  1344    HIGHEST SLP M ON M
DPTR FM NORMAL   338    LOWEST  SLP 29.73 ON 18

[REMARKS]
