000
CXUS56 KEKA 251230
CF6CEC
PRELIMINARY LOCAL CLIMATOLOGICAL DATA (WS FORM: F-6)

                                          STATION:   CRESCENT CITY CA
                                          MONTH:     APRIL
                                          YEAR:      2018
                                          LATITUDE:   41 46 N
                                          LONGITUDE: 124 14 W

  TEMPERATURE IN F:       :PCPN:    SNOW:  WIND      :SUNSHINE: SKY     :PK WND
================================================================================
1   2   3   4   5  6A  6B    7    8   9   10  11  12  13   14  15   16   17  18
                                     12Z  AVG MX 2MIN
DY MAX MIN AVG DEP HDD CDD  WTR  SNW DPTH SPD SPD DIR MIN PSBL S-S WX    SPD DR
================================================================================

 1  56  42  49   0  16   0 0.04    M    0  6.0 15 320   M    M   6 1      18 350
 2  57  43  50   1  15   0 0.02    M    0 15.0 29 340   M    M   2 18     40 330
 3  57  39  48  -1  17   0 0.00  0.0    0  4.6  9 310   M    M   0         M  M
 4  60  47  54   5  11   0 0.00  0.0    M  5.1 13 160   M    M   4        15 160
 5  58  54  56   7   9   0 0.81  0.0    0 11.0 21 160   M    M   8 1      25 160
 6  66  55  61  12   4   0 0.79  0.0    0 11.1 31 160   M    M  10 1      41 160
 7  60  52  56   7   9   0 0.12  0.0    0 22.1 33 200   M    M  10 18     46 190
 8  59  47  53   4  12   0 0.04    M    0  7.1 17 250   M    M   8 18     23 200
 9  65  42  54   5  11   0 0.00  0.0    0  7.1 17 160   M    M   0 8      24 160
10  60  51  56   7   9   0 0.41  0.0    0 12.7 26 180   M    M   7 1      32 180
11  56  48  52   3  13   0 0.68    M    0 13.8 33 180   M    M   8 1      42 180
12  57  45  51   2  14   0 0.18    M    0  9.8 23 180   M    M   8        30 260
13  59  48  54   5  11   0 0.00  0.0    0  7.6 15 160   M    M   8 8      19 160
14  59  46  53   4  12   0 0.01    M    0  7.1 13 160   M    M   4        17 240
15  56  46  51   2  14   0 1.14    M    0 12.5 32 150   M    M  10 1      41 150
16  55  44  50   1  15   0 0.22    M    0  7.9 16 180   M    M   5        20 160
17  56  42  49   0  16   0 0.05    M    0  5.2 10 290   M    M   1 1      14 250
18  58  44  51   2  14   0 0.00  0.0    0  6.9 15 350   M    M   1        20 330
19  58  41  50   1  15   0 0.00  0.0    0 10.7 26 330   M    M   0 18     34 330
20  57  43  50   0  15   0 0.00  0.0    0  5.6 16 340   M    M   1 8      19 340
21  57  41  49  -1  16   0 0.00  0.0    0 12.2 26 330   M    M   1 18     39 330
22  56  43  50   0  15   0 0.00  0.0    0 12.5 28 340   M    M   2 18     42 340
23  73  46  60  10   5   0 0.00  0.0    0  7.3 13 350   M    M   0 18     18 350
24  61  50  56   6   9   0 0.00  0.0    0  9.0 15 190   M    M   5 18     17 190
================================================================================
SM 1416 1099       297   0  4.51     0.0 229.9          M      109
================================================================================
AV 59.0 45.8                               9.6 FASTST   M    M   5    MAX(MPH)
                                 MISC ---->  # 33 200               # 46  190
================================================================================
NOTES:
# LAST OF SEVERAL OCCURRENCES

COLUMN 17 PEAK WIND IN M.P.H.

PRELIMINARY LOCAL CLIMATOLOGICAL DATA (WS FORM: F-6) , PAGE 2

                                          STATION:  CRESCENT CITY CA
                                          MONTH:    APRIL
                                          YEAR:     2018
                                          LATITUDE:   41 46 N
                                          LONGITUDE: 124 14 W

[TEMPERATURE DATA]      [PRECIPITATION DATA]       SYMBOLS USED IN COLUMN 16

AVERAGE MONTHLY: 52.4   TOTAL FOR MONTH:   4.51    1 = FOG OR MIST
DPTR FM NORMAL:   3.2   DPTR FM NORMAL:    0.05    2 = FOG REDUCING VISIBILITY
HIGHEST:    73 ON 23    GRTST 24HR  1.14 ON 15-15      TO 1/4 MILE OR LESS
LOWEST:     39 ON  3                               3 = THUNDER
                        SNOW, ICE PELLETS, HAIL    4 = ICE PELLETS
                        TOTAL MONTH:   0.0 INCH    5 = HAIL
                        GRTST 24HR     0.0         6 = FREEZING RAIN OR DRIZZLE
                        GRTST DEPTH:   0           7 = DUSTSTORM OR SANDSTORM:
                                                       VSBY 1/2 MILE OR LESS
                                                   8 = SMOKE OR HAZE
[NO. OF DAYS WITH]      [WEATHER - DAYS WITH]      9 = BLOWING SNOW
                                                   X = TORNADO
MAX 32 OR BELOW:   0    0.01 INCH OR MORE:  13
MAX 90 OR ABOVE:   0    0.10 INCH OR MORE:   8
MIN 32 OR BELOW:   0    0.50 INCH OR MORE:   4
MIN  0 OR BELOW:   0    1.00 INCH OR MORE:   1

[HDD (BASE 65) ]
TOTAL THIS MO.   297    CLEAR  (SCALE 0-3)  10
DPTR FM NORMAL   -83    PTCLDY (SCALE 4-7)   9
TOTAL FM JUL 1  3553    CLOUDY (SCALE 8-10)  5
DPTR FM NORMAL  -513

[CDD (BASE 65) ]
TOTAL THIS MO.     0
DPTR FM NORMAL     0    [PRESSURE DATA]
TOTAL FM JAN 1     0    HIGHEST SLP M ON M
DPTR FM NORMAL     0    LOWEST  SLP 29.56 ON  6

[REMARKS]
