000
CXUS54 KHGX 261415
CF6CLL
PRELIMINARY LOCAL CLIMATOLOGICAL DATA (WS FORM: F-6)

                                          STATION:   COLLEGE STATION
                                          MONTH:     MAY
                                          YEAR:      2018
                                          LATITUDE:   30 34 N
                                          LONGITUDE:  96 22 W

  TEMPERATURE IN F:       :PCPN:    SNOW:  WIND      :SUNSHINE: SKY     :PK WND
================================================================================
1   2   3   4   5  6A  6B    7    8   9   10  11  12  13   14  15   16   17  18
                                     12Z  AVG MX 2MIN
DY MAX MIN AVG DEP HDD CDD  WTR  SNW DPTH SPD SPD DIR MIN PSBL S-S WX    SPD DR
================================================================================

 1  80  68  74   2   0   9    T  0.0    0 11.9 21 130   M    M   9 1      24 150
 2  87  71  79   6   0  14 0.02  0.0    0 14.9 25 150   M    M   8 1      33 130
 3  87  74  81   8   0  16    T  0.0    0 14.3 25 160   M    M   7        29 160
 4  77  65  71  -2   0   6 0.85  0.0    0  8.5 23 340   M    M  10 13     31 340
 5  83  61  72  -1   0   7    T  0.0    0  5.8 17 360   M    M   4 1      22 340
 6  85  57  71  -3   0   6 0.00  0.0    0  2.7 12  30   M    M   0        15  10
 7  88  61  75   1   0  10 0.00  0.0    0  3.9 10 210   M    M   0        15 240
 8  89  63  76   2   0  11 0.00  0.0    0  8.7 15 160   M    M   0        20 160
 9  88  62  75   1   0  10 0.00  0.0    0  9.0 20 150   M    M   0        24 150
10  88  61  75   0   0  10 0.00  0.0    0 10.5 21 160   M    M   2 1      26 160
11  89  70  80   5   0  15 0.00  0.0    0 14.4 23 150   M    M   5 1      29 160
12  91  72  82   7   0  17 0.00  0.0    0 12.8 21 170   M    M   4        26 150
13  91  73  82   6   0  17 0.00  0.0    0 10.7 17 150   M    M   5        22 150
14  89  73  81   5   0  16 0.00  0.0    0  9.4 15 150   M    M   4        22 140
15  90  69  80   4   0  15 0.00  0.0    0  5.5 13 130   M    M   1        17 160
16  92  66  79   3   0  14 0.00  0.0    0  5.2 12 230   M    M   1        16 230
17  94  68  81   5   0  16 0.00  0.0    0  4.9 13 180   M    M   0        15 170
18  94  71  83   6   0  18 0.00  0.0    0 10.5 20 160   M    M   2        26 150
19  93  74  84   7   0  19 0.00  0.0    0 13.2 23 160   M    M   4        30 150
20  84  68  76  -1   0  11 0.45  0.0    0  8.1 21  10   M    M   4 13     28 330
21  87  67  77  -1   0  12 0.76  0.0    0  6.2 22 160   M    M   4 138    31 160
22  86  68  77  -1   0  12    T  0.0    0  5.3 16 190   M    M   3 3      21 190
23  90  70  80   2   0  15 0.00  0.0    0  5.0 25 130   M    M   2 3      35 140
24  90  71  81   3   0  16 0.00  0.0    0  5.1 15 140   M    M   4        19 150
25  92  71  82   4   0  17 0.00  0.0    0  4.6 12 200   M    M   4 12     15 200
================================================================================
SM 2204 1694         0 329  2.08     0.0 211.1          M       87
================================================================================
AV 88.2 67.8                               8.4 FASTST   M    M   3    MAX(MPH)
                                 MISC ---->  # 25 150               # 35  140
================================================================================
NOTES:
# LAST OF SEVERAL OCCURRENCES

COLUMN 17 PEAK WIND IN M.P.H.

PRELIMINARY LOCAL CLIMATOLOGICAL DATA (WS FORM: F-6) , PAGE 2

                                          STATION:  COLLEGE STATION
                                          MONTH:    MAY
                                          YEAR:     2018
                                          LATITUDE:   30 34 N
                                          LONGITUDE:  96 22 W

[TEMPERATURE DATA]      [PRECIPITATION DATA]       SYMBOLS USED IN COLUMN 16

AVERAGE MONTHLY: 78.0   TOTAL FOR MONTH:   2.08    1 = FOG OR MIST
DPTR FM NORMAL:   2.5   DPTR FM NORMAL:   -1.37    2 = FOG REDUCING VISIBILITY
HIGHEST:    94 ON 18,17 GRTST 24HR  0.85 ON  4- 4      TO 1/4 MILE OR LESS
LOWEST:     57 ON  6                               3 = THUNDER
                        SNOW, ICE PELLETS, HAIL    4 = ICE PELLETS
                        TOTAL MONTH:   0.0 INCH    5 = HAIL
                        GRTST 24HR     0.0         6 = FREEZING RAIN OR DRIZZLE
                        GRTST DEPTH:   0           7 = DUSTSTORM OR SANDSTORM:
                                                       VSBY 1/2 MILE OR LESS
                                                   8 = SMOKE OR HAZE
[NO. OF DAYS WITH]      [WEATHER - DAYS WITH]      9 = BLOWING SNOW
                                                   X = TORNADO
MAX 32 OR BELOW:   0    0.01 INCH OR MORE:   4
MAX 90 OR ABOVE:  10    0.10 INCH OR MORE:   3
MIN 32 OR BELOW:   0    0.50 INCH OR MORE:   2
MIN  0 OR BELOW:   0    1.00 INCH OR MORE:   0

[HDD (BASE 65) ]
TOTAL THIS MO.     0    CLEAR  (SCALE 0-3)  11
DPTR FM NORMAL     0    PTCLDY (SCALE 4-7)  12
TOTAL FM JUL 1  1521    CLOUDY (SCALE 8-10)  2
DPTR FM NORMAL   -85

[CDD (BASE 65) ]
TOTAL THIS MO.   329
DPTR FM NORMAL    64    [PRESSURE DATA]
TOTAL FM JAN 1   561    HIGHEST SLP M ON M
DPTR FM NORMAL    57    LOWEST  SLP 29.77 ON M

[REMARKS]
