000
CXUS55 KCYS 231000
CF6CYS
PRELIMINARY LOCAL CLIMATOLOGICAL DATA (WS FORM: F-6)

                                          STATION:   CHEYENNE WYOMING AIRPORT
                                          MONTH:     MAY
                                          YEAR:      2018
                                          LATITUDE:   41  9 N
                                          LONGITUDE: 104 49 W

  TEMPERATURE IN F:       :PCPN:    SNOW:  WIND      :SUNSHINE: SKY     :PK WND
================================================================================
1   2   3   4   5  6A  6B    7    8   9   10  11  12  13   14  15   16   17  18
                                     12Z  AVG MX 2MIN
DY MAX MIN AVG DEP HDD CDD  WTR  SNW DPTH SPD SPD DIR MIN PSBL S-S WX    SPD DR
================================================================================

 1  57  34  46  -2  19   0 0.13  0.0    0  6.6 18 200   M    M   7 13     24 170
 2  44  38  41  -7  24   0 0.99  0.0    0  6.3 17 160   M    M   9 1      22 160
 3  53  37  45  -3  20   0 0.86    T    0 10.9 25 360   M    M   8 1      34  10
 4  68  38  53   4  12   0 0.00  0.0    0  9.7 18 210   M    M   2        22 300
 5  70  47  59  10   6   0 0.00  0.0    0  9.6 24 340   M    M   2        36 340
 6  74  43  59  10   6   0 0.00  0.0    0  8.3 20 210   M    M   1        26 180
 7  77  45  61  11   4   0 0.00  0.0    0 11.8 23 360   M    M   0        31 350
 8  73  45  59   9   6   0 0.00  0.0    0  9.6 17 350   0    0   0        33 330
 9  75  41  58   8   7   0    T    M    0  6.5 21 200   M    M   2        26 200
10  78  45  62  11   3   0    T  0.0    0 11.7 33 350   M    M   2 13     47 350
11  67  43  55   4  10   0 0.03  0.0    0 10.1 24 110   M    M   6 12     28 120
12  56  41  49  -2  16   0 0.41  0.0    0  9.9 20 110   M    M  10 123    24 110
13  64  46  55   3  10   0 0.11  0.0    0  5.9 21 320   M    M   9 13     27 330
14  62  40  51  -1  14   0    T  0.0    0  9.5 32 340   M    M   4 123    44 330
15  67  37  52   0  13   0 0.00  0.0    0  6.8 18 160   M    M   0 8      25 200
16  78  44  61   9   4   0 0.00  0.0    0  6.9 18 210   M    M   0        27 260
17  81  52  67  14   0   2 0.00  0.0    0 11.7 35 360   M    M   0        47 350
18  63  47  55   2  10   0 0.18  0.0    0 11.2 24 140   M    M   9 13     31 350
19  47  37  42 -11  23   0 0.62  0.0    0 13.2 23  20   M    M  10 1      31  20
20  54  37  46  -8  19   0    T  0.0    0  9.5 21 190   M    M   7 12     25 190
21  73  40  57   3   8   0 0.39    T    0  5.6 22 350   M    M   2 135    27 350
22  72  45  59   5   6   0 0.21  0.0    0  8.8 25 120   M    M   2 13     32 120
================================================================================
SM 1453  922       240   2  3.93    T    200.1            0     92
================================================================================
AV 66.1 41.9                               9.1 FASTST    0   0   4    MAX(MPH)
                                 MISC ---->  # 35 360               # 47  350
================================================================================
NOTES:
# LAST OF SEVERAL OCCURRENCES

COLUMN 17 PEAK WIND IN M.P.H.

PRELIMINARY LOCAL CLIMATOLOGICAL DATA (WS FORM: F-6) , PAGE 2

                                          STATION:  CHEYENNE WYOMING AIRPORT
                                          MONTH:    MAY
                                          YEAR:     2018
                                          LATITUDE:   41  9 N
                                          LONGITUDE: 104 49 W

[TEMPERATURE DATA]      [PRECIPITATION DATA]       SYMBOLS USED IN COLUMN 16

AVERAGE MONTHLY: 54.0   TOTAL FOR MONTH:   3.93    1 = FOG OR MIST
DPTR FM NORMAL:   2.9   DPTR FM NORMAL:    2.36    2 = FOG REDUCING VISIBILITY
HIGHEST:    81 ON 17    GRTST 24HR  0.99 ON  2- 2      TO 1/4 MILE OR LESS
LOWEST:     34 ON  1                               3 = THUNDER
                        SNOW, ICE PELLETS, HAIL    4 = ICE PELLETS
                        TOTAL MONTH:    T          5 = HAIL
                        GRTST 24HR    T  ON 21-21  6 = FREEZING RAIN OR DRIZZLE
                        GRTST DEPTH:   0           7 = DUSTSTORM OR SANDSTORM:
                                                       VSBY 1/2 MILE OR LESS
                                                   8 = SMOKE OR HAZE
[NO. OF DAYS WITH]      [WEATHER - DAYS WITH]      9 = BLOWING SNOW
                                                   X = TORNADO
MAX 32 OR BELOW:   0    0.01 INCH OR MORE:  10
MAX 90 OR ABOVE:   0    0.10 INCH OR MORE:   9
MIN 32 OR BELOW:   0    0.50 INCH OR MORE:   3
MIN  0 OR BELOW:   0    1.00 INCH OR MORE:   0

[HDD (BASE 65) ]
TOTAL THIS MO.   240    CLEAR  (SCALE 0-3)  12
DPTR FM NORMAL   -66    PTCLDY (SCALE 4-7)   5
TOTAL FM JUL 1  6428    CLOUDY (SCALE 8-10)  5
DPTR FM NORMAL  -463

[CDD (BASE 65) ]
TOTAL THIS MO.     2
DPTR FM NORMAL     2    [PRESSURE DATA]
TOTAL FM JAN 1     2    HIGHEST SLP  0.00 ON  8
DPTR FM NORMAL     2    LOWEST  SLP  0.00 ON  8

[REMARKS]
