000
CXUS54 KFWD 200730
CF6DAL
PRELIMINARY LOCAL CLIMATOLOGICAL DATA (WS FORM: F-6)

                                          STATION:   DALLAS LOVE FIELD
                                          MONTH:     MAY
                                          YEAR:      2018
                                          LATITUDE:   32 50 N
                                          LONGITUDE:  96 51 W

  TEMPERATURE IN F:       :PCPN:    SNOW:  WIND      :SUNSHINE: SKY     :PK WND
================================================================================
1   2   3   4   5  6A  6B    7    8   9   10  11  12  13   14  15   16   17  18
                                     12Z  AVG MX 2MIN
DY MAX MIN AVG DEP HDD CDD  WTR  SNW DPTH SPD SPD DIR MIN PSBL S-S WX    SPD DR
================================================================================

 1  81  69  75   4   0  10    T  0.0    0 18.9 28 150   M    M  10        35 150
 2  87  73  80   9   0  15    T  0.0    0 17.3 31 160   M    M  10 18     39 160
 3  78  66  72   1   0   7 0.68  0.0    0 14.4 36 270   M    M   9 13     52 260
 4  74  64  69  -2   0   4 0.71  0.0    0  6.8 18 140   M    M   8 13     24 320
 5  84  60  72   0   0   7 0.00  0.0    0  6.2 20  10   M    M   1 1      25 330
 6  90  59  75   3   0  10 0.00  0.0    0  3.8 12 170   M    M   2        14 180
 7  94  63  79   7   0  14 0.00  0.0    0  6.4 14 160   M    M   4        17 160
 8  90  70  80   7   0  15 0.00  0.0    0 12.7 25 170   M    M   6        32 170
 9  89  68  79   6   0  14 0.00  0.0    0 12.3 26 170   M    M   3        30 160
10  87  66  77   4   0  12 0.00  0.0    0 14.6 25 160   M    M   4        34 190
11  90  71  81   8   0  16 0.00  0.0    0 19.6 30 170   M    M   4        37 190
12  91  74  83   9   0  18 0.00  0.0    0 16.2 24 170   M    M   5        30 180
13  91  73  82   8   0  17 0.00  0.0    0 14.2 21 170   M    M   5        26 160
14  90  74  82   8   0  17 0.00  0.0    0 12.9 21 150   M    M   7        26 170
15  88  74  81   6   0  16    T  0.0    0  9.5 18  50   M    M   8 38     22  50
16  94  70  82   7   0  17 0.00  0.0    0  6.6 20 110   M    M   5        24 110
17  94  70  82   7   0  17 0.00  0.0    0  5.9 15 150   M    M   3        17 140
18  97  72  85  10   0  20 0.08  0.0    0 12.8 25 180   M    M   5 3      31 330
19  93  74  84   8   0  19    T  0.0    0 14.1 25 160   M    M   6        34 160
================================================================================
SM 1682 1310         0 265  1.47     0.0 225.2          M      105
================================================================================
AV 88.5 69.0                              11.9 FASTST   M    M   6    MAX(MPH)
                                 MISC ---->  # 36 270               # 52  260
================================================================================
NOTES:
# LAST OF SEVERAL OCCURRENCES

COLUMN 17 PEAK WIND IN M.P.H.

PRELIMINARY LOCAL CLIMATOLOGICAL DATA (WS FORM: F-6) , PAGE 2

                                          STATION:  DALLAS LOVE FIELD
                                          MONTH:    MAY
                                          YEAR:     2018
                                          LATITUDE:   32 50 N
                                          LONGITUDE:  96 51 W

[TEMPERATURE DATA]      [PRECIPITATION DATA]       SYMBOLS USED IN COLUMN 16

AVERAGE MONTHLY: 78.7   TOTAL FOR MONTH:   1.47    1 = FOG OR MIST
DPTR FM NORMAL:   5.6   DPTR FM NORMAL:   -1.50    2 = FOG REDUCING VISIBILITY
HIGHEST:    97 ON 18    GRTST 24HR  0.71 ON  4- 4      TO 1/4 MILE OR LESS
LOWEST:     59 ON  6                               3 = THUNDER
                        SNOW, ICE PELLETS, HAIL    4 = ICE PELLETS
                        TOTAL MONTH:   0.0 INCH    5 = HAIL
                        GRTST 24HR     0.0         6 = FREEZING RAIN OR DRIZZLE
                        GRTST DEPTH:   0           7 = DUSTSTORM OR SANDSTORM:
                                                       VSBY 1/2 MILE OR LESS
                                                   8 = SMOKE OR HAZE
[NO. OF DAYS WITH]      [WEATHER - DAYS WITH]      9 = BLOWING SNOW
                                                   X = TORNADO
MAX 32 OR BELOW:   0    0.01 INCH OR MORE:   3
MAX 90 OR ABOVE:  11    0.10 INCH OR MORE:   2
MIN 32 OR BELOW:   0    0.50 INCH OR MORE:   2
MIN  0 OR BELOW:   0    1.00 INCH OR MORE:   0

[HDD (BASE 65) ]
TOTAL THIS MO.     0    CLEAR  (SCALE 0-3)   2
DPTR FM NORMAL    -2    PTCLDY (SCALE 4-7)  14
TOTAL FM JUL 1  1953    CLOUDY (SCALE 8-10)  3
DPTR FM NORMAL  -179

[CDD (BASE 65) ]
TOTAL THIS MO.   265
DPTR FM NORMAL   106    [PRESSURE DATA]
TOTAL FM JAN 1   420    HIGHEST SLP M ON M
DPTR FM NORMAL    94    LOWEST  SLP 29.65 ON 18

[REMARKS]
