000
CXUS51 KPHI 280815
CF6GED
PRELIMINARY LOCAL CLIMATOLOGICAL DATA (WS FORM: F-6)
STATION: GEORGETOWN DE
MONTH: MARCH
YEAR: 2024
LATITUDE: 38 41 N
LONGITUDE: 75 22 W
TEMPERATURE IN F: :PCPN: SNOW: WIND :SUNSHINE: SKY :PK WND
================================================================================
1 2 3 4 5 6A 6B 7 8 9 10 11 12 13 14 15 16 17 18
12Z AVG MX 2MIN
DY MAX MIN AVG DEP HDD CDD WTR SNW DPTH SPD SPD DIR MIN PSBL S-S WX SPD DR
================================================================================
1 47 24 36 -6 29 0 0.00 M M 5.6 15 100 M M 1 22 140
2 60 42 51 9 14 0 1.08 M M 10.0 25 120 M M 10 18 33 120
3 67 42 55 13 10 0 0.00 M M 2.8 12 120 M M 2 12 14 140
4 60 43 52 10 13 0 T M M 9.6 20 60 M M 8 1 26 100
5 55 44 50 8 15 0 0.16 M M 8.7 28 50 M M 9 1 33 60
6 50 44 47 4 18 0 1.74 M M 6.4 22 40 M M 9 1 32 270
7 57 49 53 10 12 0 0.10 M M 6.8 16 10 M M 10 1 24 220
8 52 41 47 4 18 0 0.00 M M 8.2 16 130 M M 3 21 120
9 60 41 51 7 14 0 0.44 M M 12.0 26 170 M M 8 13 36 180
10 55 39 47 3 18 0 T M M 14.8 28 280 M M 6 42 280
11 54 38 46 2 19 0 0.00 M M 13.8 25 290 M M 2 39 300
12 69 37 53 9 12 0 0.00 M M 7.4 17 280 M M 0 25 280
13 72 41 57 12 8 0 0.00 M M 3.3 13 230 M M 0 16 240
14 79 41 60 15 5 0 0.00 M M 5.4 16 220 M M 0 20 230
15 75 52 64 19 1 0 0.06 M M 8.1 18 220 M M 4 1 24 220
16 61 43 52 6 13 0 0.00 M M 6.4 16 220 M M 2 20 270
17 69 47 58 12 7 0 0.00 M M 7.7 16 290 M M 3 23 220
18 54 37 46 0 19 0 0.00 M M 9.2 18 280 M M 1 30 310
19 50 33 42 -4 23 0 0.00 M M 8.0 17 300 M M 3 27 300
20 67 37 52 5 13 0 0.00 M M 12.5 26 230 M M 3 38 10
21 46 28 37 -10 28 0 0.00 M M 7.1 17 280 M M 0 26 310
22 49 27 38 -10 27 0 0.00 M M 7.0 16 100 M M 6 20 120
23 60 34 47 -1 18 0 1.02 M M 12.6 35 160 M M 9 1 48 160
24 48 30 39 -9 26 0 0.00 M M 8.4 26 50 M M 0 35 10
25 51 32 42 -6 23 0 0.00 M M 11.3 24 50 M M 1 32 200
26 48 35 42 -7 23 0 0.00 M M 8.7 14 100 M M 8 20 90
27 49 42 46 -3 19 0 0.15 M M 5.3 14 100 M M 10 1 19 100
================================================================================
SM 1564 1043 445 0 4.75 M 227.1 M 118
================================================================================
AV 57.9 38.6 8.4 FASTST M M 4 MAX(MPH)
MISC ----> 35 160 48 160
================================================================================
NOTES:
# LAST OF SEVERAL OCCURRENCES
COLUMN 17 PEAK WIND IN M.P.H.
PRELIMINARY LOCAL CLIMATOLOGICAL DATA (WS FORM: F-6) , PAGE 2
STATION: GEORGETOWN DE
MONTH: MARCH
YEAR: 2024
LATITUDE: 38 41 N
LONGITUDE: 75 22 W
[TEMPERATURE DATA] [PRECIPITATION DATA] SYMBOLS USED IN COLUMN 16
AVERAGE MONTHLY: 48.3 TOTAL FOR MONTH: 4.75 1 = FOG OR MIST
DPTR FM NORMAL: 3.2 DPTR FM NORMAL: 1.41 2 = FOG REDUCING VISIBILITY
HIGHEST: 79 ON 14 GRTST 24HR 1.84 ON 6- 7 TO 1/4 MILE OR LESS
LOWEST: 24 ON 1 3 = THUNDER
SNOW, ICE PELLETS, HAIL 4 = ICE PELLETS
TOTAL MONTH: M 5 = HAIL
GRTST 24HR M ON M 6 = FREEZING RAIN OR DRIZZLE
GRTST DEPTH: M ON M 7 = DUSTSTORM OR SANDSTORM:
VSBY 1/2 MILE OR LESS
8 = SMOKE OR HAZE
[NO. OF DAYS WITH] [WEATHER - DAYS WITH] 9 = BLOWING SNOW
X = TORNADO
MAX 32 OR BELOW: 0 0.01 INCH OR MORE: 8
MAX 90 OR ABOVE: 0 0.10 INCH OR MORE: 7
MIN 32 OR BELOW: 5 0.50 INCH OR MORE: 3
MIN 0 OR BELOW: 0 1.00 INCH OR MORE: 3
[HDD (BASE 65) ]
TOTAL THIS MO. 445 CLEAR (SCALE 0-3) 15
DPTR FM NORMAL -95 PTCLDY (SCALE 4-7) 4
TOTAL FM JUL 1 3363 CLOUDY (SCALE 8-10) 8
DPTR FM NORMAL -230
[CDD (BASE 65) ]
TOTAL THIS MO. 0
DPTR FM NORMAL 0 [PRESSURE DATA]
TOTAL FM JAN 1 0 HIGHEST SLP M ON M
DPTR FM NORMAL 0 LOWEST SLP 29.47 ON 9
[REMARKS]