000
CXUS52 KGSP 240817
CF6HKY
PRELIMINARY LOCAL CLIMATOLOGICAL DATA (WS FORM: F-6)
STATION: HICKORY NC
MONTH: APRIL
YEAR: 2024
LATITUDE: 35 45 N
LONGITUDE: 81 23 W
TEMPERATURE IN F: :PCPN: SNOW: WIND :SUNSHINE: SKY :PK WND
================================================================================
1 2 3 4 5 6A 6B 7 8 9 10 11 12 13 14 15 16 17 18
12Z AVG MX 2MIN
DY MAX MIN AVG DEP HDD CDD WTR SNW DPTH SPD SPD DIR MIN PSBL S-S WX SPD DR
================================================================================
1 80 58 69 14 0 4 0.00 M M 6.6 17 210 M M 1 27 210
2 81 64 73 18 0 8 0.00 M M 8.9 20 210 M M 0 30 230
3 73 46 60 5 5 0 0.15 M M 13.4 25 320 M M 6 1 39 320
4 55 41 48 -8 17 0 0.00 M M 9.3 28 270 M M 8 46 250
5 57 39 48 -8 17 0 0.00 M M 8.6 18 340 M M 3 33 310
6 64 37 51 -5 14 0 0.00 M M 7.2 15 340 M M 1 25 340
7 66 34 50 -6 15 0 0.00 M M 2.3 12 200 M M 1 17 210
8 75 49 62 5 3 0 0.00 M M 5.2 16 210 M M 6 23 190
9 64 56 60 3 5 0 0.28 M M 6.0 14 220 M M 9 1 24 210
10 68 56 62 5 3 0 0.10 M M 2.5 8 310 M M 8 1 14 140
11 73 58 66 8 0 1 0.62 M M 7.5 26 200 M M 9 138 46 200
12 67 52 60 2 5 0 T M M 14.0 31 290 M M 4 46 270
13 73 46 60 2 5 0 0.00 M M 9.4 18 290 M M 0 37 300
14 82 44 63 5 2 0 0.00 M M 5.4 18 210 M M 0 31 200
15 85 58 72 13 0 7 0.00 M M 6.3 16 190 M M 0 24 190
16 83 59 71 12 0 6 0.00 M M 2.9 13 50 M M 1 18 50
17 78 59 69 10 0 4 T M M 7.4 21 220 M M 2 1 35 210
18 89 56 73 13 0 8 0.00 M M 2.8 13 30 M M 1 22 10
19 83 56 70 10 0 5 0.02 M M 2.3 9 70 M M 4 13 60
20 79 59 69 9 0 4 0.00 M M 4.5 16 340 M M 5 1 25 290
21 61 46 54 -6 11 0 0.38 M M 2.8 10 50 M M 8 12 15 20
22 64 39 52 -9 13 0 0.00 M M 3.0 12 20 M M 1 1 16 80
23 71 39 55 -6 10 0 0.00 M M 6.1 17 190 M M 0 26 190
================================================================================
SM 1671 1151 125 47 1.55 M 144.4 M 78
================================================================================
AV 72.7 50.0 6.3 FASTST M M 3 MAX(MPH)
MISC ----> 31 290 # 46 250
================================================================================
NOTES:
# LAST OF SEVERAL OCCURRENCES
COLUMN 17 PEAK WIND IN M.P.H.
PRELIMINARY LOCAL CLIMATOLOGICAL DATA (WS FORM: F-6) , PAGE 2
STATION: HICKORY NC
MONTH: APRIL
YEAR: 2024
LATITUDE: 35 45 N
LONGITUDE: 81 23 W
[TEMPERATURE DATA] [PRECIPITATION DATA] SYMBOLS USED IN COLUMN 16
AVERAGE MONTHLY: 61.3 TOTAL FOR MONTH: 1.55 1 = FOG OR MIST
DPTR FM NORMAL: 3.5 DPTR FM NORMAL: -1.59 2 = FOG REDUCING VISIBILITY
HIGHEST: 89 ON 18 GRTST 24HR 0.62 ON 11-11 TO 1/4 MILE OR LESS
LOWEST: 34 ON 7 3 = THUNDER
SNOW, ICE PELLETS, HAIL 4 = ICE PELLETS
TOTAL MONTH: M 5 = HAIL
GRTST 24HR M ON M 6 = FREEZING RAIN OR DRIZZLE
GRTST DEPTH: M ON M 7 = DUSTSTORM OR SANDSTORM:
VSBY 1/2 MILE OR LESS
8 = SMOKE OR HAZE
[NO. OF DAYS WITH] [WEATHER - DAYS WITH] 9 = BLOWING SNOW
X = TORNADO
MAX 32 OR BELOW: 0 0.01 INCH OR MORE: 6
MAX 90 OR ABOVE: 0 0.10 INCH OR MORE: 5
MIN 32 OR BELOW: 0 0.50 INCH OR MORE: 1
MIN 0 OR BELOW: 0 1.00 INCH OR MORE: 0
[HDD (BASE 65) ]
TOTAL THIS MO. 125 CLEAR (SCALE 0-3) 12
DPTR FM NORMAL -56 PTCLDY (SCALE 4-7) 8
TOTAL FM JUL 1 2907 CLOUDY (SCALE 8-10) 3
DPTR FM NORMAL -545
[CDD (BASE 65) ]
TOTAL THIS MO. 47
DPTR FM NORMAL 32 [PRESSURE DATA]
TOTAL FM JAN 1 50 HIGHEST SLP M ON M
DPTR FM NORMAL 31 LOWEST SLP 29.25 ON 3
[REMARKS]