000
CXUS51 KCAR 220600
CF6HUL
PRELIMINARY LOCAL CLIMATOLOGICAL DATA (WS FORM: F-6)

                                          STATION:   HOULTON ME
                                          MONTH:     APRIL
                                          YEAR:      2018
                                          LATITUDE:   46  7 N
                                          LONGITUDE:  67 48 W

  TEMPERATURE IN F:       :PCPN:    SNOW:  WIND      :SUNSHINE: SKY     :PK WND
================================================================================
1   2   3   4   5  6A  6B    7    8   9   10  11  12  13   14  15   16   17  18
                                     12Z  AVG MX 2MIN
DY MAX MIN AVG DEP HDD CDD  WTR  SNW DPTH SPD SPD DIR MIN PSBL S-S WX    SPD DR
================================================================================

 1  47  28  38   6  27   0    T    M    M 12.4 24 290   M    M   6        36 300
 2  38  16  27  -6  38   0 0.00    M    M  4.4 16 260   M    M   3        22 280
 3  44  14  29  -4  36   0 0.00    M    M  6.7 18 210   M    M   5        25 210
 4  35  32  34   0  31   0 0.99    M    M  5.8 17 100   M    M  10 1      27 100
 5  33  17  25  -9  40   0 0.03    M    M 16.9 31 270   M    M   6 18     44 270
 6  37  12  25 -10  40   0 0.05    M    M  9.7 25 240   M    M   4 18     31 230
 7  39  27  33  -2  32   0 0.01    M    M  8.3 22 260   M    M   6 18     28 240
 8  35  20  28  -8  37   0 0.00    M    M  8.4 21 350   M    M   2        28 360
 9  31  17  24 -12  41   0 0.00    M    M 10.4 24 290   M    M   1        33 280
10  39   9  24 -12  41   0 0.00    M    M  4.0 13 230   M    M   2        18 270
11  44  16  30  -7  35   0 0.00    M    M  4.2 13 200   M    M   3        17 250
12  47  26  37  -1  28   0 0.07    M    M  6.7 14 230   M    M   4 1      19 180
13  47  33  40   2  25   0 0.16    M    M  7.2 16 260   M    M   7 1      24 270
14  40  22  31  -7  34   0 0.00    M    M 13.5 25 330   M    M   6        37 340
15  31  16  24 -15  41   0 0.00    M    M  9.9 22  10   M    M   2        24  10
16  34  28  31  -8  34   0 0.29    M    M  8.1 17 100   M    M  10 168    29  90
17  42  33  38  -2  27   0 0.14    M    M 10.8 23  90   M    M  10 18     35 110
18  43  34  39  -1  26   0 0.01    M    M  8.2 18 240   M    M   9 18     25 240
19  46  34  40  -1  25   0    T    M    M  3.4 14 240   M    M  10        18 240
20  46  33  40  -1  25   0 0.07    M    M  8.3 20 350   M    M   7 1      23 350
21  47  28  38  -4  27   0 0.00    M    M  8.4 21 320   M    M   4        27 360
================================================================================
SM  845  495       690   0  1.82    M    175.7          M      117
================================================================================
AV 40.2 23.6                               8.4 FASTST   M    M   6    MAX(MPH)
                                 MISC ---->  # 31 270               # 44  270
================================================================================
NOTES:
# LAST OF SEVERAL OCCURRENCES

COLUMN 17 PEAK WIND IN M.P.H.

PRELIMINARY LOCAL CLIMATOLOGICAL DATA (WS FORM: F-6) , PAGE 2

                                          STATION:  HOULTON ME
                                          MONTH:    APRIL
                                          YEAR:     2018
                                          LATITUDE:   46  7 N
                                          LONGITUDE:  67 48 W

[TEMPERATURE DATA]      [PRECIPITATION DATA]       SYMBOLS USED IN COLUMN 16

AVERAGE MONTHLY: 31.9   TOTAL FOR MONTH:   1.82    1 = FOG OR MIST
DPTR FM NORMAL:  -5.1   DPTR FM NORMAL:   -0.86    2 = FOG REDUCING VISIBILITY
HIGHEST:    47 ON 21,13 GRTST 24HR  0.99 ON  4- 4      TO 1/4 MILE OR LESS
LOWEST:      9 ON 10                               3 = THUNDER
                        SNOW, ICE PELLETS, HAIL    4 = ICE PELLETS
                        TOTAL MONTH:    M          5 = HAIL
                        GRTST 24HR    M  ON   M    6 = FREEZING RAIN OR DRIZZLE
                        GRTST DEPTH:  M  ON   M    7 = DUSTSTORM OR SANDSTORM:
                                                       VSBY 1/2 MILE OR LESS
                                                   8 = SMOKE OR HAZE
[NO. OF DAYS WITH]      [WEATHER - DAYS WITH]      9 = BLOWING SNOW
                                                   X = TORNADO
MAX 32 OR BELOW:   2    0.01 INCH OR MORE:  10
MAX 90 OR ABOVE:   0    0.10 INCH OR MORE:   4
MIN 32 OR BELOW:  16    0.50 INCH OR MORE:   1
MIN  0 OR BELOW:   0    1.00 INCH OR MORE:   0

[HDD (BASE 65) ]
TOTAL THIS MO.   690    CLEAR  (SCALE 0-3)   6
DPTR FM NORMAL   102    PTCLDY (SCALE 4-7)  10
TOTAL FM JUL 1  7885    CLOUDY (SCALE 8-10)  5
DPTR FM NORMAL  -499

[CDD (BASE 65) ]
TOTAL THIS MO.     0
DPTR FM NORMAL     0    [PRESSURE DATA]
TOTAL FM JAN 1     0    HIGHEST SLP M ON M
DPTR FM NORMAL     0    LOWEST  SLP 29.25 ON  4

[REMARKS]
