000
CXUS53 KICT 220800
CF6ICT
PRELIMINARY LOCAL CLIMATOLOGICAL DATA (WS FORM: F-6)

                                          STATION:   WICHITA EISENHOWER NATIONAL
                                          MONTH:     APRIL
                                          YEAR:      2018
                                          LATITUDE:   37 39 N
                                          LONGITUDE:  97 25 W

  TEMPERATURE IN F:       :PCPN:    SNOW:  WIND      :SUNSHINE: SKY     :PK WND
================================================================================
1   2   3   4   5  6A  6B    7    8   9   10  11  12  13   14  15   16   17  18
                                     12Z  AVG MX 2MIN
DY MAX MIN AVG DEP HDD CDD  WTR  SNW DPTH SPD SPD DIR MIN PSBL S-S WX    SPD DR
================================================================================

 1  36  28  32 -19  33   0 0.00  0.0    0 16.1 26  40   M    M  10        32  40
 2  54  25  40 -12  25   0 0.00  0.0    0 11.9 21 170   M    M   8        25 170
 3  60  31  46  -6  19   0    T    M    0 23.5 37 330   M    M   7 18     47 350
 4  54  24  39 -13  26   0 0.00  0.0    0 12.4 24 200   M    M   4        31 180
 5  71  45  58   5   7   0 0.00  0.0    0 11.5 25 200   M    M   4        29 190
 6  46  19  33 -20  32   0 0.05  0.8    0 21.3 35  30   M    M   9 1469   42  30
 7  45  18  32 -21  33   0 0.02  0.2    1  9.2 24  20   M    M   5 1      30  20
 8  51  33  42 -12  23   0 0.04    T    0 12.2 26 170   M    M   6 14     32 190
 9  56  35  46  -8  19   0 0.03  0.0    0 10.9 20 340   M    M   5 1      24 330
10  71  25  48  -6  17   0 0.00  0.0    0 13.1 28 190   M    M   2 18     36 220
11  81  49  65  10   0   0 0.00  0.0    0 18.8 36 190   M    M   8        44 190
12  87  57  72  17   0   7 0.00  0.0    0 23.1 38 170   M    M   4        46 170
13  81  37  59   4   6   0 0.00  0.0    0 22.6 36 180   M    M   6        44 180
14  39  29  34 -22  31   0    T    T    0 27.7 38 320   M    M  10        47 320
15  49  26  38 -18  27   0 0.00  0.0    0 19.4 33 320   M    M   4        41 320
16  64  21  43 -13  22   0 0.00  0.0    0  8.2 16 110   M    M   1 8      21 170
17  86  45  66   9   0   1 0.00  0.0    0 16.1 39 310   M    M   4 78     49 300
18  64  43  54  -3  11   0 0.00  0.0    0 22.2 39 330   M    M   2 7      49 310
19  61  31  46 -11  19   0 0.00  0.0    0 10.3 22  20   M    M   2 8      24  30
20  68  41  55  -3  10   0    T    M    0 14.4 25 130   M    M   7 38     32 120
21  56  45  51  -7  14   0 1.16    M    0 11.7 20  60   M    M   9 1      22 100
================================================================================
SM 1280  707       374   8  1.30     1.0 336.6          M      117
================================================================================
AV 61.0 33.7                              16.0 FASTST   M    M   6    MAX(MPH)
                                 MISC ---->  # 39 310               # 49  300
================================================================================
NOTES:
# LAST OF SEVERAL OCCURRENCES

COLUMN 17 PEAK WIND IN M.P.H.

PRELIMINARY LOCAL CLIMATOLOGICAL DATA (WS FORM: F-6) , PAGE 2

                                          STATION:  WICHITA EISENHOWER NATIONAL
                                          MONTH:    APRIL
                                          YEAR:     2018
                                          LATITUDE:   37 39 N
                                          LONGITUDE:  97 25 W

[TEMPERATURE DATA]      [PRECIPITATION DATA]       SYMBOLS USED IN COLUMN 16

AVERAGE MONTHLY: 47.3   TOTAL FOR MONTH:   1.30    1 = FOG OR MIST
DPTR FM NORMAL:  -7.4   DPTR FM NORMAL:   -0.35    2 = FOG REDUCING VISIBILITY
HIGHEST:    87 ON 12    GRTST 24HR  1.16 ON 21-21      TO 1/4 MILE OR LESS
LOWEST:     18 ON  7                               3 = THUNDER
                        SNOW, ICE PELLETS, HAIL    4 = ICE PELLETS
                        TOTAL MONTH:   1.0 INCH    5 = HAIL
                        GRTST 24HR   0.8 ON  6- 6  6 = FREEZING RAIN OR DRIZZLE
                        GRTST DEPTH:   1 ON  7     7 = DUSTSTORM OR SANDSTORM:
                                                       VSBY 1/2 MILE OR LESS
                                                   8 = SMOKE OR HAZE
[NO. OF DAYS WITH]      [WEATHER - DAYS WITH]      9 = BLOWING SNOW
                                                   X = TORNADO
MAX 32 OR BELOW:   0    0.01 INCH OR MORE:   5
MAX 90 OR ABOVE:   0    0.10 INCH OR MORE:   1
MIN 32 OR BELOW:  11    0.50 INCH OR MORE:   1
MIN  0 OR BELOW:   0    1.00 INCH OR MORE:   1

[HDD (BASE 65) ]
TOTAL THIS MO.   374    CLEAR  (SCALE 0-3)   4
DPTR FM NORMAL   143    PTCLDY (SCALE 4-7)  11
TOTAL FM JUL 1  4212    CLOUDY (SCALE 8-10)  6
DPTR FM NORMAL  -236

[CDD (BASE 65) ]
TOTAL THIS MO.     8
DPTR FM NORMAL    -6    [PRESSURE DATA]
TOTAL FM JAN 1     8    HIGHEST SLP M ON M
DPTR FM NORMAL    -8    LOWEST  SLP 29.27 ON 13

[REMARKS]
