000
CXUS54 KHGX 251415
CF6LBX
PRELIMINARY LOCAL CLIMATOLOGICAL DATA (WS FORM: F-6)

                                          STATION:   ANGLETON/LAKE_JACKS
                                          MONTH:     MAY
                                          YEAR:      2018
                                          LATITUDE:   29  6 N
                                          LONGITUDE:  95 28 W

  TEMPERATURE IN F:       :PCPN:    SNOW:  WIND      :SUNSHINE: SKY     :PK WND
================================================================================
1   2   3   4   5  6A  6B    7    8   9   10  11  12  13   14  15   16   17  18
                                     12Z  AVG MX 2MIN
DY MAX MIN AVG DEP HDD CDD  WTR  SNW DPTH SPD SPD DIR MIN PSBL S-S WX    SPD DR
================================================================================

 1  81  71  76   4   0  11 0.00  0.0    0 12.7 20 140   M    M   9        26 150
 2  87  75  81   9   0  16 0.00  0.0    0 15.9 25 140   M    M   8        33 160
 3  85  75  80   7   0  15 0.00  0.0    0 16.4 24 170   M    M   8        33 160
 4  84  72  78   5   0  13    T  0.0    0  9.2 20 170   M    M   7        23 170
 5  86  66  76   3   0  11    T  0.0    0  6.4 13 350   M    M   5 1      18 350
 6  89  59  74   1   0   9 0.00  0.0    0  3.1 15 180   M    M   1 12     20 170
 7  91  60  76   2   0  11 0.00  0.0    0  4.3 16 170   M    M   0 18     20 170
 8  90  61  76   2   0  11 0.00  0.0    0  5.1 14 180   M    M   0 12     18 180
 9  88  60  74   0   0   9 0.00  0.0    0  5.5 17 170   M    M   1 12     21 160
10  88  61  75   1   0  10 0.00  0.0    0  7.3 21 160   M    M   2 1      24 160
11  88  74  81   7   0  16 0.00  0.0    0 11.6 21 170   M    M   4        25 160
12  89  76  83   8   0  18    T  0.0    0 10.1 17 160   M    M   5        23 170
13  90  71  81   6   0  16 0.00  0.0    0  7.4 16 130   M    M   3 1      25 110
14  89  68  79   4   0  14 0.00  0.0    0  5.5 15 160   M    M   2 1      19 160
15  91  63  77   2   0  12 0.00  0.0    0  4.1 15 170   M    M   2 12     20 170
16  94  65  80   4   0  15 0.00  0.0    0  5.8 15 200   M    M   1 12     20 190
17  94  68  81   5   0  16 0.00  0.0    0  6.4 18 190   M    M   0 1      22 180
18  91  67  79   3   0  14 0.00  0.0    0  9.4 22 170   M    M   3 12     26 190
19  91  75  83   7   0  18 0.00  0.0    0 12.8 24 170   M    M   4        32 180
20  91  72  82   6   0  17 0.35  0.0    0  9.3 23 150   M    M   6 13     30 160
21  89  71  80   3   0  15 0.57  0.0    0  6.0 16  90   M    M   3 13     21  90
22  91  71  81   4   0  16    T  0.0    0  5.5 16 150   M    M   2 13     21 150
23  83  70  77   0   0  12 2.18  0.0    0  3.2 21 330   M    M   3 13     28 330
24  89  71  80   3   0  15 0.03  0.0    0  4.7 18 140   M    M   2 13     24 140
================================================================================
SM 2129 1642         0 330  3.13     0.0 187.7          M       81
================================================================================
AV 88.7 68.4                               7.8 FASTST   M    M   3    MAX(MPH)
                                 MISC ---->  # 25 140               # 33  160
================================================================================
NOTES:
# LAST OF SEVERAL OCCURRENCES

COLUMN 17 PEAK WIND IN M.P.H.

PRELIMINARY LOCAL CLIMATOLOGICAL DATA (WS FORM: F-6) , PAGE 2

                                          STATION:  ANGLETON/LAKE_JACKS
                                          MONTH:    MAY
                                          YEAR:     2018
                                          LATITUDE:   29  6 N
                                          LONGITUDE:  95 28 W

[TEMPERATURE DATA]      [PRECIPITATION DATA]       SYMBOLS USED IN COLUMN 16

AVERAGE MONTHLY: 78.6   TOTAL FOR MONTH:   3.13    1 = FOG OR MIST
DPTR FM NORMAL:   3.8   DPTR FM NORMAL:    0.29    2 = FOG REDUCING VISIBILITY
HIGHEST:    94 ON 17,16 GRTST 24HR  2.18 ON 23-23      TO 1/4 MILE OR LESS
LOWEST:     59 ON  6                               3 = THUNDER
                        SNOW, ICE PELLETS, HAIL    4 = ICE PELLETS
                        TOTAL MONTH:   0.0 INCH    5 = HAIL
                        GRTST 24HR     0.0         6 = FREEZING RAIN OR DRIZZLE
                        GRTST DEPTH:   0           7 = DUSTSTORM OR SANDSTORM:
                                                       VSBY 1/2 MILE OR LESS
                                                   8 = SMOKE OR HAZE
[NO. OF DAYS WITH]      [WEATHER - DAYS WITH]      9 = BLOWING SNOW
                                                   X = TORNADO
MAX 32 OR BELOW:   0    0.01 INCH OR MORE:   4
MAX 90 OR ABOVE:  10    0.10 INCH OR MORE:   3
MIN 32 OR BELOW:   0    0.50 INCH OR MORE:   2
MIN  0 OR BELOW:   0    1.00 INCH OR MORE:   1

[HDD (BASE 65) ]
TOTAL THIS MO.     0    CLEAR  (SCALE 0-3)  14
DPTR FM NORMAL     0    PTCLDY (SCALE 4-7)   8
TOTAL FM JUL 1  1086    CLOUDY (SCALE 8-10)  2
DPTR FM NORMAL  -227

[CDD (BASE 65) ]
TOTAL THIS MO.   330
DPTR FM NORMAL    95    [PRESSURE DATA]
TOTAL FM JAN 1   713    HIGHEST SLP M ON M
DPTR FM NORMAL   237    LOWEST  SLP 29.75 ON 18

[REMARKS]
