000
CXUS54 KLZK 201230
CF6LIT
PRELIMINARY LOCAL CLIMATOLOGICAL DATA (WS FORM: F-6)
STATION: LITTLE ROCK ADAMS FIELD
MONTH: APRIL
YEAR: 2024
LATITUDE: 34 43 N
LONGITUDE: 92 14 W
TEMPERATURE IN F: :PCPN: SNOW: WIND :SUNSHINE: SKY :PK WND
================================================================================
1 2 3 4 5 6A 6B 7 8 9 10 11 12 13 14 15 16 17 18
12Z AVG MX 2MIN
DY MAX MIN AVG DEP HDD CDD WTR SNW DPTH SPD SPD DIR MIN PSBL S-S WX SPD DR
================================================================================
1 79 69 74 16 0 9 0.00 0.0 0 10.5 18 200 M M 9 29 200
2 80 52 66 8 0 1 T 0.0 0 16.7 31 340 M M 8 38 46 340
3 63 45 54 -4 11 0 0.00 0.0 0 13.9 32 330 M M 3 46 330
4 71 41 56 -2 9 0 0.00 0.0 0 10.1 22 330 M M 0 35 330
5 70 41 56 -3 9 0 0.00 0.0 0 4.9 12 70 M M 2 18 60
6 73 52 63 4 2 0 0.00 0.0 0 10.7 20 130 M M 4 8 27 140
7 83 60 72 13 0 7 0.00 0.0 M 11.2 24 230 M M 7 34 250
8 84 50 67 7 0 2 0.27 0.0 0 6.9 26 160 M M 6 3 34 160
9 67 60 64 4 1 0 1.06 0.0 0 8.2 20 140 M M 9 13 25 150
10 70 58 64 4 1 0 0.14 0.0 0 7.8 23 340 M M 10 13 30 350
11 73 53 63 3 2 0 0.38 0.0 0 16.3 32 350 M M 5 1 44 350
12 78 47 63 2 2 0 0.00 0.0 0 8.1 20 340 M M 0 26 350
13 84 50 67 6 0 2 0.00 0.0 0 7.9 23 250 M M 0 31 250
14 79 60 70 9 0 5 0.00 0.0 0 12.1 25 260 M M 5 36 240
15 81 62 72 11 0 7 0.00 0.0 0 6.1 14 220 M M 7 22 210
16 81 66 74 12 0 9 0.31 0.0 0 10.0 25 230 M M 7 13 36 230
17 85 69 77 15 0 12 0.00 0.0 0 6.9 14 230 M M 8 18 19 220
18 80 69 75 13 0 10 0.01 0.0 0 9.0 16 210 M M 9 138 23 230
19 75 59 67 5 0 2 0.40 0.0 0 10.1 24 30 M M 10 138 34 20
================================================================================
SM 1456 1063 37 66 2.57 0.0 187.4 M 109
================================================================================
AV 76.6 55.9 9.9 FASTST M M 6 MAX(MPH)
MISC ----> # 32 330 # 46 340
================================================================================
NOTES:
# LAST OF SEVERAL OCCURRENCES
COLUMN 17 PEAK WIND IN M.P.H.
PRELIMINARY LOCAL CLIMATOLOGICAL DATA (WS FORM: F-6) , PAGE 2
STATION: LITTLE ROCK ADAMS FIELD
MONTH: APRIL
YEAR: 2024
LATITUDE: 34 43 N
LONGITUDE: 92 14 W
[TEMPERATURE DATA] [PRECIPITATION DATA] SYMBOLS USED IN COLUMN 16
AVERAGE MONTHLY: 66.3 TOTAL FOR MONTH: 2.57 1 = FOG OR MIST
DPTR FM NORMAL: 6.2 DPTR FM NORMAL: -0.81 2 = FOG REDUCING VISIBILITY
HIGHEST: 85 ON 17 GRTST 24HR 1.31 ON 8- 9 TO 1/4 MILE OR LESS
LOWEST: 41 ON 5, 4 3 = THUNDER
SNOW, ICE PELLETS, HAIL 4 = ICE PELLETS
TOTAL MONTH: 0.0 INCH 5 = HAIL
GRTST 24HR 0.0 6 = FREEZING RAIN OR DRIZZLE
GRTST DEPTH: 0 7 = DUSTSTORM OR SANDSTORM:
VSBY 1/2 MILE OR LESS
8 = SMOKE OR HAZE
[NO. OF DAYS WITH] [WEATHER - DAYS WITH] 9 = BLOWING SNOW
X = TORNADO
MAX 32 OR BELOW: 0 0.01 INCH OR MORE: 7
MAX 90 OR ABOVE: 0 0.10 INCH OR MORE: 6
MIN 32 OR BELOW: 0 0.50 INCH OR MORE: 1
MIN 0 OR BELOW: 0 1.00 INCH OR MORE: 1
[HDD (BASE 65) ]
TOTAL THIS MO. 37 CLEAR (SCALE 0-3) 5
DPTR FM NORMAL -81 PTCLDY (SCALE 4-7) 9
TOTAL FM JUL 1 2243 CLOUDY (SCALE 8-10) 5
DPTR FM NORMAL -854
[CDD (BASE 65) ]
TOTAL THIS MO. 66
DPTR FM NORMAL 40 [PRESSURE DATA]
TOTAL FM JAN 1 114 HIGHEST SLP M ON M
DPTR FM NORMAL 75 LOWEST SLP 29.55 ON 2
[REMARKS]