000
CXAK56 PAFG 241252
CF6MCG
PRELIMINARY LOCAL CLIMATOLOGICAL DATA (WS FORM: F-6)

                                          STATION:   MCGRATH AK
                                          MONTH:     MAY
                                          YEAR:      2018
                                          LATITUDE:   62 57 N
                                          LONGITUDE: 155 36 W

  TEMPERATURE IN F:       :PCPN:    SNOW:  WIND      :SUNSHINE: SKY     :PK WND
================================================================================
1   2   3   4   5  6A  6B    7    8   9   10  11  12  13   14  15   16   17  18
                                     12Z  AVG MX 2MIN
DY MAX MIN AVG DEP HDD CDD  WTR  SNW DPTH SPD SPD DIR MIN PSBL S-S WX    SPD DR
================================================================================

 1  39  32  36  -4  29   0 0.01    T    0  9.0 20 250   M    M   8 18     26 220
 2  40  30  35  -6  30   0 0.01    T    0  4.6 13 260   M    M  10 1      15 260
 3  50  30  40  -1  25   0 0.00  0.0    0  5.0 14  80   M    M   8        18  90
 4  51  30  41  -1  24   0    T  0.0    0  8.3 23 170   M    M   6        34 170
 5  48  34  41  -1  24   0 0.05  0.0    0 12.5 25 200   M    M   8 1      35 190
 6  46  33  40  -3  25   0    T  0.0    0 11.1 26 200   M    M   4        33 210
 7  51  27  39  -4  26   0 0.00  0.0    0  4.2 15 140   M    M   6        18 120
 8  58  32  45   1  20   0 0.00  0.0    0  6.4 20  90   M    M   7        26  80
 9  61  37  49   5  16   0 0.00  0.0    0  5.6 20 110   M    M   4        25 100
10  64  37  51   6  14   0 0.00  0.0    0 10.4 28 110   M    M   3        37 130
11  57  39  48   3  17   0    T  0.0    0 10.5 24 170   M    M   7        35 160
12  53  36  45   0  20   0 0.07  0.0    0  4.8 23 220   M    M   7 1      32 220
13  54  35  45  -1  20   0    T  0.0    0  3.7  9 130   M    M   5        11 260
14  53  38  46   0  19   0 0.01  0.0    0  4.4 12  50   M    M   9        15  30
15  50  37  44  -3  21   0    T  0.0    0  6.4 16 200   M    M   9        21 200
16  52  34  43  -4  22   0    T  0.0    0  3.9 14 130   M    M   6        18 140
17  59  30  45  -2  20   0 0.00  0.0    0  7.4 15  90   M    M   6        22  80
18  64  43  54   6  11   0    M    M    0  5.1 14  90   M    M   8        21  80
19  61  42  52   4  13   0 0.06  0.0    0  2.6 20 230   M    M   6 1      27 230
20  64  37  51   3  14   0    M    M    0  7.0 17  80   M    M   5        25  90
21  65  39  52   3  13   0 0.00  0.0    0  6.0 16  20   M    M   3        20  20
22  61  37  49   0  16   0 0.18  0.0    0  2.5 15 280   M    M   7 1      19 280
23  67  47  57   7   8   0 0.18  0.0    0  3.9 18  50   M    M   8 1      25  50
================================================================================
SM 1268  816       447   0  0.57    T    145.3          M      150
================================================================================
AV 55.1 35.5                               6.3 FASTST   M    M   7    MAX(MPH)
                                 MISC ---->  # 28 110               # 37  130
================================================================================
NOTES:
# LAST OF SEVERAL OCCURRENCES

COLUMN 17 PEAK WIND IN M.P.H.

PRELIMINARY LOCAL CLIMATOLOGICAL DATA (WS FORM: F-6) , PAGE 2

                                          STATION:  MCGRATH AK
                                          MONTH:    MAY
                                          YEAR:     2018
                                          LATITUDE:   62 57 N
                                          LONGITUDE: 155 36 W

[TEMPERATURE DATA]      [PRECIPITATION DATA]       SYMBOLS USED IN COLUMN 16

AVERAGE MONTHLY: 45.3   TOTAL FOR MONTH:   0.57    1 = FOG OR MIST
DPTR FM NORMAL:   0.1   DPTR FM NORMAL:   -0.20    2 = FOG REDUCING VISIBILITY
HIGHEST:    67 ON 23    GRTST 24HR  0.18 ON 23-23      TO 1/4 MILE OR LESS
LOWEST:     27 ON  7                               3 = THUNDER
                        SNOW, ICE PELLETS, HAIL    4 = ICE PELLETS
                        TOTAL MONTH:    T          5 = HAIL
                        GRTST 24HR    T  ON  2- 2  6 = FREEZING RAIN OR DRIZZLE
                        GRTST DEPTH:   0           7 = DUSTSTORM OR SANDSTORM:
                                                       VSBY 1/2 MILE OR LESS
                                                   8 = SMOKE OR HAZE
[NO. OF DAYS WITH]      [WEATHER - DAYS WITH]      9 = BLOWING SNOW
                                                   X = TORNADO
MAX 32 OR BELOW:   0    0.01 INCH OR MORE:   8
MAX 90 OR ABOVE:   0    0.10 INCH OR MORE:   2
MIN 32 OR BELOW:   7    0.50 INCH OR MORE:   0
MIN  0 OR BELOW:   0    1.00 INCH OR MORE:   0

[HDD (BASE 65) ]
TOTAL THIS MO.   447    CLEAR  (SCALE 0-3)   2
DPTR FM NORMAL    -9    PTCLDY (SCALE 4-7)  17
TOTAL FM JUL 1 11344    CLOUDY (SCALE 8-10)  4
DPTR FM NORMAL -2058

[CDD (BASE 65) ]
TOTAL THIS MO.     0
DPTR FM NORMAL     0    [PRESSURE DATA]
TOTAL FM JAN 1     0    HIGHEST SLP M ON M
DPTR FM NORMAL     0    LOWEST  SLP 29.57 ON  1

[REMARKS]
