000
CXUS53 KPAH 240630
CF6MDH
PRELIMINARY LOCAL CLIMATOLOGICAL DATA (WS FORM: F-6)

                                          STATION:   CARBONDALE IL
                                          MONTH:     APRIL
                                          YEAR:      2018
                                          LATITUDE:   37 46 N
                                          LONGITUDE:  89 15 W

  TEMPERATURE IN F:       :PCPN:    SNOW:  WIND      :SUNSHINE: SKY     :PK WND
================================================================================
1   2   3   4   5  6A  6B    7    8   9   10  11  12  13   14  15   16   17  18
                                     12Z  AVG MX 2MIN
DY MAX MIN AVG DEP HDD CDD  WTR  SNW DPTH SPD SPD DIR MIN PSBL S-S WX    SPD DR
================================================================================

 1  47  33  40 -11  25   0 0.58    M    M 10.4 18 360   M    M   7 1      25 350
 2  49  32  41 -11  24   0 0.13    M    M  7.9 15 170   M    M  10 13     19 170
 3  73  39  56   4   9   0 0.21    M    M 16.6 32 200   M    M   7 13     47 200
 4  43  31  37 -15  28   0 0.00  0.0    0  9.7 23 300   M    M   3        36 300
 5  57  28  43 -10  22   0 0.00  0.0    0  8.3 20 210   M    M   0 1      26 170
 6  57  31  44  -9  21   0 0.00  0.0    0 12.2 25 360   M    M   5        37 360
 7  42  27  35 -18  30   0    T    M    M  9.3 21 360   M    M   4 8      30  10
 8  42  27  35 -19  30   0    T    M    0  3.9 12 120   M    M   4        15 110
 9  56  32  44 -10  21   0 0.00  0.0    0  5.8 14 360   M    M   6        20 360
10  50  36  43 -11  22   0 0.00  0.0    0  6.5 13 330   M    M   7 18     17 320
11  68  37  53  -2  12   0 0.00  0.0    0 15.9 26 210   M    M   4        39 210
12  79  57  68  13   0   3 0.00  0.0    0 23.9 35 200   M    M   0        51 210
13  73  64  69  14   0   4 0.40  0.0    0 24.4 35 210   M    M   8 13     54 200
14  67  46  57   1   8   0 1.20  0.0    0 10.8 26 120   M    M   6 1      35 120
15  46  34  40 -16  25   0    T    M    0 11.2 21 300   M    M  10        33 320
16  47  31  39 -17  26   0 0.00  0.0    0  9.9 23 300   M    M   6        33 290
17  65  29  47 -10  18   0 0.00  0.0    0  3.6 12 100   M    M   0        16 100
18  80  42  61   4   4   0 0.00  0.0    0 14.7 29 330   M    M   2        40 320
19  54  34  44 -14  21   0 0.00  0.0    0 11.1 21 330   M    M   7        31 310
20  63  34  49  -9  16   0 0.00  0.0    0  7.5 16 100   M    M   0        24  90
21  71  37  54  -4  11   0 0.00  0.0    0  7.5 17  90   M    M   1        24  90
22  60  51  56  -2   9   0 0.55  0.0    0  9.2 17  50   M    M  10 1      26  60
23  65  49  57  -2   8   0 0.53  0.0    0 10.1 20  50   M    M  10 13     28  50
================================================================================
SM 1354  861       390   7  3.60     0.0 250.4          M      117
================================================================================
AV 58.9 37.4                              10.9 FASTST   M    M   5    MAX(MPH)
                                 MISC ---->  # 35 200               # 54  200
================================================================================
NOTES:
# LAST OF SEVERAL OCCURRENCES

COLUMN 17 PEAK WIND IN M.P.H.

PRELIMINARY LOCAL CLIMATOLOGICAL DATA (WS FORM: F-6) , PAGE 2

                                          STATION:  CARBONDALE IL
                                          MONTH:    APRIL
                                          YEAR:     2018
                                          LATITUDE:   37 46 N
                                          LONGITUDE:  89 15 W

[TEMPERATURE DATA]      [PRECIPITATION DATA]       SYMBOLS USED IN COLUMN 16

AVERAGE MONTHLY: 48.2   TOTAL FOR MONTH:   3.60    1 = FOG OR MIST
DPTR FM NORMAL:  -6.9   DPTR FM NORMAL:    0.59    2 = FOG REDUCING VISIBILITY
HIGHEST:    80 ON 18    GRTST 24HR  1.20 ON 14-14      TO 1/4 MILE OR LESS
LOWEST:     27 ON  8, 7                            3 = THUNDER
                        SNOW, ICE PELLETS, HAIL    4 = ICE PELLETS
                        TOTAL MONTH:   0.0 INCH    5 = HAIL
                        GRTST 24HR     0.0         6 = FREEZING RAIN OR DRIZZLE
                        GRTST DEPTH:   0           7 = DUSTSTORM OR SANDSTORM:
                                                       VSBY 1/2 MILE OR LESS
                                                   8 = SMOKE OR HAZE
[NO. OF DAYS WITH]      [WEATHER - DAYS WITH]      9 = BLOWING SNOW
                                                   X = TORNADO
MAX 32 OR BELOW:   0    0.01 INCH OR MORE:   7
MAX 90 OR ABOVE:   0    0.10 INCH OR MORE:   7
MIN 32 OR BELOW:   9    0.50 INCH OR MORE:   4
MIN  0 OR BELOW:   0    1.00 INCH OR MORE:   1

[HDD (BASE 65) ]
TOTAL THIS MO.   390    CLEAR  (SCALE 0-3)   7
DPTR FM NORMAL   147    PTCLDY (SCALE 4-7)  12
TOTAL FM JUL 1  4600    CLOUDY (SCALE 8-10)  4
DPTR FM NORMAL   241

[CDD (BASE 65) ]
TOTAL THIS MO.     7
DPTR FM NORMAL   -10    [PRESSURE DATA]
TOTAL FM JAN 1     7    HIGHEST SLP M ON M
DPTR FM NORMAL   -13    LOWEST  SLP 29.56 ON  3

[REMARKS]
