000
CXUS51 KCTP 280800
CF6MDT
PRELIMINARY LOCAL CLIMATOLOGICAL DATA (WS FORM: F-6)
STATION: HARRISBURG PA
MONTH: MARCH
YEAR: 2024
LATITUDE: 40 11 N
LONGITUDE: 76 46 W
TEMPERATURE IN F: :PCPN: SNOW: WIND :SUNSHINE: SKY :PK WND
================================================================================
1 2 3 4 5 6A 6B 7 8 9 10 11 12 13 14 15 16 17 18
12Z AVG MX 2MIN
DY MAX MIN AVG DEP HDD CDD WTR SNW DPTH SPD SPD DIR MIN PSBL S-S WX SPD DR
================================================================================
1 49 25 37 0 28 0 T 0.0 0 7.6 17 130 M M 5 28 160
2 48 37 43 6 22 0 0.60 0.0 0 7.6 16 300 M M 10 1 21 310
3 63 33 48 10 17 0 T 0.0 0 3.5 12 280 M M 4 12 14 280
4 68 42 55 17 10 0 0.00 0.0 0 5.8 16 140 M M 7 21 140
5 52 44 48 10 17 0 0.29 0.0 0 4.9 13 120 M M 10 1 18 20
6 54 48 51 13 14 0 0.12 0.0 0 5.5 12 290 M M 10 12 18 80
7 60 41 51 12 14 0 0.06 0.0 0 9.6 20 340 M M 8 1 29 330
8 57 36 47 8 18 0 0.00 0.0 0 7.1 21 130 M M 7 27 130
9 45 40 43 4 22 0 1.23 0.0 0 9.7 17 130 M M 10 1 23 120
10 46 35 41 1 24 0 0.03 T 0 21.5 39 300 M M 8 18 54 300
11 53 35 44 4 21 0 0.00 0.0 0 22.1 37 310 M M 3 52 290
12 70 34 52 12 13 0 0.00 0.0 0 7.1 21 300 M M 3 27 290
13 72 39 56 15 9 0 0.00 0.0 0 2.5 15 210 M M 5 22 210
14 76 40 58 17 7 0 0.02 0.0 0 3.8 22 320 M M 4 3 31 320
15 68 48 58 17 7 0 0.02 0.0 0 7.7 21 320 M M 9 3 31 270
16 61 40 51 9 14 0 0.00 0.0 0 8.6 18 270 M M 2 27 250
17 60 44 52 10 13 0 0.00 0.0 0 15.3 30 290 M M 6 41 290
18 48 36 42 0 23 0 0.00 0.0 0 17.5 26 290 M M 6 36 320
19 47 35 41 -2 24 0 0.00 0.0 0 12.7 26 300 M M 8 35 290
20 58 33 46 3 19 0 0.00 0.0 0 15.2 39 300 M M 6 50 310
21 45 28 37 -6 28 0 0.00 0.0 0 13.8 25 320 M M 2 35 310
22 47 25 36 -8 29 0 0.06 0.0 0 7.7 16 150 M M 5 1 23 180
23 46 32 39 -5 26 0 1.21 0.0 0 10.6 28 330 M M 8 1 38 360
24 48 30 39 -5 26 0 0.00 0.0 0 8.0 18 350 M M 0 27 340
25 55 31 43 -2 22 0 0.00 0.0 0 6.0 15 110 M M 1 23 120
26 58 32 45 0 20 0 T 0.0 0 5.6 17 140 M M 8 25 140
27 48 42 45 -1 20 0 0.11 0.0 0 5.8 14 150 M M 10 1 19 140
================================================================================
SM 1502 985 507 0 3.75 T 252.8 M 165
================================================================================
AV 55.6 36.5 9.4 FASTST M M 6 MAX(MPH)
MISC ----> # 39 300 54 300
================================================================================
NOTES:
# LAST OF SEVERAL OCCURRENCES
COLUMN 17 PEAK WIND IN M.P.H.
PRELIMINARY LOCAL CLIMATOLOGICAL DATA (WS FORM: F-6) , PAGE 2
STATION: HARRISBURG PA
MONTH: MARCH
YEAR: 2024
LATITUDE: 40 11 N
LONGITUDE: 76 46 W
[TEMPERATURE DATA] [PRECIPITATION DATA] SYMBOLS USED IN COLUMN 16
AVERAGE MONTHLY: 46.1 TOTAL FOR MONTH: 3.75 1 = FOG OR MIST
DPTR FM NORMAL: 5.0 DPTR FM NORMAL: 0.55 2 = FOG REDUCING VISIBILITY
HIGHEST: 76 ON 14 GRTST 24HR 1.27 ON 22-23 TO 1/4 MILE OR LESS
LOWEST: 25 ON 22, 1 3 = THUNDER
SNOW, ICE PELLETS, HAIL 4 = ICE PELLETS
TOTAL MONTH: T 5 = HAIL
GRTST 24HR T ON 10-10 6 = FREEZING RAIN OR DRIZZLE
GRTST DEPTH: 0 7 = DUSTSTORM OR SANDSTORM:
VSBY 1/2 MILE OR LESS
8 = SMOKE OR HAZE
[NO. OF DAYS WITH] [WEATHER - DAYS WITH] 9 = BLOWING SNOW
X = TORNADO
MAX 32 OR BELOW: 0 0.01 INCH OR MORE: 11
MAX 90 OR ABOVE: 0 0.10 INCH OR MORE: 6
MIN 32 OR BELOW: 7 0.50 INCH OR MORE: 3
MIN 0 OR BELOW: 0 1.00 INCH OR MORE: 2
[HDD (BASE 65) ]
TOTAL THIS MO. 507 CLEAR (SCALE 0-3) 5
DPTR FM NORMAL -139 PTCLDY (SCALE 4-7) 12
TOTAL FM JUL 1 3784 CLOUDY (SCALE 8-10) 10
DPTR FM NORMAL -669
[CDD (BASE 65) ]
TOTAL THIS MO. 0
DPTR FM NORMAL 0 [PRESSURE DATA]
TOTAL FM JAN 1 0 HIGHEST SLP M ON M
DPTR FM NORMAL 0 LOWEST SLP 29.52 ON 9
[REMARKS]