000
CXUS53 KMKX 270800
CF6MSN
PRELIMINARY LOCAL CLIMATOLOGICAL DATA (WS FORM: F-6)

                                          STATION:   MADISON WI
                                          MONTH:     MAY
                                          YEAR:      2018
                                          LATITUDE:   43  7 N
                                          LONGITUDE:  89 20 W

  TEMPERATURE IN F:       :PCPN:    SNOW:  WIND      :SUNSHINE: SKY     :PK WND
================================================================================
1   2   3   4   5  6A  6B    7    8   9   10  11  12  13   14  15   16   17  18
                                     12Z  AVG MX 2MIN
DY MAX MIN AVG DEP HDD CDD  WTR  SNW DPTH SPD SPD DIR MIN PSBL S-S WX    SPD DR
================================================================================

 1  79  60  70  18   0   5 0.30  0.0    0  9.4 23 190   M    M   7 13     36 260
 2  77  59  68  15   0   3 1.37  0.0    0  5.8 17 300   M    M   6 138    28 290
 3  66  56  61   8   4   0 1.38  0.0    0  6.8 23  90   M    M   9 13     28  90
 4  75  52  64  10   1   0 0.36  0.0    0  6.8 24  10   M    M   4 1      33 340
 5  79  48  64  10   1   0 0.00  0.0    0  6.4 15 300   M    M   3 3      24 300
 6  72  51  62   8   3   0 0.03  0.0    0  7.9 17  50   M    M   6 13     26  30
 7  78  44  61   7   4   0 0.00  0.0    0  4.8 13 230   M    M   1        21 240
 8  81  51  66  11   0   1 0.00  0.0    0  7.7 21 170   M    M   5        27 170
 9  71  55  63   8   2   0 1.51  0.0    0  9.1 25 120   M    M   9 135    33 290
10  69  44  57   2   8   0 0.04  0.0    0  8.9 18  80   M    M   8        24  80
11  44  35  40 -16  25   0 0.93  0.0    0 11.4 22  70   M    M   9 1      29  80
12  57  41  49  -7  16   0 0.55  0.0    0  9.2 16  60   M    M   8 13     25  60
13  60  45  53  -3  12   0 0.13  0.0    0  4.5 13 180   M    M  10 13     16 190
14  72  55  64   7   1   0 0.93  0.0    0  2.9 14  50   M    M   9 138    16  50
15  77  53  65   8   0   0 0.00  0.0    0  6.7 18 110   M    M   5 1      25 120
16  82  47  65   8   0   0 0.00  0.0    0  1.9  9 270   M    M   1 8      15 200
17  76  52  64   6   1   0 0.00  0.0    0  8.4 16  60   M    M   5 1      21  80
18  76  49  63   5   2   0 0.01  0.0    0 10.4 21 120   M    M   5        26 110
19  75  55  65   7   0   0 0.35  0.0    0  5.7 22  80   M    M   9 138    30  80
20  60  47  54  -4  11   0 0.36  0.0    0  8.2 17  50   M    M   9 13     24  80
21  59  50  55  -4  10   0 0.43  0.0    0  6.9 13 120   M    M   9 1      19 140
22  69  52  61   2   4   0 0.01  0.0    0  2.8  8 330   M    M   8 18     11  30
23  79  49  64   5   1   0 0.00  0.0    0  3.4 12 180   M    M   6 128    18 190
24  85  58  72  12   0   7 0.00  0.0    0  6.0 16 170   M    M   4        21 170
25  85  66  76  16   0  11 0.00  0.0    0  5.7 20 200   M    M   5        30 200
26  90  63  77  17   0  12 0.00  0.0    0  2.7 10 300   M    M   2 8      15 320
================================================================================
SM 1893 1337       106  39  8.69     0.0 170.4          M      162
================================================================================
AV 72.8 51.4                               6.6 FASTST   M    M   6    MAX(MPH)
                                 MISC ---->  # 25 120               # 36  260
================================================================================
NOTES:
# LAST OF SEVERAL OCCURRENCES

COLUMN 17 PEAK WIND IN M.P.H.

PRELIMINARY LOCAL CLIMATOLOGICAL DATA (WS FORM: F-6) , PAGE 2

                                          STATION:  MADISON WI
                                          MONTH:    MAY
                                          YEAR:     2018
                                          LATITUDE:   43  7 N
                                          LONGITUDE:  89 20 W

[TEMPERATURE DATA]      [PRECIPITATION DATA]       SYMBOLS USED IN COLUMN 16

AVERAGE MONTHLY: 62.1   TOTAL FOR MONTH:   8.69    1 = FOG OR MIST
DPTR FM NORMAL:   5.7   DPTR FM NORMAL:    5.78    2 = FOG REDUCING VISIBILITY
HIGHEST:    90 ON 26    GRTST 24HR  1.51 ON  9- 9      TO 1/4 MILE OR LESS
LOWEST:     35 ON 11                               3 = THUNDER
                        SNOW, ICE PELLETS, HAIL    4 = ICE PELLETS
                        TOTAL MONTH:   0.0 INCH    5 = HAIL
                        GRTST 24HR     0.0         6 = FREEZING RAIN OR DRIZZLE
                        GRTST DEPTH:   0           7 = DUSTSTORM OR SANDSTORM:
                                                       VSBY 1/2 MILE OR LESS
                                                   8 = SMOKE OR HAZE
[NO. OF DAYS WITH]      [WEATHER - DAYS WITH]      9 = BLOWING SNOW
                                                   X = TORNADO
MAX 32 OR BELOW:   0    0.01 INCH OR MORE:  16
MAX 90 OR ABOVE:   1    0.10 INCH OR MORE:  12
MIN 32 OR BELOW:   0    0.50 INCH OR MORE:   6
MIN  0 OR BELOW:   0    1.00 INCH OR MORE:   3

[HDD (BASE 65) ]
TOTAL THIS MO.   106    CLEAR  (SCALE 0-3)   4
DPTR FM NORMAL  -134    PTCLDY (SCALE 4-7)  12
TOTAL FM JUL 1  7191    CLOUDY (SCALE 8-10) 10
DPTR FM NORMAL   -56

[CDD (BASE 65) ]
TOTAL THIS MO.    39
DPTR FM NORMAL    23    [PRESSURE DATA]
TOTAL FM JAN 1    39    HIGHEST SLP M ON M
DPTR FM NORMAL    19    LOWEST  SLP 29.54 ON  4

[REMARKS]
