218
CXUS56 KSGX 211445
CF6MYF
PRELIMINARY LOCAL CLIMATOLOGICAL DATA (WS FORM: F-6)

                                          STATION:   SAN DIEGO/MONTGOMERY FLD CA
                                          MONTH:     MAY
                                          YEAR:      2018
                                          LATITUDE:   32 49 N
                                          LONGITUDE: 117  9 W

  TEMPERATURE IN F:       :PCPN:    SNOW:  WIND      :SUNSHINE: SKY     :PK WND
================================================================================
1   2   3   4   5  6A  6B    7    8   9   10  11  12  13   14  15   16   17  18
                                     12Z  AVG MX 2MIN
DY MAX MIN AVG DEP HDD CDD  WTR  SNW DPTH SPD SPD DIR MIN PSBL S-S WX    SPD DR
================================================================================

 1  60  52  56  -7   9   0 0.01  0.0    0  8.2 16 210   M    M  10        22 210
 2  63  51  57  -6   8   0 0.03  0.0    0  5.8 14 240   M    M   8 1      22 250
 3  69  49  59  -4   6   0 0.00  0.0    0  7.4 18 320   M    M   0        22 300
 4  87  55  71   8   0   6 0.00  0.0    0  7.3 22 320   M    M   0        26 320
 5  84  57  71   8   0   6 0.00  0.0    0  6.9 16 290   M    M   0        20 320
 6  81  56  69   6   0   4 0.00  0.0    0  5.7 15 300   M    M   0        19 300
 7  73  55  64   1   1   0 0.00  0.0    0  4.6 13 230   M    M   1        18 250
 8  73  56  65   2   0   0 0.00  0.0    0  5.6 14 250   M    M   3 18     20 220
 9  73  58  66   3   0   1 0.00  0.0    0  5.0 13 240   M    M   4 18     17 250
10  72  59  66   3   0   1 0.00  0.0    0  5.8 18 260   M    M   6 18     23 260
11  61  57  59  -4   6   0    T  0.0    0 10.7 17 190   M    M  10 18     22 210
12  64  54  59  -5   6   0    T  0.0    0  6.9 14 260   M    M  10 18     17 250
13  69  57  63  -1   2   0 0.00  0.0    0  5.5 15 270   M    M   6        20 260
14  69  56  63  -1   2   0 0.00  0.0    0  6.2 17 260   M    M   6        22 290
15  72  58  65   1   0   0 0.00  0.0    0  7.1 16 290   M    M   6        22 290
16  69  59  64   0   1   0 0.00  0.0    0  6.3 16 240   M    M   5        20 250
17  68  54  61  -3   4   0 0.00  0.0    0  6.0 16 200   M    M   7        20 210
18  67  58  63  -1   2   0    T  0.0    0  5.0 13 220   M    M   9 18     17 240
19  67  58  63  -1   2   0 0.00  0.0    0  4.3 13 260   M    M  10        16 230
20  65  59  62  -2   3   0 0.00  0.0    0  5.8 13 230   M    M  10        16 220
================================================================================
SM 1406 1118        52  18  0.04     0.0 126.1          M      111
================================================================================
AV 70.3 55.9                               6.3 FASTST   M    M   6    MAX(MPH)
                                 MISC ---->  # 22 320               # 26  320
================================================================================
NOTES:
# LAST OF SEVERAL OCCURRENCES

COLUMN 17 PEAK WIND IN M.P.H.

PRELIMINARY LOCAL CLIMATOLOGICAL DATA (WS FORM: F-6) , PAGE 2

                                          STATION:  SAN DIEGO/MONTGOMERY FLD CA
                                          MONTH:    MAY
                                          YEAR:     2018
                                          LATITUDE:   32 49 N
                                          LONGITUDE: 117  9 W

[TEMPERATURE DATA]      [PRECIPITATION DATA]       SYMBOLS USED IN COLUMN 16

AVERAGE MONTHLY: 63.1   TOTAL FOR MONTH:   0.04    1 = FOG OR MIST
DPTR FM NORMAL:  -0.3   DPTR FM NORMAL:   -0.13    2 = FOG REDUCING VISIBILITY
HIGHEST:    87 ON  4    GRTST 24HR  0.03 ON  2- 2      TO 1/4 MILE OR LESS
LOWEST:     49 ON  3                               3 = THUNDER
                        SNOW, ICE PELLETS, HAIL    4 = ICE PELLETS
                        TOTAL MONTH:   0.0 INCH    5 = HAIL
                        GRTST 24HR     0.0         6 = FREEZING RAIN OR DRIZZLE
                        GRTST DEPTH:   0           7 = DUSTSTORM OR SANDSTORM:
                                                       VSBY 1/2 MILE OR LESS
                                                   8 = SMOKE OR HAZE
[NO. OF DAYS WITH]      [WEATHER - DAYS WITH]      9 = BLOWING SNOW
                                                   X = TORNADO
MAX 32 OR BELOW:   0    0.01 INCH OR MORE:   2
MAX 90 OR ABOVE:   0    0.10 INCH OR MORE:   0
MIN 32 OR BELOW:   0    0.50 INCH OR MORE:   0
MIN  0 OR BELOW:   0    1.00 INCH OR MORE:   0

[HDD (BASE 65) ]
TOTAL THIS MO.    52    CLEAR  (SCALE 0-3)   5
DPTR FM NORMAL     1    PTCLDY (SCALE 4-7)   9
TOTAL FM JUL 1   697    CLOUDY (SCALE 8-10)  6
DPTR FM NORMAL  -805

[CDD (BASE 65) ]
TOTAL THIS MO.    18
DPTR FM NORMAL    -2    [PRESSURE DATA]
TOTAL FM JAN 1    96    HIGHEST SLP M ON M
DPTR FM NORMAL    52    LOWEST  SLP 29.74 ON M

[REMARKS]
