000
CXUS55 KCAE 241400
CF6OGB
PRELIMINARY LOCAL CLIMATOLOGICAL DATA (WS FORM: F-6)

                                          STATION:   ORANGEBURG AIRPORT SC
                                          MONTH:     MAY
                                          YEAR:      2018
                                          LATITUDE:   33 27 N
                                          LONGITUDE:  80 51 W

  TEMPERATURE IN F:       :PCPN:    SNOW:  WIND      :SUNSHINE: SKY     :PK WND
================================================================================
1   2   3   4   5  6A  6B    7    8   9   10  11  12  13   14  15   16   17  18
                                     12Z  AVG MX 2MIN
DY MAX MIN AVG DEP HDD CDD  WTR  SNW DPTH SPD SPD DIR MIN PSBL S-S WX    SPD DR
================================================================================

 1  81  45  63  -4   2   0 0.00    M    M  3.0 12 200   M    M   0 1      14 230
 2  83  51  67  -1   0   2 0.00    M    M  4.2 13 240   M    M   0 1      16 250
 3  83  52  68   0   0   3 0.00    M    M  4.6 13 190   M    M   0 1      18 230
 4  85  55  70   2   0   5 0.00    M    M  5.4 13 200   M    M   0 12     20 220
 5  83  57  70   2   0   5 0.00    M    M  4.4 12 150   M    M   2 12     16 160
 6  88  62  75   6   0  10 0.00    M    M  7.6 21 240   M    M   1 1      27 260
 7  83  57  70   1   0   5 0.00    M    M  6.8 16  10   M    M   0        23  10
 8  82  59  71   2   0   6 0.00    M    M  5.2 10  20   M    M   1        16 350
 9  85  55  70   0   0   5 0.00    M    M  2.4 10  50   M    M   0 1      14  40
10  90  59  75   5   0  10    T    M    M  5.7 17 310   M    M   3 12     23 310
11  93  59  76   6   0  11 0.22    M    M  3.7 18 310   M    M   2 13     23 320
12  94  63  79   9   0  14 0.00    M    M  3.7 10 240   M    M   1 13     13 230
13  93  64  79   8   0  14 0.00    M    M  5.3 15 180   M    M   0        20 190
14  88  64  76   5   0  11 0.00    M    M  5.3 14 190   M    M   0        17 160
15  80  70  75   4   0  10 0.37    M    M  3.6 13 200   M    M   6 1      18 170
16  85  69  77   5   0  12    T    M    M  6.9 17 190   M    M   6 3      22 180
17  80  69  75   3   0  10 0.63    M    M  5.1 15 160   M    M   8 13     20 160
18  79  68  74   2   0   9 3.38    M    M  5.9 15 260   M    M   7 13     19 220
19  86  69  78   6   0  13 0.00    M    M  4.8 17 150   M    M   6        22 170
20  82  69  76   3   0  11 0.07    M    M  3.4 17 220   M    M   8 13     20 230
21  86  68  77   4   0  12 0.00    M    M  4.5 16 170   M    M   3 12     20 180
22  82  68  75   2   0  10 0.01    M    M  4.3 22 170   M    M   3 123    30 170
23  80  69  75   1   0  10 0.26    M    M  4.8 14 270   M    M   6 13     16 270
================================================================================
SM 1951 1421         2 198  4.94    M    110.6          M       63
================================================================================
AV 84.8 61.8                               4.8 FASTST   M    M   3    MAX(MPH)
                                 MISC ---->  # 22 170               # 30  170
================================================================================
NOTES:
# LAST OF SEVERAL OCCURRENCES

COLUMN 17 PEAK WIND IN M.P.H.

PRELIMINARY LOCAL CLIMATOLOGICAL DATA (WS FORM: F-6) , PAGE 2

                                          STATION:  ORANGEBURG AIRPORT SC
                                          MONTH:    MAY
                                          YEAR:     2018
                                          LATITUDE:   33 27 N
                                          LONGITUDE:  80 51 W

[TEMPERATURE DATA]      [PRECIPITATION DATA]       SYMBOLS USED IN COLUMN 16

AVERAGE MONTHLY: 73.3   TOTAL FOR MONTH:   4.94    1 = FOG OR MIST
DPTR FM NORMAL:   2.9   DPTR FM NORMAL:    2.88    2 = FOG REDUCING VISIBILITY
HIGHEST:    94 ON 12    GRTST 24HR  3.38 ON 18-18      TO 1/4 MILE OR LESS
LOWEST:     45 ON  1                               3 = THUNDER
                        SNOW, ICE PELLETS, HAIL    4 = ICE PELLETS
                        TOTAL MONTH:    M          5 = HAIL
                        GRTST 24HR    M  ON   M    6 = FREEZING RAIN OR DRIZZLE
                        GRTST DEPTH:  M  ON   M    7 = DUSTSTORM OR SANDSTORM:
                                                       VSBY 1/2 MILE OR LESS
                                                   8 = SMOKE OR HAZE
[NO. OF DAYS WITH]      [WEATHER - DAYS WITH]      9 = BLOWING SNOW
                                                   X = TORNADO
MAX 32 OR BELOW:   0    0.01 INCH OR MORE:   7
MAX 90 OR ABOVE:   4    0.10 INCH OR MORE:   5
MIN 32 OR BELOW:   0    0.50 INCH OR MORE:   2
MIN  0 OR BELOW:   0    1.00 INCH OR MORE:   1

[HDD (BASE 65) ]
TOTAL THIS MO.     2    CLEAR  (SCALE 0-3)  16
DPTR FM NORMAL    -8    PTCLDY (SCALE 4-7)   6
TOTAL FM JUL 1  2192    CLOUDY (SCALE 8-10)  1
DPTR FM NORMAL  -135

[CDD (BASE 65) ]
TOTAL THIS MO.   198
DPTR FM NORMAL    57    [PRESSURE DATA]
TOTAL FM JAN 1   295    HIGHEST SLP M ON M
DPTR FM NORMAL    69    LOWEST  SLP 29.82 ON  6

[REMARKS]
