322
CXUS55 KLOX 261655
CF6OXR
PRELIMINARY LOCAL CLIMATOLOGICAL DATA (WS FORM: F-6)

                                          STATION:   OXNARD AIRPORT CA
                                          MONTH:     APRIL
                                          YEAR:      2018
                                          LATITUDE:   34 12 N
                                          LONGITUDE: 119 12 W

  TEMPERATURE IN F:       :PCPN:    SNOW:  WIND      :SUNSHINE: SKY     :PK WND
================================================================================
1   2   3   4   5  6A  6B    7    8   9   10  11  12  13   14  15   16   17  18
                                     12Z  AVG MX 2MIN
DY MAX MIN AVG DEP HDD CDD  WTR  SNW DPTH SPD SPD DIR MIN PSBL S-S WX    SPD DR
================================================================================

 1  63  54  59   3   6   0 0.00  0.0    0  4.8 12 230   M    M   9 18     15 210
 2  64  53  59   3   6   0 0.00  0.0    0  5.4 13 280   M    M   7 8      17 280
 3  65  51  58   2   7   0 0.00  0.0    0  5.9 17 270   M    M   5        20 260
 4  61  56  59   3   6   0 0.00  0.0    0  4.6 13 260   M    M  10 18     18 270
 5  65  54  60   4   5   0 0.00  0.0    0  4.8 14 240   M    M   2 18     19 230
 6  66  54  60   4   5   0 0.00  0.0    0  9.1 23 270   M    M   1         M  M
 7  69  56  63   7   2   0 0.00  0.0    0  6.7 28 270   M    M   5 128    33 270
 8  74  52  63   7   2   0 0.00  0.0    0  5.5 17 260   M    M   0 18     21 270
 9  92  51  72  16   0   7 0.00  0.0    0  5.8 18  80   M    M   0 18     25  80
10  75  57  66  10   0   1 0.00  0.0    0  6.1 15 270   M    M   0        18 270
11  70  55  63   7   2   0 0.00  0.0    0 10.1 29 270   M    M   1        34 280
12  72  52  62   6   3   0 0.00  0.0    0 14.6 29 280   M    M   0        36 280
13  77  47  62   6   3   0 0.00  0.0    0  9.3 22 280   M    M   0        28  80
14  79  51  65   8   0   0 0.00  0.0    0  6.2 13 270   M    M   0 1      15 270
15  67  50  59   2   6   0 0.00  0.0    0  7.0 16 270   M    M   0 18     19 270
16  64  50  57   0   8   0 0.00  0.0    0 17.9 35 260   M    M   1        43 260
17  65  43  54  -3  11   0 0.00  0.0    0  9.3 24 270   M    M   0        29 280
18  65  48  57   0   8   0 0.00  0.0    0 10.4 22 280   M    M   0 18     25 270
19  63  48  56  -1   9   0 0.06    M    0 10.2 26 270   M    M   1        32 270
20  67  47  57   0   8   0 0.00  0.0    0  5.7 16 260   M    M   0 1      19 250
21  75  49  62   5   3   0 0.00  0.0    0  6.7 17 270   M    M   0        20 270
22  72  51  62   5   3   0 0.00  0.0    0  4.9 13 280   M    M   2 18     18 300
23  64  53  59   1   6   0 0.00  0.0    0  6.4 13 280   M    M   9 1      17 230
24  62  52  57  -1   8   0 0.00  0.0    0  5.5 12 290   M    M   8 18     16 260
25  63  53  58   0   7   0 0.00  0.0    0  6.7 14 270   M    M   6 18     17 270
================================================================================
SM 1719 1287       124   8  0.06     0.0 189.6          M       67
================================================================================
AV 68.8 51.5                               7.6 FASTST   M    M   3    MAX(MPH)
                                 MISC ---->  # 35 260               # 43  260
================================================================================
NOTES:
# LAST OF SEVERAL OCCURRENCES

COLUMN 17 PEAK WIND IN M.P.H.

PRELIMINARY LOCAL CLIMATOLOGICAL DATA (WS FORM: F-6) , PAGE 2

                                          STATION:  OXNARD AIRPORT CA
                                          MONTH:    APRIL
                                          YEAR:     2018
                                          LATITUDE:   34 12 N
                                          LONGITUDE: 119 12 W

[TEMPERATURE DATA]      [PRECIPITATION DATA]       SYMBOLS USED IN COLUMN 16

AVERAGE MONTHLY: 60.1   TOTAL FOR MONTH:   0.06    1 = FOG OR MIST
DPTR FM NORMAL:   3.5   DPTR FM NORMAL:   -0.77    2 = FOG REDUCING VISIBILITY
HIGHEST:    92 ON  9    GRTST 24HR  0.06 ON 19-19      TO 1/4 MILE OR LESS
LOWEST:     43 ON 17                               3 = THUNDER
                        SNOW, ICE PELLETS, HAIL    4 = ICE PELLETS
                        TOTAL MONTH:   0.0 INCH    5 = HAIL
                        GRTST 24HR     0.0         6 = FREEZING RAIN OR DRIZZLE
                        GRTST DEPTH:   0           7 = DUSTSTORM OR SANDSTORM:
                                                       VSBY 1/2 MILE OR LESS
                                                   8 = SMOKE OR HAZE
[NO. OF DAYS WITH]      [WEATHER - DAYS WITH]      9 = BLOWING SNOW
                                                   X = TORNADO
MAX 32 OR BELOW:   0    0.01 INCH OR MORE:   1
MAX 90 OR ABOVE:   1    0.10 INCH OR MORE:   0
MIN 32 OR BELOW:   0    0.50 INCH OR MORE:   0
MIN  0 OR BELOW:   0    1.00 INCH OR MORE:   0

[HDD (BASE 65) ]
TOTAL THIS MO.   124    CLEAR  (SCALE 0-3)  17
DPTR FM NORMAL   -86    PTCLDY (SCALE 4-7)   5
TOTAL FM JUL 1  1149    CLOUDY (SCALE 8-10)  3
DPTR FM NORMAL  -627

[CDD (BASE 65) ]
TOTAL THIS MO.     8
DPTR FM NORMAL     8    [PRESSURE DATA]
TOTAL FM JAN 1    46    HIGHEST SLP M ON M
DPTR FM NORMAL    35    LOWEST  SLP 29.79 ON  2

[REMARKS]
