000
CXUS56 KMFR 201000
CF6RBG
PRELIMINARY LOCAL CLIMATOLOGICAL DATA (WS FORM: F-6)

                                          STATION:   ROSEBURG OR
                                          MONTH:     MAY
                                          YEAR:      2018
                                          LATITUDE:   43 13 N
                                          LONGITUDE: 123 22 W

  TEMPERATURE IN F:       :PCPN:    SNOW:  WIND      :SUNSHINE: SKY     :PK WND
================================================================================
1   2   3   4   5  6A  6B    7    8   9   10  11  12  13   14  15   16   17  18
                                     12Z  AVG MX 2MIN
DY MAX MIN AVG DEP HDD CDD  WTR  SNW DPTH SPD SPD DIR MIN PSBL S-S WX    SPD DR
================================================================================

 1  63  43  53  -2  12   0 0.00    M    M  5.7 16  10   M    M   6        20  10
 2  76  41  59   3   6   0 0.00    M    M  2.1 10  30   M    M   1        13  20
 3  78  46  62   6   3   0 0.00    M    M  4.8 17 330   M    M   0        24 320
 4  74  51  63   7   2   0 0.00    M    M  3.5  9  20   M    M   5        12  10
 5  80  53  67  11   0   2 0.00    M    M  2.4  9  10   M    M   1 3      12 360
 6  67  56  62   5   3   0 0.25    M    M  6.6 20  10   M    M   8 13     25  10
 7  76  53  65   8   0   0 0.00    M    M  5.0 10  10   M    M   5 1      14  20
 8  74  49  62   5   3   0 0.02    M    M  2.5  9 300   M    M   3        12 270
 9  72  56  64   7   1   0 0.00    M    M  4.9 15 330   M    M   6        20 320
10  66  52  59   1   6   0    T    M    M  5.7 15 320   M    M   8        22 320
11  66  49  58   0   7   0 0.00    M    M  8.0 22  10   M    M   6        28 360
12  79  49  64   6   1   0 0.00    M    M  5.9 22  20   M    M   5        28  20
13  88  50  69  11   0   4 0.00    M    M  4.3 16 320   M    M   0        23 320
14  84  51  68  10   0   3 0.00    M    M  6.8 15 320   M    M   2        19 330
15  73  53  63   5   2   0 0.00    M    M  6.4 16  10   M    M   4        21 300
16  70  54  62   3   3   0 0.00    M    M  4.7 15 320   M    M   9        20 350
17  77  55  66   7   0   1 0.00  0.0    M  5.4 13 330   M    M   4        17 320
18  73  53  63   4   2   0 0.00  0.0    0  6.1 15 360   M    M   4 1      18 360
19  73  52  63   4   2   0 0.00    M    M  5.6 12  10   M    M   6 1      16  20
================================================================================
SM 1409  966        53  10  0.27     0.0  96.4          M       83
================================================================================
AV 74.2 50.8                               5.1 FASTST   M    M   4    MAX(MPH)
                                 MISC ---->  # 22  10               # 28  360
================================================================================
NOTES:
# LAST OF SEVERAL OCCURRENCES

COLUMN 17 PEAK WIND IN M.P.H.

PRELIMINARY LOCAL CLIMATOLOGICAL DATA (WS FORM: F-6) , PAGE 2

                                          STATION:  ROSEBURG OR
                                          MONTH:    MAY
                                          YEAR:     2018
                                          LATITUDE:   43 13 N
                                          LONGITUDE: 123 22 W

[TEMPERATURE DATA]      [PRECIPITATION DATA]       SYMBOLS USED IN COLUMN 16

AVERAGE MONTHLY: 62.5   TOTAL FOR MONTH:   0.27    1 = FOG OR MIST
DPTR FM NORMAL:   5.1   DPTR FM NORMAL:   -1.20    2 = FOG REDUCING VISIBILITY
HIGHEST:    88 ON 13    GRTST 24HR  0.25 ON  6- 6      TO 1/4 MILE OR LESS
LOWEST:     41 ON  2                               3 = THUNDER
                        SNOW, ICE PELLETS, HAIL    4 = ICE PELLETS
                        TOTAL MONTH:   0.0 INCH    5 = HAIL
                        GRTST 24HR     0.0         6 = FREEZING RAIN OR DRIZZLE
                        GRTST DEPTH:   0           7 = DUSTSTORM OR SANDSTORM:
                                                       VSBY 1/2 MILE OR LESS
                                                   8 = SMOKE OR HAZE
[NO. OF DAYS WITH]      [WEATHER - DAYS WITH]      9 = BLOWING SNOW
                                                   X = TORNADO
MAX 32 OR BELOW:   0    0.01 INCH OR MORE:   2
MAX 90 OR ABOVE:   0    0.10 INCH OR MORE:   1
MIN 32 OR BELOW:   0    0.50 INCH OR MORE:   0
MIN  0 OR BELOW:   0    1.00 INCH OR MORE:   0

[HDD (BASE 65) ]
TOTAL THIS MO.    53    CLEAR  (SCALE 0-3)   5
DPTR FM NORMAL   -98    PTCLDY (SCALE 4-7)  13
TOTAL FM JUL 1  3675    CLOUDY (SCALE 8-10)  1
DPTR FM NORMAL  -240

[CDD (BASE 65) ]
TOTAL THIS MO.    10
DPTR FM NORMAL     3    [PRESSURE DATA]
TOTAL FM JAN 1    16    HIGHEST SLP  0.00 ON M
DPTR FM NORMAL     8    LOWEST  SLP  0.00 ON 14

[REMARKS]
