000
CXUS53 KGRB 230702
CF6RHI
PRELIMINARY LOCAL CLIMATOLOGICAL DATA (WS FORM: F-6)

                                          STATION:   RHINELANDER WI
                                          MONTH:     APRIL
                                          YEAR:      2018
                                          LATITUDE:   45 37 N
                                          LONGITUDE:  89 27 W

  TEMPERATURE IN F:       :PCPN:    SNOW:  WIND      :SUNSHINE: SKY     :PK WND
================================================================================
1   2   3   4   5  6A  6B    7    8   9   10  11  12  13   14  15   16   17  18
                                     12Z  AVG MX 2MIN
DY MAX MIN AVG DEP HDD CDD  WTR  SNW DPTH SPD SPD DIR MIN PSBL S-S WX    SPD DR
================================================================================

 1  26   0  13 -21  52   0 0.00  0.0    M 10.3 22 270   M    M   0 8      27 260
 2  33   4  19 -16  46   0 0.11  2.2    9  4.6 13 230   M    M   5 18     16 230
 3  28  19  24 -12  41   0 0.32  5.9   14  7.8 16  80   M    M  10 12     24  50
 4  28  14  21 -15  44   0 0.02  0.2   13  9.7 23 270   M    M   5 18     30 270
 5  36   5  21 -16  44   0    T    T   12 10.1 21 260   M    M   4 18     24 260
 6  26  11  19 -18  46   0 0.09  1.1   11 11.4 24 280   M    M   6 12     33 280
 7  29   3  16 -22  49   0 0.00  0.0   11 10.3 21 270   M    M   4        31 280
 8  34  -4  15 -23  50   0 0.00  0.0   10  2.1  9 260   M    M   0 8      11 260
 9  39  14  27 -12  38   0 0.00  0.0    9  4.5 14 280   M    M   2 8      18 310
10  36  14  25 -14  40   0    T    T    8  9.4 20 260   M    M   4 18     24 260
11  47  26  37  -3  28   0 0.01  0.0    7  5.3 13 310   M    M   5 1      17 310
12  43  33  38  -2  27   0 0.30  0.0    4  5.5 12  80   M    M  10 1      16 340
13  40  28  34  -7  31   0 0.07  0.8    4 10.4 20  80   M    M   9 1      26  80
14  29  20  25 -16  40   0 0.12  0.8    5 14.8 25  80   M    M  10 18     36  70
15  23  18  21 -21  44   0 1.46 16.6   19 12.3 22  60   M    M  10 128    35  80
16  27  21  24 -18  41   0 0.02  0.2   17  9.8 18 330   M    M  10 1      30 330
17  32  22  27 -15  38   0    T    T   17  7.2 16 330   M    M  10        23 320
18  43  28  36  -7  29   0 0.00  0.0   16  8.5 20  70   M    M   6        26  30
19  52  23  38  -5  27   0 0.00  0.0   10  5.0 14  10   M    M   0 8      23  10
20  56  17  37  -7  28   0 0.00  0.0    8  4.3 12 280   M    M   0        15 210
21  57  27  42  -2  23   0 0.00  0.0    5  2.4  9 210   M    M   0        12 210
22  60  25  43  -2  22   0 0.00  0.0    3  3.6 13 230   M    M   0        17 220
================================================================================
SM  824  368       828   0  2.52    27.8 169.3          M      110
================================================================================
AV 37.5 16.7                               7.7 FASTST   M    M   5    MAX(MPH)
                                 MISC ---->  # 25  80               # 36   70
================================================================================
NOTES:
# LAST OF SEVERAL OCCURRENCES

COLUMN 17 PEAK WIND IN M.P.H.

PRELIMINARY LOCAL CLIMATOLOGICAL DATA (WS FORM: F-6) , PAGE 2

                                          STATION:  RHINELANDER WI
                                          MONTH:    APRIL
                                          YEAR:     2018
                                          LATITUDE:   45 37 N
                                          LONGITUDE:  89 27 W

[TEMPERATURE DATA]      [PRECIPITATION DATA]       SYMBOLS USED IN COLUMN 16

AVERAGE MONTHLY: 27.1   TOTAL FOR MONTH:   2.52    1 = FOG OR MIST
DPTR FM NORMAL: -12.7   DPTR FM NORMAL:    0.73    2 = FOG REDUCING VISIBILITY
HIGHEST:    60 ON 22    GRTST 24HR  1.46 ON 15-15      TO 1/4 MILE OR LESS
LOWEST:     -4 ON  8                               3 = THUNDER
                        SNOW, ICE PELLETS, HAIL    4 = ICE PELLETS
                        TOTAL MONTH:  27.8 INCHES  5 = HAIL
                        GRTST 24HR  16.6 ON 15-15  6 = FREEZING RAIN OR DRIZZLE
                        GRTST DEPTH:  19 ON 15     7 = DUSTSTORM OR SANDSTORM:
                                                       VSBY 1/2 MILE OR LESS
                                                   8 = SMOKE OR HAZE
[NO. OF DAYS WITH]      [WEATHER - DAYS WITH]      9 = BLOWING SNOW
                                                   X = TORNADO
MAX 32 OR BELOW:   9    0.01 INCH OR MORE:  10
MAX 90 OR ABOVE:   0    0.10 INCH OR MORE:   5
MIN 32 OR BELOW:  21    0.50 INCH OR MORE:   1
MIN  0 OR BELOW:   2    1.00 INCH OR MORE:   1

[HDD (BASE 65) ]
TOTAL THIS MO.   828    CLEAR  (SCALE 0-3)   7
DPTR FM NORMAL   274    PTCLDY (SCALE 4-7)   8
TOTAL FM JUL 1  8643    CLOUDY (SCALE 8-10)  7
DPTR FM NORMAL   294

[CDD (BASE 65) ]
TOTAL THIS MO.     0
DPTR FM NORMAL     0    [PRESSURE DATA]
TOTAL FM JAN 1     0    HIGHEST SLP M ON M
DPTR FM NORMAL     0    LOWEST  SLP 29.56 ON 12

[REMARKS]
