000
CXUS54 KLZK 191230
CF6RUE
PRELIMINARY LOCAL CLIMATOLOGICAL DATA (WS FORM: F-6)
STATION: RUSSELLVILLE
MONTH: APRIL
YEAR: 2024
LATITUDE: 35 15 N
LONGITUDE: 93 6 W
TEMPERATURE IN F: :PCPN: SNOW: WIND :SUNSHINE: SKY :PK WND
================================================================================
1 2 3 4 5 6A 6B 7 8 9 10 11 12 13 14 15 16 17 18
12Z AVG MX 2MIN
DY MAX MIN AVG DEP HDD CDD WTR SNW DPTH SPD SPD DIR MIN PSBL S-S WX SPD DR
================================================================================
1 77 68 73 16 0 8 0.00 M M 4.1 13 180 M M 9 22 180
2 73 46 60 2 5 0 T M M 13.0 29 280 M M 6 40 280
3 61 38 50 -8 15 0 0.00 M M 10.2 28 300 M M 1 43 300
4 69 35 52 -6 13 0 0.00 M M 6.9 22 270 M M 0 30 270
5 71 34 53 -5 12 0 0.00 M M 2.7 10 90 M M 0 17 110
6 71 51 61 3 4 0 0.00 M M 6.8 17 110 M M 0 29 120
7 81 48 65 6 0 0 T M M 6.1 21 230 M M 3 33 240
8 83 39 61 2 4 0 0.00 M M 2.3 8 150 M M 0 16 130
9 69 61 65 6 0 0 0.65 M M 4.0 14 70 M M 9 1 19 160
10 67 55 61 1 4 0 0.57 M M 6.7 22 60 M M 10 1 30 330
11 71 46 59 -1 6 0 0.05 M M 10.8 28 290 M M 3 40 270
12 76 38 57 -3 8 0 0.00 M M 3.6 16 280 M M 0 25 270
13 87 45 66 6 0 1 0.00 M M 4.4 16 240 M M 0 32 210
14 80 53 67 6 0 2 0.00 M M 5.3 16 190 M M 0 26 190
15 79 58 69 8 0 4 0.01 M M 3.4 13 200 M M 5 18 17 190
16 75 65 70 9 0 5 0.00 M M 7.0 16 190 M M 5 3 26 170
17 84 60 72 11 0 7 0.00 M M 2.0 8 180 M M 2 128 12 190
18 83 63 73 11 0 8 0.00 M M 4.6 17 310 M M 6 138 25 310
================================================================================
SM 1357 903 71 35 1.28 M 103.9 M 59
================================================================================
AV 75.4 50.2 5.8 FASTST M M 3 MAX(MPH)
MISC ----> 29 280 43 300
================================================================================
NOTES:
# LAST OF SEVERAL OCCURRENCES
COLUMN 17 PEAK WIND IN M.P.H.
PRELIMINARY LOCAL CLIMATOLOGICAL DATA (WS FORM: F-6) , PAGE 2
STATION: RUSSELLVILLE
MONTH: APRIL
YEAR: 2024
LATITUDE: 35 15 N
LONGITUDE: 93 6 W
[TEMPERATURE DATA] [PRECIPITATION DATA] SYMBOLS USED IN COLUMN 16
AVERAGE MONTHLY: 62.8 TOTAL FOR MONTH: 1.28 1 = FOG OR MIST
DPTR FM NORMAL: 3.3 DPTR FM NORMAL: -1.41 2 = FOG REDUCING VISIBILITY
HIGHEST: 87 ON 13 GRTST 24HR 0.65 ON 9- 9 TO 1/4 MILE OR LESS
LOWEST: 34 ON 5 3 = THUNDER
SNOW, ICE PELLETS, HAIL 4 = ICE PELLETS
TOTAL MONTH: M 5 = HAIL
GRTST 24HR M ON M 6 = FREEZING RAIN OR DRIZZLE
GRTST DEPTH: M ON M 7 = DUSTSTORM OR SANDSTORM:
VSBY 1/2 MILE OR LESS
8 = SMOKE OR HAZE
[NO. OF DAYS WITH] [WEATHER - DAYS WITH] 9 = BLOWING SNOW
X = TORNADO
MAX 32 OR BELOW: 0 0.01 INCH OR MORE: 4
MAX 90 OR ABOVE: 0 0.10 INCH OR MORE: 2
MIN 32 OR BELOW: 0 0.50 INCH OR MORE: 2
MIN 0 OR BELOW: 0 1.00 INCH OR MORE: 0
[HDD (BASE 65) ]
TOTAL THIS MO. 71 CLEAR (SCALE 0-3) 10
DPTR FM NORMAL -51 PTCLDY (SCALE 4-7) 5
TOTAL FM JUL 1 2718 CLOUDY (SCALE 8-10) 3
DPTR FM NORMAL -487
[CDD (BASE 65) ]
TOTAL THIS MO. 35
DPTR FM NORMAL 17 [PRESSURE DATA]
TOTAL FM JAN 1 60 HIGHEST SLP M ON M
DPTR FM NORMAL 28 LOWEST SLP 29.49 ON 2
[REMARKS]