000
CXUS53 KSGF 260800
CF6SGF
PRELIMINARY LOCAL CLIMATOLOGICAL DATA (WS FORM: F-6)

                                          STATION:   SPRINGFIELD MO
                                          MONTH:     MAY
                                          YEAR:      2018
                                          LATITUDE:   37 13 N
                                          LONGITUDE:  93 23 W

  TEMPERATURE IN F:       :PCPN:    SNOW:  WIND      :SUNSHINE: SKY     :PK WND
================================================================================
1   2   3   4   5  6A  6B    7    8   9   10  11  12  13   14  15   16   17  18
                                     12Z  AVG MX 2MIN
DY MAX MIN AVG DEP HDD CDD  WTR  SNW DPTH SPD SPD DIR MIN PSBL S-S WX    SPD DR
================================================================================

 1  79  60  70  10   0   5 0.00  0.0    0 14.3 24 180   M    M   6        32 190
 2  81  64  73  12   0   8 0.00  0.0    0 15.2 25 210   M    M   7        34 210
 3  73  64  69   8   0   4 0.95  0.0    0 15.3 43 190   M    M   5 13     60 180
 4  71  50  61   0   4   0 0.00  0.0    0  8.6 21 280   M    M   3        28 300
 5  80  48  64   2   1   0 0.00  0.0    0  4.7 15 330   M    M   1        21 320
 6  81  52  67   5   0   2 0.02  0.0    0  5.2 16 280   M    M   2        20 270
 7  86  53  70   8   0   5 0.00  0.0    0  3.2 16 130   M    M   0 18     23 130
 8  85  64  75  12   0  10 0.00  0.0    0 14.5 20 150   M    M   0        29 150
 9  87  67  77  14   0  12    T  0.0    0 11.5 23 240   M    M   2 3      32 230
10  79  65  72   9   0   7 0.05  0.0    0 11.0 25 250   M    M   2 3      36 250
11  87  63  75  12   0  10 0.00  0.0    0 15.3 30 190   M    M   0        42 150
12  84  67  76  12   0  11 0.00  0.0    0 12.8 25 160   M    M   0        34 160
13  88  64  76  12   0  11 0.00  0.0    0  9.9 20 190   M    M   2        26 190
14  88  65  77  13   0  12 0.00  0.0    0 10.1 20 220   M    M   2 3      25 230
15  79  62  71   6   0   6 0.23  0.0    0  4.9 22 280   M    M   3 13     32 290
16  86  60  73   8   0   8 0.29  0.0    0  3.8 17 220   M    M   1 13     22 200
17  81  61  71   6   0   6 0.17  0.0    0  6.3 22  20   M    M   3 13     28  20
18  84  58  71   6   0   6 0.00  0.0    0  4.5 10  90   M    M   1 1      14 100
19  85  63  74   8   0   9 0.32  0.0    0  8.8 30 340   M    M   3 13     38 350
20  82  63  73   7   0   8 0.50  0.0    0  8.3 28 260   M    M   3 13     42 260
21  80  65  73   7   0   8 0.00  0.0    0  5.5 14 280   M    M   6 1      20 270
22  87  62  75   9   0  10 0.01  0.0    0  3.4 13  40   M    M   3 123    15  40
23  86  65  76   9   0  11 0.25  0.0    0  6.3 20 180   M    M   3 13     27 190
24  85  66  76   9   0  11 0.00  0.0    0  6.6 15 150   M    M   2 3      19 160
25  87  67  77  10   0  12    T  0.0    0  8.5 17 210   M    M   3 3      23 210
================================================================================
SM 2071 1538         5 192  2.79     0.0 218.5          M       63
================================================================================
AV 82.8 61.5                               8.7 FASTST   M    M   3    MAX(MPH)
                                 MISC ---->  # 43 190               # 60  180
================================================================================
NOTES:
# LAST OF SEVERAL OCCURRENCES

COLUMN 17 PEAK WIND IN M.P.H.

PRELIMINARY LOCAL CLIMATOLOGICAL DATA (WS FORM: F-6) , PAGE 2

                                          STATION:  SPRINGFIELD MO
                                          MONTH:    MAY
                                          YEAR:     2018
                                          LATITUDE:   37 13 N
                                          LONGITUDE:  93 23 W

[TEMPERATURE DATA]      [PRECIPITATION DATA]       SYMBOLS USED IN COLUMN 16

AVERAGE MONTHLY: 72.2   TOTAL FOR MONTH:   2.79    1 = FOG OR MIST
DPTR FM NORMAL:   8.3   DPTR FM NORMAL:   -1.41    2 = FOG REDUCING VISIBILITY
HIGHEST:    88 ON 14,13 GRTST 24HR  0.95 ON  3- 3      TO 1/4 MILE OR LESS
LOWEST:     48 ON  5                               3 = THUNDER
                        SNOW, ICE PELLETS, HAIL    4 = ICE PELLETS
                        TOTAL MONTH:   0.0 INCH    5 = HAIL
                        GRTST 24HR     0.0         6 = FREEZING RAIN OR DRIZZLE
                        GRTST DEPTH:   0           7 = DUSTSTORM OR SANDSTORM:
                                                       VSBY 1/2 MILE OR LESS
                                                   8 = SMOKE OR HAZE
[NO. OF DAYS WITH]      [WEATHER - DAYS WITH]      9 = BLOWING SNOW
                                                   X = TORNADO
MAX 32 OR BELOW:   0    0.01 INCH OR MORE:  10
MAX 90 OR ABOVE:   0    0.10 INCH OR MORE:   7
MIN 32 OR BELOW:   0    0.50 INCH OR MORE:   2
MIN  0 OR BELOW:   0    1.00 INCH OR MORE:   0

[HDD (BASE 65) ]
TOTAL THIS MO.     5    CLEAR  (SCALE 0-3)  19
DPTR FM NORMAL   -82    PTCLDY (SCALE 4-7)   6
TOTAL FM JUL 1  4257    CLOUDY (SCALE 8-10)  0
DPTR FM NORMAL  -304

[CDD (BASE 65) ]
TOTAL THIS MO.   192
DPTR FM NORMAL   131    [PRESSURE DATA]
TOTAL FM JAN 1   205    HIGHEST SLP M ON M
DPTR FM NORMAL   119    LOWEST  SLP 29.73 ON  3

[REMARKS]
