000
CXUS53 KMPX 180910
CF6STC
PRELIMINARY LOCAL CLIMATOLOGICAL DATA (WS FORM: F-6)
STATION: ST CLOUD MN
MONTH: APRIL
YEAR: 2024
LATITUDE: 45 32 N
LONGITUDE: 94 4 W
TEMPERATURE IN F: :PCPN: SNOW: WIND :SUNSHINE: SKY :PK WND
================================================================================
1 2 3 4 5 6A 6B 7 8 9 10 11 12 13 14 15 16 17 18
12Z AVG MX 2MIN
DY MAX MIN AVG DEP HDD CDD WTR SNW DPTH SPD SPD DIR MIN PSBL S-S WX SPD DR
================================================================================
1 42 28 35 -2 30 0 0.00 0.0 3 4.7 12 40 M M 8 17 80
2 47 34 41 4 24 0 T 0.0 1 5.8 17 10 M M 9 25 20
3 52 34 43 5 22 0 0.00 0.0 0 14.7 26 340 M M 3 43 350
4 54 29 42 4 23 0 0.00 0.0 0 7.5 15 30 M M 0 25 360
5 60 26 43 4 22 0 0.00 0.0 0 3.5 13 140 M M 0 17 150
6 60 33 47 8 18 0 0.00 0.0 0 12.5 28 150 M M 0 36 150
7 48 37 43 3 22 0 0.76 T 0 12.0 20 90 M M 8 1 31 80
8 47 41 44 4 21 0 0.23 0.0 0 6.8 15 250 M M 10 1 20 230
9 63 40 52 12 13 0 0.04 0.0 0 7.4 22 250 M M 5 29 220
10 71 35 53 12 12 0 0.05 0.0 0 8.0 32 250 M M 4 1 40 240
11 60 39 50 9 15 0 T 0.0 0 10.6 23 310 M M 6 34 330
12 62 37 50 8 15 0 0.00 0.0 0 9.9 22 300 M M 0 38 310
13 85 33 59 17 6 0 0.00 0.0 0 9.2 26 190 M M 0 35 180
14 71 41 56 13 9 0 0.00 0.0 0 7.5 21 310 M M 0 30 10
15 67 43 55 12 10 0 T 0.0 0 6.8 13 90 M M 3 20 80
16 55 44 50 6 15 0 1.71 0.0 0 13.2 24 70 M M 7 13 40 60
17 55 41 48 4 17 0 0.27 0.0 0 12.1 24 290 M M 8 1 35 290
================================================================================
SM 999 615 294 0 3.06 T 152.2 M 71
================================================================================
AV 58.8 36.2 9.0 FASTST M M 4 MAX(MPH)
MISC ----> 32 250 43 350
================================================================================
NOTES:
# LAST OF SEVERAL OCCURRENCES
COLUMN 17 PEAK WIND IN M.P.H.
PRELIMINARY LOCAL CLIMATOLOGICAL DATA (WS FORM: F-6) , PAGE 2
STATION: ST CLOUD MN
MONTH: APRIL
YEAR: 2024
LATITUDE: 45 32 N
LONGITUDE: 94 4 W
[TEMPERATURE DATA] [PRECIPITATION DATA] SYMBOLS USED IN COLUMN 16
AVERAGE MONTHLY: 47.5 TOTAL FOR MONTH: 3.06 1 = FOG OR MIST
DPTR FM NORMAL: 7.0 DPTR FM NORMAL: 1.71 2 = FOG REDUCING VISIBILITY
HIGHEST: 85 ON 13 GRTST 24HR 1.98 ON 16-17 TO 1/4 MILE OR LESS
LOWEST: 26 ON 5 3 = THUNDER
SNOW, ICE PELLETS, HAIL 4 = ICE PELLETS
TOTAL MONTH: T 5 = HAIL
GRTST 24HR T ON 7- 7 6 = FREEZING RAIN OR DRIZZLE
GRTST DEPTH: 5 ON M 7 = DUSTSTORM OR SANDSTORM:
VSBY 1/2 MILE OR LESS
8 = SMOKE OR HAZE
[NO. OF DAYS WITH] [WEATHER - DAYS WITH] 9 = BLOWING SNOW
X = TORNADO
MAX 32 OR BELOW: 0 0.01 INCH OR MORE: 6
MAX 90 OR ABOVE: 0 0.10 INCH OR MORE: 4
MIN 32 OR BELOW: 3 0.50 INCH OR MORE: 2
MIN 0 OR BELOW: 0 1.00 INCH OR MORE: 1
[HDD (BASE 65) ]
TOTAL THIS MO. 294 CLEAR (SCALE 0-3) 8
DPTR FM NORMAL -124 PTCLDY (SCALE 4-7) 6
TOTAL FM JUL 1 6142 CLOUDY (SCALE 8-10) 3
DPTR FM NORMAL -1751
[CDD (BASE 65) ]
TOTAL THIS MO. 0
DPTR FM NORMAL 0 [PRESSURE DATA]
TOTAL FM JAN 1 0 HIGHEST SLP M ON M
DPTR FM NORMAL 0 LOWEST SLP 29.48 ON 17
[REMARKS]