000
CXUS54 KFWD 220730
CF6TKI
PRELIMINARY LOCAL CLIMATOLOGICAL DATA (WS FORM: F-6)

                                          STATION:   MCKINNEY
                                          MONTH:     MAY
                                          YEAR:      2018
                                          LATITUDE:   33 10 N
                                          LONGITUDE:  96 35 W

  TEMPERATURE IN F:       :PCPN:    SNOW:  WIND      :SUNSHINE: SKY     :PK WND
================================================================================
1   2   3   4   5  6A  6B    7    8   9   10  11  12  13   14  15   16   17  18
                                     12Z  AVG MX 2MIN
DY MAX MIN AVG DEP HDD CDD  WTR  SNW DPTH SPD SPD DIR MIN PSBL S-S WX    SPD DR
================================================================================

 1  78  67  73   5   0   8 0.00  0.0    0 16.2 26 160   M    M  10 1      34 160
 2  84  71  78  10   0  13    T  0.0    0 15.7 28 160   M    M   9        37 170
 3  76  66  71   3   0   6 0.39  0.0    0 11.7 24 170   M    M   8 13     31 150
 4  72  60  66  -3   0   1 1.07  0.0    0  5.3 18 140   M    M   5 13     24 140
 5  81  56  69   0   0   4 0.00  0.0    0  5.9 18  10   M    M   1 12     22  20
 6  86  53  70   1   0   5 0.00  0.0    0  2.9 10 150   M    M   0 1      19 220
 7  91  57  74   4   0   9 0.00  0.0    0  6.0 16 150   M    M   0        19 150
 8  89  61  75   5   0  10 0.00  0.0    0 11.4 24 180   M    M   0        29 190
 9  87  63  75   5   0  10 0.00  0.0    0 11.8 23 170   M    M   0        30 170
10  84  62  73   2   0   8 0.00  0.0    0 13.6 24 150   M    M   0        30 150
11  87  68  78   7   0  13 0.00  0.0    0 17.5 28 180   M    M   3        35 180
12  89  72  81  10   0  16 0.00  0.0    0 14.0 25 180   M    M   4        32 190
13  88  71  80   8   0  15 0.00  0.0    0 11.5 23 150   M    M   2        28 150
14  89  72  81   9   0  16 0.00  0.0    0 11.9 22 190   M    M   3        26 190
15  87  67  77   5   0  12 0.04  0.0    0  6.9 20  30   M    M   3 13     23  20
16  90  64  77   5   0  12 0.00  0.0    0  5.4 17 290   M    M   0        22 300
17  90  62  76   3   0  11 0.00  0.0    0  4.6 10 150   M    M   0        14  80
18  92  68  80   7   0  15 0.28  0.0    0 10.7 39 300   M    M   1 13     50 300
19  90  72  81   8   0  16 0.00  0.0    0 13.2 25 160   M    M   1        32 150
20  81  67  74   0   0   9 0.29  0.0    0  7.4 17 170   M    M   2 13     23 260
21  87  64  76   2   0  11 0.00  0.0    0  3.1 10 170   M    M   2 1      12 160
================================================================================
SM 1798 1363         0 220  2.07     0.0 206.7          M       54
================================================================================
AV 85.6 64.9                               9.8 FASTST   M    M   3    MAX(MPH)
                                 MISC ---->  # 39 300               # 50  300
================================================================================
NOTES:
# LAST OF SEVERAL OCCURRENCES

COLUMN 17 PEAK WIND IN M.P.H.

PRELIMINARY LOCAL CLIMATOLOGICAL DATA (WS FORM: F-6) , PAGE 2

                                          STATION:  MCKINNEY
                                          MONTH:    MAY
                                          YEAR:     2018
                                          LATITUDE:   33 10 N
                                          LONGITUDE:  96 35 W

[TEMPERATURE DATA]      [PRECIPITATION DATA]       SYMBOLS USED IN COLUMN 16

AVERAGE MONTHLY: 75.3   TOTAL FOR MONTH:   2.07    1 = FOG OR MIST
DPTR FM NORMAL:   4.4   DPTR FM NORMAL:   -1.59    2 = FOG REDUCING VISIBILITY
HIGHEST:    92 ON 18    GRTST 24HR  1.07 ON  4- 4      TO 1/4 MILE OR LESS
LOWEST:     53 ON  6                               3 = THUNDER
                        SNOW, ICE PELLETS, HAIL    4 = ICE PELLETS
                        TOTAL MONTH:   0.0 INCH    5 = HAIL
                        GRTST 24HR     0.0         6 = FREEZING RAIN OR DRIZZLE
                        GRTST DEPTH:   0           7 = DUSTSTORM OR SANDSTORM:
                                                       VSBY 1/2 MILE OR LESS
                                                   8 = SMOKE OR HAZE
[NO. OF DAYS WITH]      [WEATHER - DAYS WITH]      9 = BLOWING SNOW
                                                   X = TORNADO
MAX 32 OR BELOW:   0    0.01 INCH OR MORE:   5
MAX 90 OR ABOVE:   5    0.10 INCH OR MORE:   4
MIN 32 OR BELOW:   0    0.50 INCH OR MORE:   1
MIN  0 OR BELOW:   0    1.00 INCH OR MORE:   1

[HDD (BASE 65) ]
TOTAL THIS MO.     0    CLEAR  (SCALE 0-3)  14
DPTR FM NORMAL    -9    PTCLDY (SCALE 4-7)   5
TOTAL FM JUL 1  2535    CLOUDY (SCALE 8-10)  2
DPTR FM NORMAL  -103

[CDD (BASE 65) ]
TOTAL THIS MO.   220
DPTR FM NORMAL    86    [PRESSURE DATA]
TOTAL FM JAN 1   291    HIGHEST SLP M ON M
DPTR FM NORMAL    70    LOWEST  SLP 29.65 ON 18

[REMARKS]
