000
CXUS54 KTSA 240840
CF6TUL
PRELIMINARY LOCAL CLIMATOLOGICAL DATA (WS FORM: F-6)

                                          STATION:   TULSA OKLAHOMA
                                          MONTH:     APRIL
                                          YEAR:      2018
                                          LATITUDE:   36 12 N
                                          LONGITUDE:  95 54 W

  TEMPERATURE IN F:       :PCPN:    SNOW:  WIND      :SUNSHINE: SKY     :PK WND
================================================================================
1   2   3   4   5  6A  6B    7    8   9   10  11  12  13   14  15   16   17  18
                                     12Z  AVG MX 2MIN
DY MAX MIN AVG DEP HDD CDD  WTR  SNW DPTH SPD SPD DIR MIN PSBL S-S WX    SPD DR
================================================================================

 1  46  31  39 -17  26   0 0.03  0.0    0 12.9 21 360   M    M  10 16     27  40
 2  60  32  46 -10  19   0 0.03  0.0    0  8.7 18 180   M    M  10 1      24 180
 3  72  38  55  -2  10   0 0.00  0.0    0 19.9 37 330   M    M   6        43 330
 4  54  29  42 -15  23   0 0.00  0.0    0  7.1 15 350   M    M   4        19 350
 5  64  39  52  -5  13   0 0.00  0.0    0 10.8 23 180   M    M   8        28 180
 6  56  32  44 -14  21   0 0.09    T    0 12.9 30  10   M    M  10        38  10
 7  48  25  37 -21  28   0 0.01  0.1    0 11.5 23  10   M    M   6 1      30  10
 8  51  30  41 -17  24   0 0.00  0.0    0  7.8 21 180   M    M   6        27 140
 9  64  36  50  -9  15   0    T  0.0    0  5.7 20 340   M    M   6 18     23 350
10  67  32  50  -9  15   0 0.00  0.0    0  6.9 17 170   M    M   2 18     22 170
11  82  56  69  10   0   4 0.00  0.0    0 18.3 33 180   M    M   8        43 180
12  83  62  73  13   0   8 0.00  0.0    0 21.9 36 170   M    M   4        46 180
13  80  53  67   7   0   2    T  0.0    0 21.6 35 180   M    M   7 3      47 190
14  53  37  45 -15  20   0 0.00  0.0    0 20.7 30 280   M    M   9        40 290
15  54  31  43 -17  22   0 0.00  0.0    0 17.7 29 320   M    M   4        38 320
16  63  27  45 -16  20   0 0.00  0.0    0  6.4 14 120   M    M   3        18 140
17  86  46  66   5   0   1 0.00  0.0    0 16.9 29 180   M    M   7        37 180
18  74  42  58  -3   7   0 0.00  0.0    0 16.6 29 320   M    M   1 78     39 280
19  62  36  49 -13  16   0 0.00  0.0    0  9.1 18  20   M    M   3        26  20
20  68  37  53  -9  12   0 0.00  0.0    0  9.3 21 130   M    M   7        27 140
21  57  48  53  -9  12   0 1.13  0.0    0  8.5 14 340   M    M  10 138    18 340
22  55  48  52 -11  13   0 0.07  0.0    0 11.8 21 340   M    M  10 1      24 340
23  75  50  63   0   2   0 0.00  0.0    0  9.5 17 360   M    M   4        23 350
================================================================================
SM 1474  897       318  15  1.36     0.1 292.5          M      145
================================================================================
AV 64.1 39.0                              12.7 FASTST   M    M   6    MAX(MPH)
                                 MISC ---->  # 37 330               # 47  190
================================================================================
NOTES:
# LAST OF SEVERAL OCCURRENCES

COLUMN 17 PEAK WIND IN M.P.H.

PRELIMINARY LOCAL CLIMATOLOGICAL DATA (WS FORM: F-6) , PAGE 2

                                          STATION:  TULSA OKLAHOMA
                                          MONTH:    APRIL
                                          YEAR:     2018
                                          LATITUDE:   36 12 N
                                          LONGITUDE:  95 54 W

[TEMPERATURE DATA]      [PRECIPITATION DATA]       SYMBOLS USED IN COLUMN 16

AVERAGE MONTHLY: 51.5   TOTAL FOR MONTH:   1.36    1 = FOG OR MIST
DPTR FM NORMAL:  -8.0   DPTR FM NORMAL:   -1.34    2 = FOG REDUCING VISIBILITY
HIGHEST:    86 ON 17    GRTST 24HR  1.13 ON 21-21      TO 1/4 MILE OR LESS
LOWEST:     25 ON  7                               3 = THUNDER
                        SNOW, ICE PELLETS, HAIL    4 = ICE PELLETS
                        TOTAL MONTH:   0.1 INCH    5 = HAIL
                        GRTST 24HR   0.1 ON  7- 7  6 = FREEZING RAIN OR DRIZZLE
                        GRTST DEPTH:   0           7 = DUSTSTORM OR SANDSTORM:
                                                       VSBY 1/2 MILE OR LESS
                                                   8 = SMOKE OR HAZE
[NO. OF DAYS WITH]      [WEATHER - DAYS WITH]      9 = BLOWING SNOW
                                                   X = TORNADO
MAX 32 OR BELOW:   0    0.01 INCH OR MORE:   6
MAX 90 OR ABOVE:   0    0.10 INCH OR MORE:   1
MIN 32 OR BELOW:   9    0.50 INCH OR MORE:   1
MIN  0 OR BELOW:   0    1.00 INCH OR MORE:   1

[HDD (BASE 65) ]
TOTAL THIS MO.   318    CLEAR  (SCALE 0-3)   4
DPTR FM NORMAL   156    PTCLDY (SCALE 4-7)  11
TOTAL FM JUL 1  3395    CLOUDY (SCALE 8-10)  8
DPTR FM NORMAL  -116

[CDD (BASE 65) ]
TOTAL THIS MO.    15
DPTR FM NORMAL   -20    [PRESSURE DATA]
TOTAL FM JAN 1    23    HIGHEST SLP M ON M
DPTR FM NORMAL   -24    LOWEST  SLP 29.39 ON 13

[REMARKS]
