000
CXUS54 KMEG 220649
CF6TUP
PRELIMINARY LOCAL CLIMATOLOGICAL DATA (WS FORM: F-6)

                                          STATION:   TUPELO
                                          MONTH:     MAY
                                          YEAR:      2018
                                          LATITUDE:   34 16 N
                                          LONGITUDE:  88 46 W

  TEMPERATURE IN F:       :PCPN:    SNOW:  WIND      :SUNSHINE: SKY     :PK WND
================================================================================
1   2   3   4   5  6A  6B    7    8   9   10  11  12  13   14  15   16   17  18
                                     12Z  AVG MX 2MIN
DY MAX MIN AVG DEP HDD CDD  WTR  SNW DPTH SPD SPD DIR MIN PSBL S-S WX    SPD DR
================================================================================

 1  84  47  66  -1   0   1 0.00  0.0    0  7.1 21 150   M    M   1        30 150
 2  86  62  74   7   0   9 0.00  0.0    0  8.9 18 140   M    M   1        27 150
 3  86  62  74   7   0   9 0.00  0.0    0  8.5 18 160   M    M   0        23 150
 4  81  67  74   7   0   9 0.00  0.0    0  4.8 14 180   M    M   3        18 170
 5  74  56  65  -3   0   0 2.11  0.0    0  3.4 26 330   M    M   7 13     31 330
 6  84  53  69   1   0   4 0.00  0.0    0  1.6 10 320   M    M   2 12     13 330
 7  86  58  72   4   0   7 0.01  0.0    0  2.7 12 330   M    M   1        15  10
 8  88  57  73   5   0   8 0.00  0.0    0  2.8  8 160   M    M   0        10 210
 9  89  63  76   7   0  11 0.00  0.0    0  5.7 16 190   M    M   1        24 180
10  89  63  76   7   0  11 0.00  0.0    0  4.1 15 210   M    M   0        20 230
11  89  62  76   7   0  11 0.00  0.0    0  6.4 20 150   M    M   0 1      24 150
12  89  63  76   6   0  11 0.00  0.0    0  3.6 10 230   M    M   0        17 210
13  91  64  78   8   0  13 0.00  0.0    0  2.2 13 170   M    M   0        18 160
14  93  66  80  10   0  15 0.00  0.0    0  2.6 10 310   M    M   1 1      15 310
15  94  68  81  11   0  16 0.14  0.0    0  3.5 20  40   M    M   1 13     24  40
16  88  67  78   7   0  13 0.61  0.0    0  5.0 41 320   M    M   3 138    53 320
17  82  68  75   4   0  10    T  0.0    0  4.3 10 340   M    M   4 1238   12 340
18  84  68  76   5   0  11 0.00  0.0    0  2.7 13 170   M    M   6 18     16 220
19  89  67  78   6   0  13    T  0.0    0  4.8 14 340   M    M   1 3      18 100
20  89  66  78   6   0  13 0.60  0.0    0  4.2 22  20   M    M   1 3      30  10
21  86  69  78   6   0  13 0.11  0.0    0  6.5 17 100   M    M   5 3      22 110
================================================================================
SM 1821 1316         0 208  3.58     0.0  95.4          M       38
================================================================================
AV 86.7 62.7                               4.5 FASTST   M    M   2    MAX(MPH)
                                 MISC ---->  # 41 320               # 53  320
================================================================================
NOTES:
# LAST OF SEVERAL OCCURRENCES

COLUMN 17 PEAK WIND IN M.P.H.

PRELIMINARY LOCAL CLIMATOLOGICAL DATA (WS FORM: F-6) , PAGE 2

                                          STATION:  TUPELO
                                          MONTH:    MAY
                                          YEAR:     2018
                                          LATITUDE:   34 16 N
                                          LONGITUDE:  88 46 W

[TEMPERATURE DATA]      [PRECIPITATION DATA]       SYMBOLS USED IN COLUMN 16

AVERAGE MONTHLY: 74.7   TOTAL FOR MONTH:   3.58    1 = FOG OR MIST
DPTR FM NORMAL:   5.4   DPTR FM NORMAL:   -0.33    2 = FOG REDUCING VISIBILITY
HIGHEST:    94 ON 15    GRTST 24HR  2.11 ON  5- 5      TO 1/4 MILE OR LESS
LOWEST:     47 ON  1                               3 = THUNDER
                        SNOW, ICE PELLETS, HAIL    4 = ICE PELLETS
                        TOTAL MONTH:   0.0 INCH    5 = HAIL
                        GRTST 24HR     0.0         6 = FREEZING RAIN OR DRIZZLE
                        GRTST DEPTH:   0           7 = DUSTSTORM OR SANDSTORM:
                                                       VSBY 1/2 MILE OR LESS
                                                   8 = SMOKE OR HAZE
[NO. OF DAYS WITH]      [WEATHER - DAYS WITH]      9 = BLOWING SNOW
                                                   X = TORNADO
MAX 32 OR BELOW:   0    0.01 INCH OR MORE:   6
MAX 90 OR ABOVE:   3    0.10 INCH OR MORE:   5
MIN 32 OR BELOW:   0    0.50 INCH OR MORE:   3
MIN  0 OR BELOW:   0    1.00 INCH OR MORE:   1

[HDD (BASE 65) ]
TOTAL THIS MO.     0    CLEAR  (SCALE 0-3)  15
DPTR FM NORMAL   -23    PTCLDY (SCALE 4-7)   6
TOTAL FM JUL 1  2891    CLOUDY (SCALE 8-10)  0
DPTR FM NORMAL   -64

[CDD (BASE 65) ]
TOTAL THIS MO.   208
DPTR FM NORMAL    95    [PRESSURE DATA]
TOTAL FM JAN 1   248    HIGHEST SLP M ON M
DPTR FM NORMAL    59    LOWEST  SLP 29.79 ON 18

[REMARKS]
