188
CXUS51 KAKQ 201010
CF6WAL
PRELIMINARY LOCAL CLIMATOLOGICAL DATA (WS FORM: F-6)

                                          STATION:   WALLOPS ISLAND VA
                                          MONTH:     APRIL
                                          YEAR:      2018
                                          LATITUDE:   37 55 N
                                          LONGITUDE:  75 28 W

  TEMPERATURE IN F:       :PCPN:    SNOW:  WIND      :SUNSHINE: SKY     :PK WND
================================================================================
1   2   3   4   5  6A  6B    7    8   9   10  11  12  13   14  15   16   17  18
                                     12Z  AVG MX 2MIN
DY MAX MIN AVG DEP HDD CDD  WTR  SNW DPTH SPD SPD DIR MIN PSBL S-S WX    SPD DR
================================================================================

 1  67  45  56   6   9   0 0.00  0.0    0  8.8 18 250   M    M   1        26 250
 2  55  43  49  -1  16   0 0.02  0.0    0 10.5 20  60   M    M   8        28 220
 3  62  43  53   3  12   0    T  0.0    0  8.3 21 200   M    M   7 1      25 190
 4  68  45  57   7   8   0 0.03  0.0    0 17.7 26 310   M    M   6 12     40 310
 5  53  37  45  -6  20   0 0.00  0.0    0 10.4 24 310   M    M   1        33 320
 6  64  43  54   3  11   0 0.00  0.0    0 16.5 28 190   M    M   3        35 190
 7  65  36  51   0  14   0 0.26    T    0  9.7 21 240   M    M   9 1      31 230
 8  50  37  44  -8  21   0 0.00  0.0    0  9.5 21 320   M    M   2        29 280
 9  47  38  43  -9  22   0 0.00  0.0    0  7.9 15  90   M    M   7        19 110
10  56  36  46  -6  19   0 0.02  0.0    0  6.4 18 310   M    M   5 1      24 300
11  57  31  44  -9  21   0 0.00  0.0    0  7.6 17 160   M    M   1 1      23 160
12  70  44  57   4   8   0 0.00  0.0    0 15.4 31 190   M    M   1        39 190
13  78  56  67  14   0   2 0.00  0.0    0 16.0 26 190   M    M   1        34 200
14  75  57  66  12   0   1 0.00  0.0    0 14.5 23 180   M    M   0        31 190
15  66  53  60   6   5   0 0.61  0.0    0 13.0 26  40   M    M   7 1      33  40
16  65  48  57   3   8   0 0.89  0.0    0 14.6 30 180   M    M   9 1      41 180
17  51  41  46  -8  19   0 0.02    M    0  9.5 21 290   M    M   8        27 260
18  56  36  46  -9  19   0 0.00  0.0    0  8.4 17 170   M    M   0        22 190
19  67  42  55   0  10   0    T  0.0    0 10.8 36 310   M    M   4        50 310
================================================================================
SM 1172  811       242   3  1.85    T    215.5          M       80
================================================================================
AV 61.7 42.7                              11.3 FASTST   M    M   4    MAX(MPH)
                                 MISC ---->  # 36 310               # 50  310
================================================================================
NOTES:
# LAST OF SEVERAL OCCURRENCES

COLUMN 17 PEAK WIND IN M.P.H.

PRELIMINARY LOCAL CLIMATOLOGICAL DATA (WS FORM: F-6) , PAGE 2

                                          STATION:  WALLOPS ISLAND VA
                                          MONTH:    APRIL
                                          YEAR:     2018
                                          LATITUDE:   37 55 N
                                          LONGITUDE:  75 28 W

[TEMPERATURE DATA]      [PRECIPITATION DATA]       SYMBOLS USED IN COLUMN 16

AVERAGE MONTHLY: 52.2   TOTAL FOR MONTH:   1.85    1 = FOG OR MIST
DPTR FM NORMAL:  -0.1   DPTR FM NORMAL:   -0.22    2 = FOG REDUCING VISIBILITY
HIGHEST:    78 ON 13    GRTST 24HR  0.89 ON 16-16      TO 1/4 MILE OR LESS
LOWEST:     31 ON 11                               3 = THUNDER
                        SNOW, ICE PELLETS, HAIL    4 = ICE PELLETS
                        TOTAL MONTH:    T          5 = HAIL
                        GRTST 24HR    T  ON  7- 7  6 = FREEZING RAIN OR DRIZZLE
                        GRTST DEPTH:   0           7 = DUSTSTORM OR SANDSTORM:
                                                       VSBY 1/2 MILE OR LESS
                                                   8 = SMOKE OR HAZE
[NO. OF DAYS WITH]      [WEATHER - DAYS WITH]      9 = BLOWING SNOW
                                                   X = TORNADO
MAX 32 OR BELOW:   0    0.01 INCH OR MORE:   7
MAX 90 OR ABOVE:   0    0.10 INCH OR MORE:   3
MIN 32 OR BELOW:   1    0.50 INCH OR MORE:   2
MIN  0 OR BELOW:   0    1.00 INCH OR MORE:   0

[HDD (BASE 65) ]
TOTAL THIS MO.   242    CLEAR  (SCALE 0-3)   9
DPTR FM NORMAL    -4    PTCLDY (SCALE 4-7)   7
TOTAL FM JUL 1  3740    CLOUDY (SCALE 8-10)  3
DPTR FM NORMAL  -205

[CDD (BASE 65) ]
TOTAL THIS MO.     3
DPTR FM NORMAL     3    [PRESSURE DATA]
TOTAL FM JAN 1     4    HIGHEST SLP M ON M
DPTR FM NORMAL     3    LOWEST  SLP 29.50 ON 16

[REMARKS]
