000
CXUS55 KRIW 270902
CF6WRL
PRELIMINARY LOCAL CLIMATOLOGICAL DATA (WS FORM: F-6)

                                          STATION:   WORLAND WY
                                          MONTH:     APRIL
                                          YEAR:      2018
                                          LATITUDE:   43 58 N
                                          LONGITUDE: 107 57 W

  TEMPERATURE IN F:       :PCPN:    SNOW:  WIND      :SUNSHINE: SKY     :PK WND
================================================================================
1   2   3   4   5  6A  6B    7    8   9   10  11  12  13   14  15   16   17  18
                                     12Z  AVG MX 2MIN
DY MAX MIN AVG DEP HDD CDD  WTR  SNW DPTH SPD SPD DIR MIN PSBL S-S WX    SPD DR
================================================================================

 1  57  18  38  -4  27   0 0.00  0.0    M  4.0 13 130   M    M   2        23 130
 2  40  17  29 -13  36   0    T    M    M 11.4 31 330   M    M   7 1      39 330
 3  42   5  24 -18  41   0 0.00  0.0    M  5.5 15 310   M    M   0        19 310
 4  56  21  39  -3  26   0 0.00    M    M  4.3 13 360   M    M   1        15  10
 5  47  23  35  -8  30   0    T    M    M 10.1 17 340   M    M   6 1      21 350
 6  32  18  25 -18  40   0 0.10    M    M  6.5 16 350   M    M   7 128    19 360
 7  56  18  37  -6  28   0    T    M    M  5.7 30 330   M    M   3        42 360
 8  55  25  40  -3  25   0 0.14    M    M  7.9 25 330   M    M   4 13     33 320
 9  56  28  42  -2  23   0 0.00    M    M  5.5 12 170   M    M   3        15 270
10  62  25  44   0  21   0 0.00    M    M  3.9  9 190   M    M   0         M  M
11  68  36  52   8  13   0 0.00    M    M  6.3 33 330   M    M   1        41 300
12  59  36  48   4  17   0    T    M    M 10.8 26 350   M    M   8        35 360
13  49  25  37  -8  28   0 0.00  0.0    M 17.6 35 340   M    M   2        45 340
14  58  22  40  -5  25   0 0.00  0.0    M  3.1 12 170   M    M   0        15 310
15  66  27  47   2  18   0 0.00  0.0    M  7.7 18 210   M    M   1        23 200
16  79  31  55   9  10   0 0.00  0.0    M 13.6 41 200   M    M   0        50 210
17  46  28  37  -9  28   0 0.18    M    M 11.7 29 330   M    M   7 12     39 340
18  54  23  39  -7  26   0 0.00  0.0    M  5.8 13 130   M    M   0        16 110
19  60  30  45  -1  20   0 0.00    M    M  5.2 14  10   M    M   0        18  20
20  66  38  52   5  13   0 0.00    M    M  8.3 17 150   M    M   1        21 150
21  70  34  52   5  13   0 0.00    M    M  4.6 12 150   M    M   0        16 320
22  74  34  54   6  11   0 0.00    M    M  4.8 13 340   M    M   0        15 340
23  52  34  43  -5  22   0 0.13    M    M 14.2 29 320   M    M   5 1      36 320
24  52  28  40  -8  25   0 0.00    M    M  4.1 14 320   M    M   4        19 320
25  68  23  46  -2  19   0    T    M    M  8.1 37 340   M    M   1        47 340
26  65  30  48  -1  17   0 0.00    M    M  4.5 14 330   M    M   0        17  40
================================================================================
SM 1489  677       602   0  0.55     0.0 195.2          M       63
================================================================================
AV 57.3 26.0                               7.5 FASTST   M    M   2    MAX(MPH)
                                 MISC ---->  # 41 200               # 50  210
================================================================================
NOTES:
# LAST OF SEVERAL OCCURRENCES

COLUMN 17 PEAK WIND IN M.P.H.

PRELIMINARY LOCAL CLIMATOLOGICAL DATA (WS FORM: F-6) , PAGE 2

                                          STATION:  WORLAND WY
                                          MONTH:    APRIL
                                          YEAR:     2018
                                          LATITUDE:   43 58 N
                                          LONGITUDE: 107 57 W

[TEMPERATURE DATA]      [PRECIPITATION DATA]       SYMBOLS USED IN COLUMN 16

AVERAGE MONTHLY: 41.7   TOTAL FOR MONTH:   0.55    1 = FOG OR MIST
DPTR FM NORMAL:  -3.3   DPTR FM NORMAL:   -0.14    2 = FOG REDUCING VISIBILITY
HIGHEST:    79 ON 16    GRTST 24HR  0.18 ON 17-17      TO 1/4 MILE OR LESS
LOWEST:      5 ON  3                               3 = THUNDER
                        SNOW, ICE PELLETS, HAIL    4 = ICE PELLETS
                        TOTAL MONTH:   0.0 INCH    5 = HAIL
                        GRTST 24HR     0.0         6 = FREEZING RAIN OR DRIZZLE
                        GRTST DEPTH:  M  ON   M    7 = DUSTSTORM OR SANDSTORM:
                                                       VSBY 1/2 MILE OR LESS
                                                   8 = SMOKE OR HAZE
[NO. OF DAYS WITH]      [WEATHER - DAYS WITH]      9 = BLOWING SNOW
                                                   X = TORNADO
MAX 32 OR BELOW:   1    0.01 INCH OR MORE:   4
MAX 90 OR ABOVE:   0    0.10 INCH OR MORE:   4
MIN 32 OR BELOW:  20    0.50 INCH OR MORE:   0
MIN  0 OR BELOW:   0    1.00 INCH OR MORE:   0

[HDD (BASE 65) ]
TOTAL THIS MO.   602    CLEAR  (SCALE 0-3)  18
DPTR FM NORMAL    83    PTCLDY (SCALE 4-7)   8
TOTAL FM JUL 1  7855    CLOUDY (SCALE 8-10)  0
DPTR FM NORMAL   450

[CDD (BASE 65) ]
TOTAL THIS MO.     0
DPTR FM NORMAL     0    [PRESSURE DATA]
TOTAL FM JAN 1     0    HIGHEST SLP M ON M
DPTR FM NORMAL     0    LOWEST  SLP 29.41 ON  2

[REMARKS]
